{"id":131,"date":"2022-06-06T09:28:11","date_gmt":"2022-06-06T07:28:11","guid":{"rendered":"https:\/\/site.educa.madrid.org\/ies.becquer.algete\/?page_id=131"},"modified":"2025-07-08T10:46:10","modified_gmt":"2025-07-08T08:46:10","slug":"libros-de-texto","status":"publish","type":"page","link":"https:\/\/site.educa.madrid.org\/ies.becquer.algete\/index.php\/inicio\/ensenanzas\/libros-de-texto\/","title":{"rendered":"Libros de texto"},"content":{"rendered":"\n<h2 class=\"wp-block-heading\">Libros de texto para el curso 2025\/26<\/h2>\n\n\n\n<p>Desde esta p\u00e1gina podr\u00e1s descargar la lista de los libros que necesitar\u00e1s para poder seguir las clases.<\/p>\n\n\n\n<ul class=\"wp-block-list\">\n<li><a href=\"https:\/\/site.educa.madrid.org\/ies.becquer.algete\/\/wp-content\/uploads\/ies.becquer.algete\/2025\/07\/1eso.pdf\" target=\"_blank\" rel=\"noreferrer noopener\">Listado de libros de texto para 1.\u00ba ESO<\/a><\/li>\n\n\n\n<li><a href=\"https:\/\/site.educa.madrid.org\/ies.becquer.algete\/\/wp-content\/uploads\/ies.becquer.algete\/2025\/07\/2eso.pdf\" target=\"_blank\" rel=\"noreferrer noopener\">Listado de libros de texto para 2.\u00ba ESO<\/a><\/li>\n\n\n\n<li><a href=\"https:\/\/site.educa.madrid.org\/ies.becquer.algete\/\/wp-content\/uploads\/ies.becquer.algete\/2025\/07\/3eso.pdf\" target=\"_blank\" rel=\"noreferrer noopener\">Listado de libros de texto para 3.\u00ba ESO<\/a><\/li>\n\n\n\n<li><a href=\"https:\/\/site.educa.madrid.org\/ies.becquer.algete\/\/wp-content\/uploads\/ies.becquer.algete\/2025\/07\/4eso.pdf\" target=\"_blank\" rel=\"noreferrer noopener\">Listado de libros de texto para 4.\u00ba ESO<\/a><\/li>\n\n\n\n<li><a href=\"https:\/\/site.educa.madrid.org\/ies.becquer.algete\/\/wp-content\/uploads\/ies.becquer.algete\/2025\/07\/1bach.pdf\" target=\"_blank\" rel=\"noreferrer noopener\">Listado de libros de texto para 1.\u00ba Bachillerato<\/a><\/li>\n\n\n\n<li><a href=\"https:\/\/site.educa.madrid.org\/ies.becquer.algete\/\/wp-content\/uploads\/ies.becquer.algete\/2025\/07\/2bach.pdf\" target=\"_blank\" rel=\"noreferrer noopener\">Listado de libros de texto para 2.\u00ba Bachillerato<\/a><\/li>\n\n\n\n<li><a href=\"https:\/\/site.educa.madrid.org\/ies.becquer.algete\/\/wp-content\/uploads\/ies.becquer.algete\/2025\/07\/fpbasica1.pdf\" target=\"_blank\" rel=\"noreferrer noopener\">Listado de libros de texto para 1.\u00ba Formaci\u00f3n Profesional B\u00e1sica<\/a><\/li>\n\n\n\n<li><a href=\"https:\/\/site.educa.madrid.org\/ies.becquer.algete\/\/wp-content\/uploads\/ies.becquer.algete\/2025\/07\/fpbasica2.pdf\" target=\"_blank\" rel=\"noreferrer noopener\">Listado de libros de texto para 2.\u00ba Formaci\u00f3n Profesional B\u00e1sica<\/a><\/li>\n<\/ul>\n\n\n<div class=\"wp-block-image\">\n<figure class=\"aligncenter size-large is-resized\"><img loading=\"lazy\" decoding=\"async\" width=\"1280\" height=\"800\" src=\"https:\/\/site.educa.madrid.org\/ies.becquer.algete\/\/wp-content\/uploads\/ies.becquer.algete\/2023\/02\/libros-de-texto-edited.jpg\" alt=\"\" class=\"wp-image-873\" style=\"width:615px;height:384px\" srcset=\"https:\/\/site.educa.madrid.org\/ies.becquer.algete\/\/wp-content\/uploads\/ies.becquer.algete\/2023\/02\/libros-de-texto-edited.jpg 1280w, https:\/\/site.educa.madrid.org\/ies.becquer.algete\/\/wp-content\/uploads\/ies.becquer.algete\/2023\/02\/libros-de-texto-edited-300x188.jpg 300w, https:\/\/site.educa.madrid.org\/ies.becquer.algete\/\/wp-content\/uploads\/ies.becquer.algete\/2023\/02\/libros-de-texto-edited-1024x640.jpg 1024w, https:\/\/site.educa.madrid.org\/ies.becquer.algete\/\/wp-content\/uploads\/ies.becquer.algete\/2023\/02\/libros-de-texto-edited-768x480.jpg 768w\" sizes=\"auto, (max-width: 706px) 89vw, (max-width: 767px) 82vw, 740px\" \/><\/figure>\n<\/div>\n\n\n<h2 class=\"wp-block-heading\"><a href=\"https:\/\/site.educa.madrid.org\/ies.becquer.algete\/\/wp-content\/uploads\/ies.becquer.algete\/2024\/05\/Circular-Informativa-ACCEDE-24.pdf\" target=\"_blank\" rel=\"noreferrer noopener\">Programa Accede<\/a><\/h2>\n\n\n\n<p><em>La LEY 7\/2017, de 27 de junio, de Gratuidad de los Libros de Texto y el Material Curricular de la Comunidad de Madrid \u201c<\/em>tiene por objeto <strong>garantizar la gratuidad de los libros de texto y el material curricular a todos los alumnos que cursen las ense\u00f1anzas de Educaci\u00f3n Primaria, Educaci\u00f3n Secundaria Obligatoria y Formaci\u00f3n Profesional B\u00e1sica<\/strong> en todos los centros docentes sostenidos con fondos p\u00fablicos en la Comunidad de Madrid, incluyendo los alumnos escolarizados en centros sostenidos con fondos p\u00fablicos de educaci\u00f3n especial\u201d.<\/p>\n\n\n\n<p>Las familias que no se han adherido al programa Accede en la etapa de Educaci\u00f3n Primaria, deben <strong>rellenar un impreso que se pondr\u00e1 a disposici\u00f3n de las familias en nuestra p\u00e1gina web y en la Secretar\u00eda del centro. <\/strong>El periodo de solicitudes de participaci\u00f3n en el programa ACCEDE tiene lugar <strong>durante los meses de mayo y septiembre.<\/strong><\/p>\n\n\n\n<p>Hay que recordar que la participaci\u00f3n en el programa <strong>es voluntaria y abarca todo el periodo de escolarizaci\u00f3n en Primaria<\/strong>, aunque se puede renunciar a ella en cualquier momento entregando todo el material de pr\u00e9stamo. La solicitud contiene un compromiso de <strong>cumplimiento obligatorio de una serie de condiciones:<\/strong><\/p>\n\n\n\n<p>&#8211; Es obligatorio<strong> <a href=\"https:\/\/site.educa.madrid.org\/ies.becquer.algete\/\/wp-content\/uploads\/ies.becquer.algete\/2024\/05\/devolucion-libros-ACCEDE-24.pdf\" target=\"_blank\" rel=\"noreferrer noopener\">entregar la totalidad de libros<\/a> <\/strong>de texto prestados del curso anterior.<\/p>\n\n\n\n<p>&#8211; Los libros de texto devueltos deben estar<strong> en perfectas condiciones <\/strong>de uso: sin desperfectos o da\u00f1os que afecten a la legibilidad, conservar \u00edntegra la encuadernaci\u00f3n y sin subrayados ni respuestas o soluciones escritas en las hojas.<\/p>\n\n\n\n<ul class=\"wp-block-list\">\n<li><a href=\"https:\/\/site.educa.madrid.org\/ies.becquer.algete\/\/wp-content\/uploads\/ies.becquer.algete\/2025\/05\/Circular-Informativa-ACCEDE-2025.pdf\" target=\"_blank\" rel=\"noreferrer noopener\">Circular informativa ACCEDE 2025<\/a><\/li>\n\n\n\n<li><a href=\"https:\/\/site.educa.madrid.org\/ies.becquer.algete\/\/wp-content\/uploads\/ies.becquer.algete\/2025\/05\/Calendario-devolucion-libros-ACCEDE-2025.pdf\" target=\"_blank\" rel=\"noreferrer noopener\">Devoluci\u00f3n libros ACCEDE 2025<\/a><\/li>\n<\/ul>\n\n\n<div class=\"wp-block-image\">\n<figure class=\"aligncenter size-large is-resized\"><img loading=\"lazy\" decoding=\"async\" width=\"1024\" height=\"626\" src=\"https:\/\/site.educa.madrid.org\/ies.becquer.algete\/\/wp-content\/uploads\/ies.becquer.algete\/2023\/02\/accede-1024x626.jpg\" alt=\"\" class=\"wp-image-875\" style=\"width:618px;height:378px\" srcset=\"https:\/\/site.educa.madrid.org\/ies.becquer.algete\/\/wp-content\/uploads\/ies.becquer.algete\/2023\/02\/accede-1024x626.jpg 1024w, https:\/\/site.educa.madrid.org\/ies.becquer.algete\/\/wp-content\/uploads\/ies.becquer.algete\/2023\/02\/accede-300x184.jpg 300w, https:\/\/site.educa.madrid.org\/ies.becquer.algete\/\/wp-content\/uploads\/ies.becquer.algete\/2023\/02\/accede-768x470.jpg 768w, https:\/\/site.educa.madrid.org\/ies.becquer.algete\/\/wp-content\/uploads\/ies.becquer.algete\/2023\/02\/accede.jpg 1280w\" sizes=\"auto, (max-width: 706px) 89vw, (max-width: 767px) 82vw, 740px\" \/><\/figure>\n<\/div>\n\n\n<p><\/p>\n","protected":false},"excerpt":{"rendered":"<p>Libros de texto para el curso 2025\/26 Desde esta p\u00e1gina podr\u00e1s descargar la lista de los libros que necesitar\u00e1s para poder seguir las clases. Programa Accede La LEY 7\/2017, de 27 de junio, de Gratuidad de los Libros de Texto y el Material Curricular de la Comunidad de Madrid \u201ctiene por objeto garantizar la gratuidad &hellip; <\/p>\n<p class=\"link-more\"><a href=\"https:\/\/site.educa.madrid.org\/ies.becquer.algete\/index.php\/inicio\/ensenanzas\/libros-de-texto\/\" class=\"more-link\">Continuar leyendo<span class=\"screen-reader-text\"> \u00abLibros de texto\u00bb<\/span><\/a><\/p>\n","protected":false},"author":5,"featured_media":0,"parent":125,"menu_order":8,"comment_status":"closed","ping_status":"closed","template":"page-with-siblings-submenu.php","meta":{"footnotes":""},"folder":[],"class_list":["post-131","page","type-page","status-publish","hentry"],"rttpg_featured_image_url":null,"rttpg_author":{"display_name":"Cuenta Admin-educamadrid","author_link":"https:\/\/site.educa.madrid.org\/ies.becquer.algete\/index.php\/author\/cuenta_admin-educamadrid\/"},"rttpg_comment":0,"rttpg_category":false,"rttpg_excerpt":"Libros de texto para el curso 2025\/26 Desde esta p\u00e1gina podr\u00e1s descargar la lista de los libros que necesitar\u00e1s para poder seguir las clases. Programa Accede La LEY 7\/2017, de 27 de junio, de Gratuidad de los Libros de Texto y el Material Curricular de la Comunidad de Madrid \u201ctiene por objeto garantizar la gratuidad&hellip;","post_mailing_queue_ids":[],"_links":{"self":[{"href":"https:\/\/site.educa.madrid.org\/ies.becquer.algete\/index.php\/wp-json\/wp\/v2\/pages\/131","targetHints":{"allow":["GET"]}}],"collection":[{"href":"https:\/\/site.educa.madrid.org\/ies.becquer.algete\/index.php\/wp-json\/wp\/v2\/pages"}],"about":[{"href":"https:\/\/site.educa.madrid.org\/ies.becquer.algete\/index.php\/wp-json\/wp\/v2\/types\/page"}],"author":[{"embeddable":true,"href":"https:\/\/site.educa.madrid.org\/ies.becquer.algete\/index.php\/wp-json\/wp\/v2\/users\/5"}],"replies":[{"embeddable":true,"href":"https:\/\/site.educa.madrid.org\/ies.becquer.algete\/index.php\/wp-json\/wp\/v2\/comments?post=131"}],"version-history":[{"count":20,"href":"https:\/\/site.educa.madrid.org\/ies.becquer.algete\/index.php\/wp-json\/wp\/v2\/pages\/131\/revisions"}],"predecessor-version":[{"id":2451,"href":"https:\/\/site.educa.madrid.org\/ies.becquer.algete\/index.php\/wp-json\/wp\/v2\/pages\/131\/revisions\/2451"}],"up":[{"embeddable":true,"href":"https:\/\/site.educa.madrid.org\/ies.becquer.algete\/index.php\/wp-json\/wp\/v2\/pages\/125"}],"wp:attachment":[{"href":"https:\/\/site.educa.madrid.org\/ies.becquer.algete\/index.php\/wp-json\/wp\/v2\/media?parent=131"}],"wp:term":[{"taxonomy":"folder","embeddable":true,"href":"https:\/\/site.educa.madrid.org\/ies.becquer.algete\/index.php\/wp-json\/wp\/v2\/folder?post=131"}],"curies":[{"name":"wp","href":"https:\/\/api.w.org\/{rel}","templated":true}]}}