{"id":517,"date":"2022-06-29T10:21:42","date_gmt":"2022-06-29T08:21:42","guid":{"rendered":"https:\/\/site.educa.madrid.org\/ies.becquer.algete\/?page_id=517"},"modified":"2025-11-24T19:42:18","modified_gmt":"2025-11-24T18:42:18","slug":"filosofia","status":"publish","type":"page","link":"https:\/\/site.educa.madrid.org\/ies.becquer.algete\/index.php\/inicio\/ensenanzas\/departamentos\/filosofia\/","title":{"rendered":"Filosof\u00eda"},"content":{"rendered":"<div class=\"wp-block-image\">\n<figure class=\"aligncenter size-large is-resized\"><img loading=\"lazy\" decoding=\"async\" width=\"1024\" height=\"686\" src=\"https:\/\/site.educa.madrid.org\/ies.becquer.algete\/\/wp-content\/uploads\/ies.becquer.algete\/2023\/03\/filosofia-1024x686.jpg\" alt=\"\" class=\"wp-image-1246\" style=\"width:522px;height:349px\" srcset=\"https:\/\/site.educa.madrid.org\/ies.becquer.algete\/\/wp-content\/uploads\/ies.becquer.algete\/2023\/03\/filosofia-1024x686.jpg 1024w, https:\/\/site.educa.madrid.org\/ies.becquer.algete\/\/wp-content\/uploads\/ies.becquer.algete\/2023\/03\/filosofia-300x201.jpg 300w, https:\/\/site.educa.madrid.org\/ies.becquer.algete\/\/wp-content\/uploads\/ies.becquer.algete\/2023\/03\/filosofia-768x514.jpg 768w, https:\/\/site.educa.madrid.org\/ies.becquer.algete\/\/wp-content\/uploads\/ies.becquer.algete\/2023\/03\/filosofia-272x182.jpg 272w, https:\/\/site.educa.madrid.org\/ies.becquer.algete\/\/wp-content\/uploads\/ies.becquer.algete\/2023\/03\/filosofia.jpg 1280w\" sizes=\"auto, (max-width: 706px) 89vw, (max-width: 767px) 82vw, 740px\" \/><\/figure>\n<\/div>\n\n\n<p>El objetivo fundamental de la asignatura es el <b>desarrollo de la actitud reflexiva y cr\u00edtica en los alumnos<\/b>. Por este motivo, las principales metodolog\u00edas est\u00e1n enfocadas en estimular y provocar actitudes reflexivas en las que se sometan a consideraci\u00f3n y an\u00e1lisis tanto la diversidad de aspectos de nuestra experiencia, cuanto los problemas fundamentales que plantean cada uno de ellos y sus relaciones.<\/p>\n\n\n\n<p>El enfoque, por lo tanto, ser\u00e1 <span class=\"StrongEmphasis\"><strong>dotar al alumno de unos conocimientos que le permitan analizar y comprender el entorno social y cultural<\/strong> en<\/span> el que se va a desenvolver su vida, as\u00ed como prepararle para que pueda acceder sin problemas a los estudios superiores.<\/p>\n\n\n\n<p><b><span style=\"font-size: 14.0pt; line-height: 115%;\">Criterios de calificaci\u00f3n de la materias<\/span><\/b><\/p>\n\n\n\n<ul class=\"wp-block-list\">\n<li><a href=\"https:\/\/site.educa.madrid.org\/ies.becquer.algete\/\/wp-content\/uploads\/ies.becquer.algete\/2025\/11\/Filosofia-criterios-2025-26.pdf\" target=\"_blank\" rel=\"noreferrer noopener\">Criterios de evaluaci\u00f3n y calificaci\u00f3n 1\u00ba y 2\u00ba Bachillerato &#8211; Filosof\u00eda<\/a><\/li>\n<\/ul>\n","protected":false},"excerpt":{"rendered":"<p>El objetivo fundamental de la asignatura es el desarrollo de la actitud reflexiva y cr\u00edtica en los alumnos. Por este motivo, las principales metodolog\u00edas est\u00e1n enfocadas en estimular y provocar actitudes reflexivas en las que se sometan a consideraci\u00f3n y an\u00e1lisis tanto la diversidad de aspectos de nuestra experiencia, cuanto los problemas fundamentales que plantean &hellip; <\/p>\n<p class=\"link-more\"><a href=\"https:\/\/site.educa.madrid.org\/ies.becquer.algete\/index.php\/inicio\/ensenanzas\/departamentos\/filosofia\/\" class=\"more-link\">Continuar leyendo<span class=\"screen-reader-text\"> \u00abFilosof\u00eda\u00bb<\/span><\/a><\/p>\n","protected":false},"author":5,"featured_media":0,"parent":681,"menu_order":5,"comment_status":"closed","ping_status":"closed","template":"page-with-siblings-submenu.php","meta":{"footnotes":""},"folder":[],"class_list":["post-517","page","type-page","status-publish","hentry"],"rttpg_featured_image_url":null,"rttpg_author":{"display_name":"Cuenta Admin-educamadrid","author_link":"https:\/\/site.educa.madrid.org\/ies.becquer.algete\/index.php\/author\/cuenta_admin-educamadrid\/"},"rttpg_comment":0,"rttpg_category":false,"rttpg_excerpt":"El objetivo fundamental de la asignatura es el desarrollo de la actitud reflexiva y cr\u00edtica en los alumnos. Por este motivo, las principales metodolog\u00edas est\u00e1n enfocadas en estimular y provocar actitudes reflexivas en las que se sometan a consideraci\u00f3n y an\u00e1lisis tanto la diversidad de aspectos de nuestra experiencia, cuanto los problemas fundamentales que plantean&hellip;","post_mailing_queue_ids":[],"_links":{"self":[{"href":"https:\/\/site.educa.madrid.org\/ies.becquer.algete\/index.php\/wp-json\/wp\/v2\/pages\/517","targetHints":{"allow":["GET"]}}],"collection":[{"href":"https:\/\/site.educa.madrid.org\/ies.becquer.algete\/index.php\/wp-json\/wp\/v2\/pages"}],"about":[{"href":"https:\/\/site.educa.madrid.org\/ies.becquer.algete\/index.php\/wp-json\/wp\/v2\/types\/page"}],"author":[{"embeddable":true,"href":"https:\/\/site.educa.madrid.org\/ies.becquer.algete\/index.php\/wp-json\/wp\/v2\/users\/5"}],"replies":[{"embeddable":true,"href":"https:\/\/site.educa.madrid.org\/ies.becquer.algete\/index.php\/wp-json\/wp\/v2\/comments?post=517"}],"version-history":[{"count":18,"href":"https:\/\/site.educa.madrid.org\/ies.becquer.algete\/index.php\/wp-json\/wp\/v2\/pages\/517\/revisions"}],"predecessor-version":[{"id":2566,"href":"https:\/\/site.educa.madrid.org\/ies.becquer.algete\/index.php\/wp-json\/wp\/v2\/pages\/517\/revisions\/2566"}],"up":[{"embeddable":true,"href":"https:\/\/site.educa.madrid.org\/ies.becquer.algete\/index.php\/wp-json\/wp\/v2\/pages\/681"}],"wp:attachment":[{"href":"https:\/\/site.educa.madrid.org\/ies.becquer.algete\/index.php\/wp-json\/wp\/v2\/media?parent=517"}],"wp:term":[{"taxonomy":"folder","embeddable":true,"href":"https:\/\/site.educa.madrid.org\/ies.becquer.algete\/index.php\/wp-json\/wp\/v2\/folder?post=517"}],"curies":[{"name":"wp","href":"https:\/\/api.w.org\/{rel}","templated":true}]}}