{"id":525,"date":"2022-06-29T10:24:15","date_gmt":"2022-06-29T08:24:15","guid":{"rendered":"https:\/\/site.educa.madrid.org\/ies.becquer.algete\/?page_id=525"},"modified":"2025-10-13T19:50:20","modified_gmt":"2025-10-13T17:50:20","slug":"ingles","status":"publish","type":"page","link":"https:\/\/site.educa.madrid.org\/ies.becquer.algete\/index.php\/inicio\/ensenanzas\/departamentos\/ingles\/","title":{"rendered":"Ingl\u00e9s"},"content":{"rendered":"<div class=\"wp-block-image\">\n<figure class=\"aligncenter size-large is-resized\"><img loading=\"lazy\" decoding=\"async\" width=\"1024\" height=\"684\" src=\"https:\/\/site.educa.madrid.org\/ies.becquer.algete\/\/wp-content\/uploads\/ies.becquer.algete\/2023\/03\/ingles-1024x684.jpg\" alt=\"\" class=\"wp-image-1249\" style=\"width:517px;height:345px\" srcset=\"https:\/\/site.educa.madrid.org\/ies.becquer.algete\/\/wp-content\/uploads\/ies.becquer.algete\/2023\/03\/ingles-1024x684.jpg 1024w, https:\/\/site.educa.madrid.org\/ies.becquer.algete\/\/wp-content\/uploads\/ies.becquer.algete\/2023\/03\/ingles-300x200.jpg 300w, https:\/\/site.educa.madrid.org\/ies.becquer.algete\/\/wp-content\/uploads\/ies.becquer.algete\/2023\/03\/ingles-768x513.jpg 768w, https:\/\/site.educa.madrid.org\/ies.becquer.algete\/\/wp-content\/uploads\/ies.becquer.algete\/2023\/03\/ingles-391x260.jpg 391w, https:\/\/site.educa.madrid.org\/ies.becquer.algete\/\/wp-content\/uploads\/ies.becquer.algete\/2023\/03\/ingles-272x182.jpg 272w, https:\/\/site.educa.madrid.org\/ies.becquer.algete\/\/wp-content\/uploads\/ies.becquer.algete\/2023\/03\/ingles.jpg 1280w\" sizes=\"auto, (max-width: 706px) 89vw, (max-width: 767px) 82vw, 740px\" \/><\/figure>\n<\/div>\n\n\n<p>Los profesores del Departamento de Ingl\u00e9s intentamos ayudar a nuestros alumnos a que:<\/p>\n\n\n\n<ul class=\"wp-block-list\">\n<li><strong>Mejoren su nivel de idioma,<\/strong> entiendan cada d\u00eda m\u00e1s pel\u00edculas y canciones en ingl\u00e9s.<\/li>\n\n\n\n<li>Puedan <strong>comunicarse y entenderse<\/strong> mejor en esta lengua comprendan lo importante que es tener un buen dominio del idioma ingl\u00e9s para poder conseguir un buen trabajo en el futuro o en sus estudios acad\u00e9micos.<\/li>\n\n\n\n<li>Puedan <strong>viajar libremente<\/strong> por pa\u00edses muy variados sin tener el miedo a hablar ingl\u00e9s puedan estudiar o trabajar en el extranjero conozcan la cultura, costumbres y modos de vida de pa\u00edses muy diferentes que utilizan la lengua inglesa.<\/li>\n<\/ul>\n\n\n\n<p><strong>Criterios de calificaci\u00f3n de la materias<\/strong><\/p>\n\n\n\n<p><a href=\"https:\/\/site.educa.madrid.org\/ies.becquer.algete\/\/wp-content\/uploads\/ies.becquer.algete\/2025\/10\/ING-2025-26.pdf\" target=\"_blank\" rel=\"noreferrer noopener\">Criterios de evaluaci\u00f3n y calificaci\u00f3n<\/a><\/p>\n","protected":false},"excerpt":{"rendered":"<p>Los profesores del Departamento de Ingl\u00e9s intentamos ayudar a nuestros alumnos a que: Criterios de calificaci\u00f3n de la materias Criterios de evaluaci\u00f3n y calificaci\u00f3n<\/p>\n","protected":false},"author":5,"featured_media":0,"parent":681,"menu_order":9,"comment_status":"closed","ping_status":"closed","template":"page-with-siblings-submenu.php","meta":{"footnotes":""},"folder":[],"class_list":["post-525","page","type-page","status-publish","hentry"],"rttpg_featured_image_url":null,"rttpg_author":{"display_name":"Cuenta Admin-educamadrid","author_link":"https:\/\/site.educa.madrid.org\/ies.becquer.algete\/index.php\/author\/cuenta_admin-educamadrid\/"},"rttpg_comment":0,"rttpg_category":false,"rttpg_excerpt":"Los profesores del Departamento de Ingl\u00e9s intentamos ayudar a nuestros alumnos a que: Criterios de calificaci\u00f3n de la materias Criterios de evaluaci\u00f3n y calificaci\u00f3n","post_mailing_queue_ids":[],"_links":{"self":[{"href":"https:\/\/site.educa.madrid.org\/ies.becquer.algete\/index.php\/wp-json\/wp\/v2\/pages\/525","targetHints":{"allow":["GET"]}}],"collection":[{"href":"https:\/\/site.educa.madrid.org\/ies.becquer.algete\/index.php\/wp-json\/wp\/v2\/pages"}],"about":[{"href":"https:\/\/site.educa.madrid.org\/ies.becquer.algete\/index.php\/wp-json\/wp\/v2\/types\/page"}],"author":[{"embeddable":true,"href":"https:\/\/site.educa.madrid.org\/ies.becquer.algete\/index.php\/wp-json\/wp\/v2\/users\/5"}],"replies":[{"embeddable":true,"href":"https:\/\/site.educa.madrid.org\/ies.becquer.algete\/index.php\/wp-json\/wp\/v2\/comments?post=525"}],"version-history":[{"count":10,"href":"https:\/\/site.educa.madrid.org\/ies.becquer.algete\/index.php\/wp-json\/wp\/v2\/pages\/525\/revisions"}],"predecessor-version":[{"id":2503,"href":"https:\/\/site.educa.madrid.org\/ies.becquer.algete\/index.php\/wp-json\/wp\/v2\/pages\/525\/revisions\/2503"}],"up":[{"embeddable":true,"href":"https:\/\/site.educa.madrid.org\/ies.becquer.algete\/index.php\/wp-json\/wp\/v2\/pages\/681"}],"wp:attachment":[{"href":"https:\/\/site.educa.madrid.org\/ies.becquer.algete\/index.php\/wp-json\/wp\/v2\/media?parent=525"}],"wp:term":[{"taxonomy":"folder","embeddable":true,"href":"https:\/\/site.educa.madrid.org\/ies.becquer.algete\/index.php\/wp-json\/wp\/v2\/folder?post=525"}],"curies":[{"name":"wp","href":"https:\/\/api.w.org\/{rel}","templated":true}]}}