{"id":673,"date":"2023-02-08T21:27:06","date_gmt":"2023-02-08T20:27:06","guid":{"rendered":"https:\/\/site.educa.madrid.org\/ies.becquer.algete\/?page_id=673"},"modified":"2025-09-29T21:19:16","modified_gmt":"2025-09-29T19:19:16","slug":"calendario-escolar","status":"publish","type":"page","link":"https:\/\/site.educa.madrid.org\/ies.becquer.algete\/index.php\/inicio\/ensenanzas\/calendario-escolar\/","title":{"rendered":"Calendario escolar"},"content":{"rendered":"\n<p>Las actividades escolares se desarrollan entre el d\u00eda 1 de septiembre de 2025 y el 30 de junio de 2026, con excepci\u00f3n de las vacaciones y d\u00edas festivos. En el presente curso escolar, las actividades lectivas terminar\u00e1n el 19 de junio de 2026, excepto para el alumnado de segundo curso de bachillerato, que finalizar\u00e1 sus clases en funci\u00f3n de las necesidades derivadas de la realizaci\u00f3n de la evaluaci\u00f3n final de bachillerato y los procedimientos de admisi\u00f3n a la Universidad.<\/p>\n\n\n<div class=\"wp-block-image\">\n<figure class=\"aligncenter size-large is-resized\"><img loading=\"lazy\" decoding=\"async\" width=\"1024\" height=\"576\" src=\"https:\/\/site.educa.madrid.org\/ies.becquer.algete\/\/wp-content\/uploads\/ies.becquer.algete\/2023\/02\/calendario-escolar-1024x576.jpg\" alt=\"\" class=\"wp-image-854\" style=\"width:585px;height:329px\" srcset=\"https:\/\/site.educa.madrid.org\/ies.becquer.algete\/\/wp-content\/uploads\/ies.becquer.algete\/2023\/02\/calendario-escolar-1024x576.jpg 1024w, https:\/\/site.educa.madrid.org\/ies.becquer.algete\/\/wp-content\/uploads\/ies.becquer.algete\/2023\/02\/calendario-escolar-300x169.jpg 300w, https:\/\/site.educa.madrid.org\/ies.becquer.algete\/\/wp-content\/uploads\/ies.becquer.algete\/2023\/02\/calendario-escolar-768x432.jpg 768w, https:\/\/site.educa.madrid.org\/ies.becquer.algete\/\/wp-content\/uploads\/ies.becquer.algete\/2023\/02\/calendario-escolar.jpg 1280w\" sizes=\"auto, (max-width: 706px) 89vw, (max-width: 767px) 82vw, 740px\" \/><\/figure>\n<\/div>\n\n\n<p>Desde esta p\u00e1gina es posible consultar la orden de la Consejer\u00eda de Educaci\u00f3n, Juventud y Deporte, por la que se establece el calendario escolar para el curso 2025\/26 en los centros educativos no universitarios sostenidos con fondos p\u00fablicos de la Comunidad de Madrid y el propio calendario en formato PDF.<\/p>\n\n\n\n<ul class=\"wp-block-list\">\n<li><a href=\"https:\/\/site.educa.madrid.org\/ies.becquer.algete\/\/wp-content\/uploads\/ies.becquer.algete\/2025\/09\/Calendario_escolar_2025-2026.pdf\" target=\"_blank\" rel=\"noreferrer noopener\">Descargar calendario escolar en formato PDF<\/a><\/li>\n\n\n\n<li><a href=\"https:\/\/www.comunidad.madrid\/servicios\/educacion\/calendario-escolar\" target=\"_blank\" rel=\"noreferrer noopener\">Informaci\u00f3n sobre calendario escolar en la web de Vicepresidencia, Consejer\u00eda de Educaci\u00f3n y Universidades<\/a><\/li>\n<\/ul>\n","protected":false},"excerpt":{"rendered":"<p>Las actividades escolares se desarrollan entre el d\u00eda 1 de septiembre de 2025 y el 30 de junio de 2026, con excepci\u00f3n de las vacaciones y d\u00edas festivos. En el presente curso escolar, las actividades lectivas terminar\u00e1n el 19 de junio de 2026, excepto para el alumnado de segundo curso de bachillerato, que finalizar\u00e1 sus &hellip; <\/p>\n<p class=\"link-more\"><a href=\"https:\/\/site.educa.madrid.org\/ies.becquer.algete\/index.php\/inicio\/ensenanzas\/calendario-escolar\/\" class=\"more-link\">Continuar leyendo<span class=\"screen-reader-text\"> \u00abCalendario escolar\u00bb<\/span><\/a><\/p>\n","protected":false},"author":3,"featured_media":0,"parent":125,"menu_order":4,"comment_status":"closed","ping_status":"closed","template":"page-with-siblings-submenu.php","meta":{"footnotes":""},"folder":[],"class_list":["post-673","page","type-page","status-publish","hentry"],"rttpg_featured_image_url":null,"rttpg_author":{"display_name":"ies.becquer.algete","author_link":"https:\/\/site.educa.madrid.org\/ies.becquer.algete\/index.php\/author\/cuenta_ies-becquer-algete\/"},"rttpg_comment":0,"rttpg_category":false,"rttpg_excerpt":"Las actividades escolares se desarrollan entre el d\u00eda 1 de septiembre de 2025 y el 30 de junio de 2026, con excepci\u00f3n de las vacaciones y d\u00edas festivos. En el presente curso escolar, las actividades lectivas terminar\u00e1n el 19 de junio de 2026, excepto para el alumnado de segundo curso de bachillerato, que finalizar\u00e1 sus&hellip;","post_mailing_queue_ids":[],"_links":{"self":[{"href":"https:\/\/site.educa.madrid.org\/ies.becquer.algete\/index.php\/wp-json\/wp\/v2\/pages\/673","targetHints":{"allow":["GET"]}}],"collection":[{"href":"https:\/\/site.educa.madrid.org\/ies.becquer.algete\/index.php\/wp-json\/wp\/v2\/pages"}],"about":[{"href":"https:\/\/site.educa.madrid.org\/ies.becquer.algete\/index.php\/wp-json\/wp\/v2\/types\/page"}],"author":[{"embeddable":true,"href":"https:\/\/site.educa.madrid.org\/ies.becquer.algete\/index.php\/wp-json\/wp\/v2\/users\/3"}],"replies":[{"embeddable":true,"href":"https:\/\/site.educa.madrid.org\/ies.becquer.algete\/index.php\/wp-json\/wp\/v2\/comments?post=673"}],"version-history":[{"count":11,"href":"https:\/\/site.educa.madrid.org\/ies.becquer.algete\/index.php\/wp-json\/wp\/v2\/pages\/673\/revisions"}],"predecessor-version":[{"id":2487,"href":"https:\/\/site.educa.madrid.org\/ies.becquer.algete\/index.php\/wp-json\/wp\/v2\/pages\/673\/revisions\/2487"}],"up":[{"embeddable":true,"href":"https:\/\/site.educa.madrid.org\/ies.becquer.algete\/index.php\/wp-json\/wp\/v2\/pages\/125"}],"wp:attachment":[{"href":"https:\/\/site.educa.madrid.org\/ies.becquer.algete\/index.php\/wp-json\/wp\/v2\/media?parent=673"}],"wp:term":[{"taxonomy":"folder","embeddable":true,"href":"https:\/\/site.educa.madrid.org\/ies.becquer.algete\/index.php\/wp-json\/wp\/v2\/folder?post=673"}],"curies":[{"name":"wp","href":"https:\/\/api.w.org\/{rel}","templated":true}]}}