{"id":702,"date":"2023-02-08T21:35:27","date_gmt":"2023-02-08T20:35:27","guid":{"rendered":"https:\/\/site.educa.madrid.org\/ies.becquer.algete\/?page_id=702"},"modified":"2023-03-02T20:40:05","modified_gmt":"2023-03-02T19:40:05","slug":"acceso-a-ciclos","status":"publish","type":"page","link":"https:\/\/site.educa.madrid.org\/ies.becquer.algete\/index.php\/inicio\/agenda\/acceso-a-ciclos\/","title":{"rendered":"Acceso a ciclos"},"content":{"rendered":"\n<div class=\"wp-block-image\"><figure class=\"aligncenter size-large is-resized\"><img loading=\"lazy\" decoding=\"async\" src=\"https:\/\/site.educa.madrid.org\/ies.becquer.algete\/\/wp-content\/uploads\/ies.becquer.algete\/2023\/03\/acceso-a-ciclos-1024x682.jpg\" alt=\"\" class=\"wp-image-1156\" width=\"602\" height=\"400\" srcset=\"https:\/\/site.educa.madrid.org\/ies.becquer.algete\/\/wp-content\/uploads\/ies.becquer.algete\/2023\/03\/acceso-a-ciclos-1024x682.jpg 1024w, https:\/\/site.educa.madrid.org\/ies.becquer.algete\/\/wp-content\/uploads\/ies.becquer.algete\/2023\/03\/acceso-a-ciclos-300x200.jpg 300w, https:\/\/site.educa.madrid.org\/ies.becquer.algete\/\/wp-content\/uploads\/ies.becquer.algete\/2023\/03\/acceso-a-ciclos-768x512.jpg 768w, https:\/\/site.educa.madrid.org\/ies.becquer.algete\/\/wp-content\/uploads\/ies.becquer.algete\/2023\/03\/acceso-a-ciclos-391x260.jpg 391w, https:\/\/site.educa.madrid.org\/ies.becquer.algete\/\/wp-content\/uploads\/ies.becquer.algete\/2023\/03\/acceso-a-ciclos-272x182.jpg 272w, https:\/\/site.educa.madrid.org\/ies.becquer.algete\/\/wp-content\/uploads\/ies.becquer.algete\/2023\/03\/acceso-a-ciclos.jpg 1280w\" sizes=\"auto, (max-width: 602px) 100vw, 602px\" \/><\/figure><\/div>\n\n\n\n<p>Cada a\u00f1o, la consejer\u00eda de Educaci\u00f3n de la Comunidad de Madrid realiza una <strong>prueba de acceso a Ciclos Formativos<\/strong> para todas las personas interesadas en estos estudios que no puedan acceder directamente por carecer de los requisitos acad\u00e9micos m\u00ednimos. Estos ex\u00e1menes sirven para que los aspirantes demuestren tener una serie de conocimientos y habilidades suficientes para poder cursar estos ciclos.<\/p>\n\n\n\n<p>Para concurrir a la prueba de acceso a <strong>Ciclos Formativos de Grado Medio <\/strong>el aspirante debe tener, como m\u00ednimo, 17 a\u00f1os o cumplirlos en el a\u00f1o natural en el que se realicen las pruebas.<\/p>\n\n\n\n<p>Para concurrir a la prueba de acceso a <strong>Ciclos Formativos de Grado Superior <\/strong>el aspirante debe reunir alguna de las condiciones siguientes:<\/p>\n\n\n\n<ul class=\"wp-block-list\"><li>Tener 19 a\u00f1os de edad, o cumplirlos en el a\u00f1o natural en el que se realicen las pruebas.<\/li><li>Tener 18 a\u00f1os, o cumplirlos en el a\u00f1o natural en el que se realicen las pruebas, y estar en posesi\u00f3n del t\u00edtulo de T\u00e9cnico perteneciente a alguna de las familias profesionales incluidas en la opci\u00f3n para la que solicita inscripci\u00f3n.<\/li><\/ul>\n\n\n\n<p>El <strong>plazo de inscripci\u00f3n<\/strong> para realizar las pruebas de acceso a los ciclos formativos de los grados medio y superior se abre en el<strong> mes de enero<\/strong>. Las <strong>pruebas de acceso<\/strong> se celebran en el <strong>mes de mayo<\/strong>.<\/p>\n\n\n\n<p>Puedes consultar toda la informaci\u00f3n en: <a rel=\"noreferrer noopener\" href=\"https:\/\/www.comunidad.madrid\/servicios\/educacion\/pruebas-acceso\" target=\"_blank\">Pruebas de acceso | Comunidad de Madrid<\/a>.<\/p>\n","protected":false},"excerpt":{"rendered":"<p>Cada a\u00f1o, la consejer\u00eda de Educaci\u00f3n de la Comunidad de Madrid realiza una prueba de acceso a Ciclos Formativos para todas las personas interesadas en estos estudios que no puedan acceder directamente por carecer de los requisitos acad\u00e9micos m\u00ednimos. Estos ex\u00e1menes sirven para que los aspirantes demuestren tener una serie de conocimientos y habilidades suficientes &hellip; <\/p>\n<p class=\"link-more\"><a href=\"https:\/\/site.educa.madrid.org\/ies.becquer.algete\/index.php\/inicio\/agenda\/acceso-a-ciclos\/\" class=\"more-link\">Continuar leyendo<span class=\"screen-reader-text\"> \u00abAcceso a ciclos\u00bb<\/span><\/a><\/p>\n","protected":false},"author":3,"featured_media":0,"parent":769,"menu_order":6,"comment_status":"closed","ping_status":"closed","template":"page-with-siblings-submenu.php","meta":{"footnotes":""},"folder":[],"class_list":["post-702","page","type-page","status-publish","hentry"],"rttpg_featured_image_url":null,"rttpg_author":{"display_name":"ies.becquer.algete","author_link":"https:\/\/site.educa.madrid.org\/ies.becquer.algete\/index.php\/author\/cuenta_ies-becquer-algete\/"},"rttpg_comment":0,"rttpg_category":false,"rttpg_excerpt":"Cada a\u00f1o, la consejer\u00eda de Educaci\u00f3n de la Comunidad de Madrid realiza una prueba de acceso a Ciclos Formativos para todas las personas interesadas en estos estudios que no puedan acceder directamente por carecer de los requisitos acad\u00e9micos m\u00ednimos. Estos ex\u00e1menes sirven para que los aspirantes demuestren tener una serie de conocimientos y habilidades suficientes&hellip;","post_mailing_queue_ids":[],"_links":{"self":[{"href":"https:\/\/site.educa.madrid.org\/ies.becquer.algete\/index.php\/wp-json\/wp\/v2\/pages\/702","targetHints":{"allow":["GET"]}}],"collection":[{"href":"https:\/\/site.educa.madrid.org\/ies.becquer.algete\/index.php\/wp-json\/wp\/v2\/pages"}],"about":[{"href":"https:\/\/site.educa.madrid.org\/ies.becquer.algete\/index.php\/wp-json\/wp\/v2\/types\/page"}],"author":[{"embeddable":true,"href":"https:\/\/site.educa.madrid.org\/ies.becquer.algete\/index.php\/wp-json\/wp\/v2\/users\/3"}],"replies":[{"embeddable":true,"href":"https:\/\/site.educa.madrid.org\/ies.becquer.algete\/index.php\/wp-json\/wp\/v2\/comments?post=702"}],"version-history":[{"count":3,"href":"https:\/\/site.educa.madrid.org\/ies.becquer.algete\/index.php\/wp-json\/wp\/v2\/pages\/702\/revisions"}],"predecessor-version":[{"id":1158,"href":"https:\/\/site.educa.madrid.org\/ies.becquer.algete\/index.php\/wp-json\/wp\/v2\/pages\/702\/revisions\/1158"}],"up":[{"embeddable":true,"href":"https:\/\/site.educa.madrid.org\/ies.becquer.algete\/index.php\/wp-json\/wp\/v2\/pages\/769"}],"wp:attachment":[{"href":"https:\/\/site.educa.madrid.org\/ies.becquer.algete\/index.php\/wp-json\/wp\/v2\/media?parent=702"}],"wp:term":[{"taxonomy":"folder","embeddable":true,"href":"https:\/\/site.educa.madrid.org\/ies.becquer.algete\/index.php\/wp-json\/wp\/v2\/folder?post=702"}],"curies":[{"name":"wp","href":"https:\/\/api.w.org\/{rel}","templated":true}]}}