{"id":747,"date":"2023-02-09T12:48:25","date_gmt":"2023-02-09T11:48:25","guid":{"rendered":"https:\/\/site.educa.madrid.org\/ies.becquer.algete\/?page_id=747"},"modified":"2023-03-02T21:19:40","modified_gmt":"2023-03-02T20:19:40","slug":"conserjeria","status":"publish","type":"page","link":"https:\/\/site.educa.madrid.org\/ies.becquer.algete\/index.php\/inicio\/servicios-y-actividades\/conserjeria\/","title":{"rendered":"Conserjer\u00eda"},"content":{"rendered":"\n<div class=\"wp-block-image\"><figure class=\"aligncenter size-large is-resized\"><img loading=\"lazy\" decoding=\"async\" src=\"https:\/\/site.educa.madrid.org\/ies.becquer.algete\/\/wp-content\/uploads\/ies.becquer.algete\/2023\/03\/conserjeria-1024x682.jpg\" alt=\"\" class=\"wp-image-1178\" width=\"612\" height=\"407\" srcset=\"https:\/\/site.educa.madrid.org\/ies.becquer.algete\/\/wp-content\/uploads\/ies.becquer.algete\/2023\/03\/conserjeria-1024x682.jpg 1024w, https:\/\/site.educa.madrid.org\/ies.becquer.algete\/\/wp-content\/uploads\/ies.becquer.algete\/2023\/03\/conserjeria-300x200.jpg 300w, https:\/\/site.educa.madrid.org\/ies.becquer.algete\/\/wp-content\/uploads\/ies.becquer.algete\/2023\/03\/conserjeria-768x511.jpg 768w, https:\/\/site.educa.madrid.org\/ies.becquer.algete\/\/wp-content\/uploads\/ies.becquer.algete\/2023\/03\/conserjeria-391x260.jpg 391w, https:\/\/site.educa.madrid.org\/ies.becquer.algete\/\/wp-content\/uploads\/ies.becquer.algete\/2023\/03\/conserjeria-272x182.jpg 272w, https:\/\/site.educa.madrid.org\/ies.becquer.algete\/\/wp-content\/uploads\/ies.becquer.algete\/2023\/03\/conserjeria.jpg 1280w\" sizes=\"auto, (max-width: 612px) 100vw, 612px\" \/><\/figure><\/div>\n\n\n\n<p>Nuestro centro dispone de<strong> dos conserjer\u00edas <\/strong>atendidas por <strong>cinco auxiliares de control <\/strong>cuyas funciones son:<\/p>\n\n\n\n<ul class=\"wp-block-list\"><li>Control de acceso y salidas<\/li><li>Atenci\u00f3n telef\u00f3nica<\/li><li>Atenci\u00f3n a padres y otras visitas<\/li><li>Atenci\u00f3n a alumnos y profesores<\/li><li>Vigilancia de pasillos<\/li><li>Mantenimiento<\/li><\/ul>\n\n\n\n<p>La primera conserjer\u00eda est\u00e1 situada a la entrada del edificio principal. La segunda se encuentra en la planta baja del aulario para primer ciclo de la ESO.<\/p>\n\n\n\n<p>\u00a0El centro cuenta adem\u00e1s con\u00a0<strong>un auxiliar de mantenimiento<\/strong>.<\/p>\n","protected":false},"excerpt":{"rendered":"<p>Nuestro centro dispone de dos conserjer\u00edas atendidas por cinco auxiliares de control cuyas funciones son: Control de acceso y salidas Atenci\u00f3n telef\u00f3nica Atenci\u00f3n a padres y otras visitas Atenci\u00f3n a alumnos y profesores Vigilancia de pasillos Mantenimiento La primera conserjer\u00eda est\u00e1 situada a la entrada del edificio principal. La segunda se encuentra en la planta &hellip; <\/p>\n<p class=\"link-more\"><a href=\"https:\/\/site.educa.madrid.org\/ies.becquer.algete\/index.php\/inicio\/servicios-y-actividades\/conserjeria\/\" class=\"more-link\">Continuar leyendo<span class=\"screen-reader-text\"> \u00abConserjer\u00eda\u00bb<\/span><\/a><\/p>\n","protected":false},"author":3,"featured_media":0,"parent":126,"menu_order":9,"comment_status":"closed","ping_status":"closed","template":"page-with-siblings-submenu.php","meta":{"footnotes":""},"folder":[],"class_list":["post-747","page","type-page","status-publish","hentry"],"rttpg_featured_image_url":null,"rttpg_author":{"display_name":"ies.becquer.algete","author_link":"https:\/\/site.educa.madrid.org\/ies.becquer.algete\/index.php\/author\/cuenta_ies-becquer-algete\/"},"rttpg_comment":0,"rttpg_category":false,"rttpg_excerpt":"Nuestro centro dispone de dos conserjer\u00edas atendidas por cinco auxiliares de control cuyas funciones son: Control de acceso y salidas Atenci\u00f3n telef\u00f3nica Atenci\u00f3n a padres y otras visitas Atenci\u00f3n a alumnos y profesores Vigilancia de pasillos Mantenimiento La primera conserjer\u00eda est\u00e1 situada a la entrada del edificio principal. La segunda se encuentra en la planta&hellip;","post_mailing_queue_ids":[],"_links":{"self":[{"href":"https:\/\/site.educa.madrid.org\/ies.becquer.algete\/index.php\/wp-json\/wp\/v2\/pages\/747","targetHints":{"allow":["GET"]}}],"collection":[{"href":"https:\/\/site.educa.madrid.org\/ies.becquer.algete\/index.php\/wp-json\/wp\/v2\/pages"}],"about":[{"href":"https:\/\/site.educa.madrid.org\/ies.becquer.algete\/index.php\/wp-json\/wp\/v2\/types\/page"}],"author":[{"embeddable":true,"href":"https:\/\/site.educa.madrid.org\/ies.becquer.algete\/index.php\/wp-json\/wp\/v2\/users\/3"}],"replies":[{"embeddable":true,"href":"https:\/\/site.educa.madrid.org\/ies.becquer.algete\/index.php\/wp-json\/wp\/v2\/comments?post=747"}],"version-history":[{"count":4,"href":"https:\/\/site.educa.madrid.org\/ies.becquer.algete\/index.php\/wp-json\/wp\/v2\/pages\/747\/revisions"}],"predecessor-version":[{"id":1179,"href":"https:\/\/site.educa.madrid.org\/ies.becquer.algete\/index.php\/wp-json\/wp\/v2\/pages\/747\/revisions\/1179"}],"up":[{"embeddable":true,"href":"https:\/\/site.educa.madrid.org\/ies.becquer.algete\/index.php\/wp-json\/wp\/v2\/pages\/126"}],"wp:attachment":[{"href":"https:\/\/site.educa.madrid.org\/ies.becquer.algete\/index.php\/wp-json\/wp\/v2\/media?parent=747"}],"wp:term":[{"taxonomy":"folder","embeddable":true,"href":"https:\/\/site.educa.madrid.org\/ies.becquer.algete\/index.php\/wp-json\/wp\/v2\/folder?post=747"}],"curies":[{"name":"wp","href":"https:\/\/api.w.org\/{rel}","templated":true}]}}