{"id":3906,"date":"2022-05-09T12:57:51","date_gmt":"2022-05-09T12:57:51","guid":{"rendered":"http:\/\/siesmoraleja.iesafrica.org\/?page_id=3906"},"modified":"2026-01-12T21:06:43","modified_gmt":"2026-01-12T20:06:43","slug":"programa-escolar-de-consumo-de-frutas-hortalizas-y-leche-de-la-u-e","status":"publish","type":"page","link":"https:\/\/site.educa.madrid.org\/ies.becquer.moraleja\/index.php\/programa-escolar-de-consumo-de-frutas-hortalizas-y-leche-de-la-u-e\/","title":{"rendered":"PROGRAMA ESCOLAR DE CONSUMO DE FRUTAS, HORTALIZAS Y LECHE DE LA U.E."},"content":{"rendered":"<p>La Comunidad de Madrid, a trav\u00e9s de la Consejer\u00eda de Medio Ambiente, Ordenaci\u00f3n del Territorio y Sostenibilidad y en colaboraci\u00f3n con la Consejer\u00eda de Educaci\u00f3n y Juventud, pone en marcha por quinto a\u00f1o consecutivo el Programa Escolar de consumo de frutas, hortalizas y leche de la Uni\u00f3n Europea. El programa tiene como finalidad el fomento del consumo de estos productos y promover h\u00e1bitos alimentarios saludables,\u00a0as\u00ed como la disminuci\u00f3n de la obesidad y enfermedades asociadas.\u00a0<\/p>\n<p>Nuestro Instituto est\u00e1 adherido ha este programa desde el curso 2022-23 . Se desarrollar\u00e1 durante los meses de marzo, abril y mayo donde nos traer\u00e1n leche y fruta (peras, manzanas, mandarinas, pl\u00e1tanos, &#8230;) preparados para el consumo para todos nuestros alumnos.<\/p>\n\n\n<figure class=\"wp-block-image size-full\"><img loading=\"lazy\" decoding=\"async\" width=\"400\" height=\"567\" src=\"https:\/\/site.educa.madrid.org\/ies.becquer.moraleja\/\/wp-content\/uploads\/ies.becquer.moraleja\/2026\/01\/imagen_frutas_hortalizas_lacteos_tcm69-568334.jpg\" alt=\"\" class=\"wp-image-5974\" srcset=\"https:\/\/site.educa.madrid.org\/ies.becquer.moraleja\/\/wp-content\/uploads\/ies.becquer.moraleja\/2026\/01\/imagen_frutas_hortalizas_lacteos_tcm69-568334.jpg 400w, https:\/\/site.educa.madrid.org\/ies.becquer.moraleja\/\/wp-content\/uploads\/ies.becquer.moraleja\/2026\/01\/imagen_frutas_hortalizas_lacteos_tcm69-568334-212x300.jpg 212w, https:\/\/site.educa.madrid.org\/ies.becquer.moraleja\/\/wp-content\/uploads\/ies.becquer.moraleja\/2026\/01\/imagen_frutas_hortalizas_lacteos_tcm69-568334-230x326.jpg 230w, https:\/\/site.educa.madrid.org\/ies.becquer.moraleja\/\/wp-content\/uploads\/ies.becquer.moraleja\/2026\/01\/imagen_frutas_hortalizas_lacteos_tcm69-568334-350x496.jpg 350w\" sizes=\"auto, (max-width: 400px) 100vw, 400px\" \/><\/figure>\n","protected":false},"excerpt":{"rendered":"<p>La Comunidad de Madrid, a trav\u00e9s de la Consejer\u00eda de Medio Ambiente, Ordenaci\u00f3n del Territorio y Sostenibilidad y en colaboraci\u00f3n con la [&hellip;]<\/p>\n","protected":false},"author":3,"featured_media":0,"parent":0,"menu_order":0,"comment_status":"closed","ping_status":"closed","template":"","meta":{"footnotes":""},"folder":[],"class_list":["post-3906","page","type-page","status-publish","hentry"],"rttpg_featured_image_url":null,"rttpg_author":{"display_name":"ies.becquer.moraleja","author_link":"https:\/\/site.educa.madrid.org\/ies.becquer.moraleja\/index.php\/author\/cuenta_ies-becquer-moraleja\/"},"rttpg_comment":0,"rttpg_category":false,"rttpg_excerpt":"La Comunidad de Madrid, a trav\u00e9s de la Consejer\u00eda de Medio Ambiente, Ordenaci\u00f3n del Territorio y Sostenibilidad y en colaboraci\u00f3n con la [&hellip;]","post_mailing_queue_ids":[],"_links":{"self":[{"href":"https:\/\/site.educa.madrid.org\/ies.becquer.moraleja\/index.php\/wp-json\/wp\/v2\/pages\/3906","targetHints":{"allow":["GET"]}}],"collection":[{"href":"https:\/\/site.educa.madrid.org\/ies.becquer.moraleja\/index.php\/wp-json\/wp\/v2\/pages"}],"about":[{"href":"https:\/\/site.educa.madrid.org\/ies.becquer.moraleja\/index.php\/wp-json\/wp\/v2\/types\/page"}],"author":[{"embeddable":true,"href":"https:\/\/site.educa.madrid.org\/ies.becquer.moraleja\/index.php\/wp-json\/wp\/v2\/users\/3"}],"replies":[{"embeddable":true,"href":"https:\/\/site.educa.madrid.org\/ies.becquer.moraleja\/index.php\/wp-json\/wp\/v2\/comments?post=3906"}],"version-history":[{"count":1,"href":"https:\/\/site.educa.madrid.org\/ies.becquer.moraleja\/index.php\/wp-json\/wp\/v2\/pages\/3906\/revisions"}],"predecessor-version":[{"id":5976,"href":"https:\/\/site.educa.madrid.org\/ies.becquer.moraleja\/index.php\/wp-json\/wp\/v2\/pages\/3906\/revisions\/5976"}],"wp:attachment":[{"href":"https:\/\/site.educa.madrid.org\/ies.becquer.moraleja\/index.php\/wp-json\/wp\/v2\/media?parent=3906"}],"wp:term":[{"taxonomy":"folder","embeddable":true,"href":"https:\/\/site.educa.madrid.org\/ies.becquer.moraleja\/index.php\/wp-json\/wp\/v2\/folder?post=3906"}],"curies":[{"name":"wp","href":"https:\/\/api.w.org\/{rel}","templated":true}]}}