{"id":401,"date":"2022-06-24T09:08:16","date_gmt":"2022-06-24T07:08:16","guid":{"rendered":"https:\/\/site.educa.madrid.org\/ies.becquer.moraleja\/?page_id=401"},"modified":"2026-03-22T17:08:40","modified_gmt":"2026-03-22T16:08:40","slug":"educacion-secundaria-obligatoria","status":"publish","type":"page","link":"https:\/\/site.educa.madrid.org\/ies.becquer.moraleja\/index.php\/ensenanzas\/educacion-secundaria-obligatoria\/","title":{"rendered":"Educaci\u00f3n Secundaria Obligatoria"},"content":{"rendered":"\n<h2 class=\"wp-block-heading\"><strong>Educaci\u00f3n Secundaria Obligatoria<\/strong><\/h2>\n\n\n\n<p>La finalidad de la Educaci\u00f3n Secundaria Obligatoria consiste en lograr que los alumnos adquieran los elementos b\u00e1sicos de la cultura, especialmente en sus aspectos human\u00edstico, art\u00edstico, cient\u00edfico y tecnol\u00f3gico; desarrollar y consolidar en ellos h\u00e1bitos de estudio y de trabajo; prepararles para su incorporaci\u00f3n a estudios posteriores y para su inserci\u00f3n laboral y formarles para el ejercicio de sus derechos y obligaciones en la vida como ciudadanos.<\/p>\n\n\n\n<h3 class=\"wp-block-heading\"><strong>Plan de estudios en la etapa de Educaci\u00f3n Secundaria Obligatoria<\/strong><\/h3>\n\n\n<div\n\t\t\t\n\t\t\tclass=\"so-widget-sow-accordion so-widget-sow-accordion-default-6a91116d362c\"\n\t\t\t data-max-open-panels=\"0\" data-initial-scroll-panel=\"0\"\n\t\t><div>\n\t<div class=\"sow-accordion\">\n\t\t\t<div class=\"sow-accordion-panel\"\n\t\t\t data-anchor=\"1%c2%ba-de-eso\">\n\t\t\t\t<div class=\"sow-accordion-panel-header-container\" role=\"heading\" aria-level=\"2\">\n\t\t\t\t\t<div class=\"sow-accordion-panel-header\" tabindex=\"0\" role=\"button\" id=\"accordion-label-1%c2%ba-de-eso\" aria-controls=\"accordion-content-1%c2%ba-de-eso\" aria-expanded=\"false\">\n\t\t\t\t\t\t<div class=\"sow-accordion-title sow-accordion-title-icon-left\">\n\t\t\t\t\t\t\t\t\t\t\t\t\t\t1\u00ba de ESO\t\t\t\t\t\t\t\t\t\t\t\t\t<\/div>\n\t\t\t\t\t\t<div class=\"sow-accordion-open-close-button\">\n\t\t\t\t\t\t\t<div class=\"sow-accordion-open-button\">\n\t\t\t\t\t\t\t\t<span class=\"sow-icon-fontawesome sow-fas\" data-sow-icon=\"&#x2b;\"\n\t\t \n\t\taria-hidden=\"true\"><\/span>\t\t\t\t\t\t\t<\/div>\n\t\t\t\t\t\t\t<div class=\"sow-accordion-close-button\">\n\t\t\t\t\t\t\t\t<span class=\"sow-icon-fontawesome sow-fas\" data-sow-icon=\"&#xf068;\"\n\t\t \n\t\taria-hidden=\"true\"><\/span>\t\t\t\t\t\t\t<\/div>\n\t\t\t\t\t\t<\/div>\n\t\t\t\t\t<\/div>\n\t\t\t\t<\/div>\n\n\t\t\t<div\n\t\t\t\tclass=\"sow-accordion-panel-content\"\n\t\t\t\trole=\"region\"\n\t\t\t\taria-labelledby=\"accordion-label-1%c2%ba-de-eso\"\n\t\t\t\tid=\"accordion-content-1%c2%ba-de-eso\"\n\t\t\t\tstyle=\"display: none;\"\t\t\t>\n\t\t\t\t<div class=\"sow-accordion-panel-border\">\n\t\t\t\t\t<h4>Materias comunes<\/h4>\n<p class=\"Textbody\">Lengua Castellana y Literatura (5 horas)<\/p>\n<p class=\"Textbody\">Matem\u00e1ticas (4 horas)<\/p>\n<p class=\"Textbody\">Primera Lengua Extranjera (Ingl\u00e9s) (4 horas)<\/p>\n<p class=\"Textbody\">Biolog\u00eda y Geolog\u00eda (3 horas)<\/p>\n<p class=\"Textbody\">Geograf\u00eda e Historia (3 horas)<\/p>\n<p class=\"Textbody\">Educaci\u00f3n F\u00edsica (2 horas)<\/p>\n<p class=\"Textbody\">Educaci\u00f3n Pl\u00e1stica, Visual y Audiovisual (2 horas)<\/p>\n<p class=\"Textbody\">Tecnolog\u00eda, Programaci\u00f3n y Rob\u00f3tica (2 horas)<\/p>\n<p class=\"Textbody\">Tutor\u00eda (1 hora)<\/p>\n<h4>Materias optativas (se elige una)<\/h4>\n<p class=\"Textbody\">Segunda lengua extranjera (franc\u00e9s) (2 horas)<\/p>\n<p class=\"Textbody\">Deporte (1 hora)<\/p>\n<p>Ciencias de la Computaci\u00f3n (1 hora)<\/p>\n<p class=\"Textbody\">Recuperaci\u00f3n de Lengua (1 hora)<\/p>\n<p class=\"Textbody\">Recuperaci\u00f3n de Matem\u00e1ticas (1 hora)<\/p>\n<p class=\"Textbody\">Taller de M\u00fasica (1 hora)<\/p>\n<p class=\"Textbody\">Taller de Geograf\u00eda e Historia (1 hora)<\/p>\n<p class=\"Textbody\">Ampliaci\u00f3n de Ingl\u00e9s (1 hora)<\/p>\n<h4>Materias espec\u00edficas obligatorias<\/h4>\n<p class=\"Textbody\">Se elige una entre Religi\u00f3n y Valores \u00c9ticos (2 horas)<\/p>\n\t\t\t\t<\/div>\n\t\t\t<\/div>\n\t\t<\/div>\n\t\t\t<div class=\"sow-accordion-panel\"\n\t\t\t data-anchor=\"2%c2%ba-de-eso\">\n\t\t\t\t<div class=\"sow-accordion-panel-header-container\" role=\"heading\" aria-level=\"2\">\n\t\t\t\t\t<div class=\"sow-accordion-panel-header\" tabindex=\"0\" role=\"button\" id=\"accordion-label-2%c2%ba-de-eso\" aria-controls=\"accordion-content-2%c2%ba-de-eso\" aria-expanded=\"false\">\n\t\t\t\t\t\t<div class=\"sow-accordion-title sow-accordion-title-icon-left\">\n\t\t\t\t\t\t\t\t\t\t\t\t\t\t2\u00ba de ESO\t\t\t\t\t\t\t\t\t\t\t\t\t<\/div>\n\t\t\t\t\t\t<div class=\"sow-accordion-open-close-button\">\n\t\t\t\t\t\t\t<div class=\"sow-accordion-open-button\">\n\t\t\t\t\t\t\t\t<span class=\"sow-icon-fontawesome sow-fas\" data-sow-icon=\"&#x2b;\"\n\t\t \n\t\taria-hidden=\"true\"><\/span>\t\t\t\t\t\t\t<\/div>\n\t\t\t\t\t\t\t<div class=\"sow-accordion-close-button\">\n\t\t\t\t\t\t\t\t<span class=\"sow-icon-fontawesome sow-fas\" data-sow-icon=\"&#xf068;\"\n\t\t \n\t\taria-hidden=\"true\"><\/span>\t\t\t\t\t\t\t<\/div>\n\t\t\t\t\t\t<\/div>\n\t\t\t\t\t<\/div>\n\t\t\t\t<\/div>\n\n\t\t\t<div\n\t\t\t\tclass=\"sow-accordion-panel-content\"\n\t\t\t\trole=\"region\"\n\t\t\t\taria-labelledby=\"accordion-label-2%c2%ba-de-eso\"\n\t\t\t\tid=\"accordion-content-2%c2%ba-de-eso\"\n\t\t\t\tstyle=\"display: none;\"\t\t\t>\n\t\t\t\t<div class=\"sow-accordion-panel-border\">\n\t\t\t\t\t<h4>Materias comunes<\/h4>\n<p class=\"Textbody\">Lengua Castellana y Literatura (5 horas)<\/p>\n<p class=\"Textbody\">Matem\u00e1ticas (4 horas)<\/p>\n<p class=\"Textbody\">Primera Lengua Extranjera (Ingl\u00e9s) (3 horas)<\/p>\n<p class=\"Textbody\">F\u00edsica y Qu\u00edmica (3 horas)<\/p>\n<p class=\"Textbody\">Geograf\u00eda e Historia (3 horas)<\/p>\n<p class=\"Textbody\">Educaci\u00f3n F\u00edsica (2 horas)<\/p>\n<p class=\"Textbody\">Educaci\u00f3n Pl\u00e1stica, Visual y Audiovisual (2 horas)<\/p>\n<p class=\"Textbody\">M\u00fasica (2 horas)<\/p>\n<p class=\"Textbody\">Tecnolog\u00eda, Programaci\u00f3n y Rob\u00f3tica (2 horas)<\/p>\n<p class=\"Textbody\">Tutor\u00eda (1 hora)<\/p>\n<h4>Materias optativas (se elige una)<\/h4>\n<p class=\"Textbody\">Segunda Lengua Extranjera (Franc\u00e9s) (2 horas)<\/p>\n<p class=\"Textbody\">Ampliaci\u00f3n de Ingl\u00e9s (2 horas)<\/p>\n<p>Biopr\u00e1cticas (2 horas)<\/p>\n<p class=\"Textbody\">Taller de Ajedrez (2 horas)<\/p>\n<p class=\"Textbody\">Deporte (2 horas)<\/p>\n<p class=\"Textbody\">Recuperaci\u00f3n de Lengua (2 horas)<\/p>\n<p class=\"Textbody\">Recuperaci\u00f3n de Matem\u00e1ticas (2 horas)<\/p>\n<h4>Materias espec\u00edficas obligatorias<\/h4>\n<p class=\"Textbody\">Se elige una entre Religi\u00f3n y Valores \u00c9ticos (1 hora)<\/p>\n\t\t\t\t<\/div>\n\t\t\t<\/div>\n\t\t<\/div>\n\t\t\t<div class=\"sow-accordion-panel\"\n\t\t\t data-anchor=\"3%c2%ba-de-eso\">\n\t\t\t\t<div class=\"sow-accordion-panel-header-container\" role=\"heading\" aria-level=\"2\">\n\t\t\t\t\t<div class=\"sow-accordion-panel-header\" tabindex=\"0\" role=\"button\" id=\"accordion-label-3%c2%ba-de-eso\" aria-controls=\"accordion-content-3%c2%ba-de-eso\" aria-expanded=\"false\">\n\t\t\t\t\t\t<div class=\"sow-accordion-title sow-accordion-title-icon-left\">\n\t\t\t\t\t\t\t\t\t\t\t\t\t\t3\u00ba de ESO \t\t\t\t\t\t\t\t\t\t\t\t\t<\/div>\n\t\t\t\t\t\t<div class=\"sow-accordion-open-close-button\">\n\t\t\t\t\t\t\t<div class=\"sow-accordion-open-button\">\n\t\t\t\t\t\t\t\t<span class=\"sow-icon-fontawesome sow-fas\" data-sow-icon=\"&#x2b;\"\n\t\t \n\t\taria-hidden=\"true\"><\/span>\t\t\t\t\t\t\t<\/div>\n\t\t\t\t\t\t\t<div class=\"sow-accordion-close-button\">\n\t\t\t\t\t\t\t\t<span class=\"sow-icon-fontawesome sow-fas\" data-sow-icon=\"&#xf068;\"\n\t\t \n\t\taria-hidden=\"true\"><\/span>\t\t\t\t\t\t\t<\/div>\n\t\t\t\t\t\t<\/div>\n\t\t\t\t\t<\/div>\n\t\t\t\t<\/div>\n\n\t\t\t<div\n\t\t\t\tclass=\"sow-accordion-panel-content\"\n\t\t\t\trole=\"region\"\n\t\t\t\taria-labelledby=\"accordion-label-3%c2%ba-de-eso\"\n\t\t\t\tid=\"accordion-content-3%c2%ba-de-eso\"\n\t\t\t\tstyle=\"display: none;\"\t\t\t>\n\t\t\t\t<div class=\"sow-accordion-panel-border\">\n\t\t\t\t\t<h4>Materias comunes<\/h4>\n<p class=\"Textbody\">Lengua Castellana y Literatura (4 horas)<\/p>\n<p class=\"Textbody\">Matem\u00e1ticas (Hay que elegir entre matem\u00e1ticas acad\u00e9micas o matem\u00e1ticas aplicadas) (4 horas)<\/p>\n<p class=\"Textbody\">Primera Lengua Extranjera (Ingl\u00e9s) (3 horas)<\/p>\n<p class=\"Textbody\">F\u00edsica y Qu\u00edmica (3 horas)<\/p>\n<p class=\"Textbody\">Geograf\u00eda e Historia (3 horas)<\/p>\n<p class=\"Textbody\">Educaci\u00f3n F\u00edsica (3 horas)<\/p>\n<p class=\"Textbody\">Biolog\u00eda y Geolog\u00eda (3 horas)<\/p>\n<p class=\"Textbody\">M\u00fasica (2 horas)<\/p>\n<p class=\"Textbody\">Tecnolog\u00eda, Programaci\u00f3n y Rob\u00f3tica (2 horas)<\/p>\n<p class=\"Textbody\">Tutor\u00eda (1 hora)<\/p>\n<h4>Materias optativas (se elige una)<\/h4>\n<p class=\"Textbody\">Segunda Lengua Extranjera (Franc\u00e9s) ( 2 horas)<\/p>\n<p class=\"Textbody\">Ampliaci\u00f3n de Primera Lengua Extranjera (Ingl\u00e9s) (1 hora)<\/p>\n<p class=\"Textbody\">Recuperaci\u00f3n de Matem\u00e1ticas (1 hora)<\/p>\n<p class=\"Textbody\">Cultura Cl\u00e1sica (1 hora)<\/p>\n<p class=\"Textbody\">Deporte (1 hora)<\/p>\n<p>Proyecto ( Huerto) (1 hora)<\/p>\n<p class=\"Textbody\">Iniciaci\u00f3n a la Actividad Emprendedora y Empresarial (1 hora)<\/p>\n<h4>Materias espec\u00edficas obligatorias<\/h4>\n<p class=\"Textbody\">Se elige una entre Religi\u00f3n y Valores \u00c9ticos (1 hora)<\/p>\n\t\t\t\t<\/div>\n\t\t\t<\/div>\n\t\t<\/div>\n\t\t\t<div class=\"sow-accordion-panel\"\n\t\t\t data-anchor=\"4%c2%ba-de-eso\">\n\t\t\t\t<div class=\"sow-accordion-panel-header-container\" role=\"heading\" aria-level=\"2\">\n\t\t\t\t\t<div class=\"sow-accordion-panel-header\" tabindex=\"0\" role=\"button\" id=\"accordion-label-4%c2%ba-de-eso\" aria-controls=\"accordion-content-4%c2%ba-de-eso\" aria-expanded=\"false\">\n\t\t\t\t\t\t<div class=\"sow-accordion-title sow-accordion-title-icon-left\">\n\t\t\t\t\t\t\t\t\t\t\t\t\t\t4\u00ba de ESO\t\t\t\t\t\t\t\t\t\t\t\t\t<\/div>\n\t\t\t\t\t\t<div class=\"sow-accordion-open-close-button\">\n\t\t\t\t\t\t\t<div class=\"sow-accordion-open-button\">\n\t\t\t\t\t\t\t\t<span class=\"sow-icon-fontawesome sow-fas\" data-sow-icon=\"&#x2b;\"\n\t\t \n\t\taria-hidden=\"true\"><\/span>\t\t\t\t\t\t\t<\/div>\n\t\t\t\t\t\t\t<div class=\"sow-accordion-close-button\">\n\t\t\t\t\t\t\t\t<span class=\"sow-icon-fontawesome sow-fas\" data-sow-icon=\"&#xf068;\"\n\t\t \n\t\taria-hidden=\"true\"><\/span>\t\t\t\t\t\t\t<\/div>\n\t\t\t\t\t\t<\/div>\n\t\t\t\t\t<\/div>\n\t\t\t\t<\/div>\n\n\t\t\t<div\n\t\t\t\tclass=\"sow-accordion-panel-content\"\n\t\t\t\trole=\"region\"\n\t\t\t\taria-labelledby=\"accordion-label-4%c2%ba-de-eso\"\n\t\t\t\tid=\"accordion-content-4%c2%ba-de-eso\"\n\t\t\t\tstyle=\"display: none;\"\t\t\t>\n\t\t\t\t<div class=\"sow-accordion-panel-border\">\n\t\t\t\t\t<table width=\"643\">\n<tbody>\n<tr>\n<td colspan=\"4\" width=\"643\">\n<p><strong>MATERIAS COMUNES<\/strong><\/p>\n<ul>\n<li>Lengua Castellana y Literatura (4 horas)<\/li>\n<li>Geograf\u00eda e Historia (3 horas)<\/li>\n<li>Primera Lengua Extranjera (Ingl\u00e9s) (4 horas)<\/li>\n<li>Educaci\u00f3n F\u00edsica (2 horas)<\/li>\n<li>Religi\u00f3n \/ Valores \u00c9ticos (2 horas)<\/li>\n<li>Tutor\u00eda (1 hora)<\/li>\n<\/ul>\n<\/td>\n<\/tr>\n<tr>\n<td colspan=\"2\" width=\"321\">\n<p><strong>ENSE\u00d1ANZAS ACAD\u00c9MICAS<\/strong><\/p>\n<ul>\n<li>Matem\u00e1ticas Orientadas a las Ense\u00f1anzas Acad\u00e9micas (4 horas)<\/li>\n<\/ul>\n<\/td>\n<td colspan=\"2\" width=\"321\">\n<p><strong>ENSE\u00d1ANZAS APLICADAS<\/strong><\/p>\n<ul>\n<li>Matem\u00e1ticas Orientadas a las Ense\u00f1anzas Aplicadas (4 horas)<\/li>\n<li>Tecnolog\u00eda (3 horas)<\/li>\n<\/ul>\n<\/td>\n<\/tr>\n<tr>\n<td width=\"161\">\n<p><strong>Itinerario A<\/strong><\/p>\n<p>Biolog\u00eda y geolog\u00eda (3 horas)<\/p>\n<p>F\u00edsica y Qu\u00edmica (3 horas)<\/p>\n<\/td>\n<td width=\"161\">\n<p><strong>Itinerario B<\/strong><\/p>\n<p>Econom\u00eda (3 horas)<\/p>\n<p>Lat\u00edn (3 horas)<\/p>\n<\/td>\n<td width=\"161\">\n<p><strong>Itinerario A<\/strong><\/p>\n<p>Ciencias Aplicadas a la Actividad Profesional (3 horas)<\/p>\n<\/td>\n<td width=\"161\">\n<p><strong>Itinerario B<\/strong><\/p>\n<p>Iniciaci\u00f3n a la Actividad Emprendedora y Empresarial (3 horas)<\/p>\n<\/td>\n<\/tr>\n<tr>\n<td colspan=\"4\" width=\"643\">\n<p>Dos materias optativas, a elegir <strong>una de cada columna <\/strong>(no elegir la misma en las dos columnas):<\/p>\n<\/td>\n<\/tr>\n<tr>\n<td colspan=\"2\" width=\"321\">\n<p>Segunda Lengua Extranjera (Franc\u00e9s) (2 horas)<\/p>\n<p>Cultura Cl\u00e1sica (2 horas)<\/p>\n<p>Educaci\u00f3n Pl\u00e1stica y Visual (2 horas)<\/p>\n<p>Filosof\u00eda (2 horas)<\/p>\n<p>M\u00fasica (2 horas)<\/p>\n<p>Tecnolog\u00edas de la Informaci\u00f3n y la Comunicaci\u00f3n (2 horas)<\/p>\n<\/td>\n<td colspan=\"2\" width=\"321\">\n<p>Segunda Lengua Extranjera (Franc\u00e9s) (2 horas)<\/p>\n<p>Cultura Cl\u00e1sica(2 horas)<\/p>\n<p>Educaci\u00f3n Pl\u00e1stica y Visual (2 horas)<\/p>\n<p>M\u00fasica (2 horas)<\/p>\n<p>Tecnolog\u00edas de la Informaci\u00f3n y la Comunicaci\u00f3n (2 horas)<\/p>\n<p>Filosof\u00eda (2 horas)<\/p>\n<p>Ampliaci\u00f3n de Biolog\u00eda (2 horas)<\/p>\n<p>Teatro (2 horas)<\/p>\n<p>TPR. Proyectos Tecnol\u00f3gicos (2 horas)<\/p>\n<p>Deporte (2 horas)<\/p>\n<p>Proyecto ( Laboratorio Ciencias) (2 horas)<\/p>\n<p>Ampliaci\u00f3n de Ingl\u00e9s (2 horas)\u00a0<\/p>\n<p>Ampliaci\u00f3n de F\u00edsica y Qu\u00edmica (2 horas)<\/p>\n<p>Ampliaci\u00f3n de Matem\u00e1ticas (2 horas)<\/p>\n<\/td>\n<\/tr>\n<\/tbody>\n<\/table>\n\t\t\t\t<\/div>\n\t\t\t<\/div>\n\t\t<\/div>\n\t\t<\/div>\n<\/div>\n<\/div>","protected":false},"excerpt":{"rendered":"<p>Educaci\u00f3n Secundaria Obligatoria La finalidad de la Educaci\u00f3n Secundaria Obligatoria consiste en lograr que los alumnos adquieran los elementos b\u00e1sicos de la [&hellip;]<\/p>\n","protected":false},"author":5,"featured_media":0,"parent":125,"menu_order":1,"comment_status":"closed","ping_status":"closed","template":"","meta":{"footnotes":""},"folder":[],"class_list":["post-401","page","type-page","status-publish","hentry"],"rttpg_featured_image_url":null,"rttpg_author":{"display_name":"Cuenta Admin-educamadrid","author_link":"https:\/\/site.educa.madrid.org\/ies.becquer.moraleja\/index.php\/author\/cuenta_admin-educamadrid\/"},"rttpg_comment":0,"rttpg_category":false,"rttpg_excerpt":"Educaci\u00f3n Secundaria Obligatoria La finalidad de la Educaci\u00f3n Secundaria Obligatoria consiste en lograr que los alumnos adquieran los elementos b\u00e1sicos de la [&hellip;]","post_mailing_queue_ids":[],"_links":{"self":[{"href":"https:\/\/site.educa.madrid.org\/ies.becquer.moraleja\/index.php\/wp-json\/wp\/v2\/pages\/401","targetHints":{"allow":["GET"]}}],"collection":[{"href":"https:\/\/site.educa.madrid.org\/ies.becquer.moraleja\/index.php\/wp-json\/wp\/v2\/pages"}],"about":[{"href":"https:\/\/site.educa.madrid.org\/ies.becquer.moraleja\/index.php\/wp-json\/wp\/v2\/types\/page"}],"author":[{"embeddable":true,"href":"https:\/\/site.educa.madrid.org\/ies.becquer.moraleja\/index.php\/wp-json\/wp\/v2\/users\/5"}],"replies":[{"embeddable":true,"href":"https:\/\/site.educa.madrid.org\/ies.becquer.moraleja\/index.php\/wp-json\/wp\/v2\/comments?post=401"}],"version-history":[{"count":3,"href":"https:\/\/site.educa.madrid.org\/ies.becquer.moraleja\/index.php\/wp-json\/wp\/v2\/pages\/401\/revisions"}],"predecessor-version":[{"id":6278,"href":"https:\/\/site.educa.madrid.org\/ies.becquer.moraleja\/index.php\/wp-json\/wp\/v2\/pages\/401\/revisions\/6278"}],"up":[{"embeddable":true,"href":"https:\/\/site.educa.madrid.org\/ies.becquer.moraleja\/index.php\/wp-json\/wp\/v2\/pages\/125"}],"wp:attachment":[{"href":"https:\/\/site.educa.madrid.org\/ies.becquer.moraleja\/index.php\/wp-json\/wp\/v2\/media?parent=401"}],"wp:term":[{"taxonomy":"folder","embeddable":true,"href":"https:\/\/site.educa.madrid.org\/ies.becquer.moraleja\/index.php\/wp-json\/wp\/v2\/folder?post=401"}],"curies":[{"name":"wp","href":"https:\/\/api.w.org\/{rel}","templated":true}]}}