{"id":513,"date":"2022-06-29T10:20:37","date_gmt":"2022-06-29T08:20:37","guid":{"rendered":"https:\/\/site.educa.madrid.org\/ies.becquer.moraleja\/?page_id=513"},"modified":"2025-12-03T09:20:09","modified_gmt":"2025-12-03T08:20:09","slug":"educacion-plastica-y-visual","status":"publish","type":"page","link":"https:\/\/site.educa.madrid.org\/ies.becquer.moraleja\/index.php\/quienes-somos\/equipo-docente\/educacion-plastica-y-visual\/","title":{"rendered":"Educaci\u00f3n Pl\u00e1stica y Visual"},"content":{"rendered":"<p class=\"Textbody\">La Educaci\u00f3n Art\u00edstica se puede convertir en un viaje apasionante. La <span class=\"StrongEmphasis\">importancia de la asignatura<\/span> en los procesos de aprendizaje es un hecho que ha quedado plenamente reconocido en todos los campos de la ense\u00f1anza, por no mencionar los incontables beneficios para el equilibrio y desarrollo personal que tiene la expresi\u00f3n pl\u00e1stica. Por ello, en este centro, desde el Departamento de Educaci\u00f3n Pl\u00e1stica y Visual se hace posible que los alumnos <strong><span class=\"StrongEmphasis\">se expresen dibujando, pintando o mediante el volumen y muestren el mundo a trav\u00e9s de sus ojos<\/span>.<\/strong><\/p>\n<p class=\"Textbody\">Si bien est\u00e1 claro que no todos se van a dedicar a profesiones creativas, tambi\u00e9n es cierto que la creatividad siempre formar\u00e1 parte de sus vidas y su futuro.<\/p>\n<p class=\"Textbody\"><b><span style=\"font-size: 14.0pt; line-height: 115%;\">Profesores del Departamento 2025-26<\/span><\/b><\/p>\n<table width=\"595\">\n<tbody>\n<tr>\n<td width=\"294\">Lerena Sancha, Sara Mar\u00eda<\/td>\n<td width=\"301\"><a href=\"mailto:sara.lerena@educa.madrid.org\">sara.lerena@educa.madrid.org<\/a><\/td>\n<\/tr>\n<\/tbody>\n<\/table>\n<p class=\"Textbody\"><b><span style=\"font-size: 14.0pt; line-height: 115%;\">Criterios de calificaci\u00f3n 2025-26<\/span><\/b><\/p>\n<p class=\"Textbody\">[Publicar los criterios de calificaci\u00f3n]<\/p>\n\n\n<div data-wp-interactive=\"core\/file\" class=\"wp-block-file\"><object data-wp-bind--hidden=\"!state.hasPdfPreview\" hidden class=\"wp-block-file__embed\" data=\"https:\/\/site.educa.madrid.org\/ies.becquer.moraleja\/\/wp-content\/uploads\/ies.becquer.moraleja\/2025\/12\/CCDIBUJO2526.pdf\" type=\"application\/pdf\" style=\"width:100%;height:600px\" aria-label=\"Incrustado de CCDIBUJO2526.\"><\/object><a id=\"wp-block-file--media-cdffbbb2-f343-452e-b00c-b7f65ac31b5d\" href=\"https:\/\/site.educa.madrid.org\/ies.becquer.moraleja\/\/wp-content\/uploads\/ies.becquer.moraleja\/2025\/12\/CCDIBUJO2526.pdf\">CCDIBUJO2526<\/a><a href=\"https:\/\/site.educa.madrid.org\/ies.becquer.moraleja\/\/wp-content\/uploads\/ies.becquer.moraleja\/2025\/12\/CCDIBUJO2526.pdf\" class=\"wp-block-file__button wp-element-button\" download aria-describedby=\"wp-block-file--media-cdffbbb2-f343-452e-b00c-b7f65ac31b5d\">Descarga<\/a><\/div>\n","protected":false},"excerpt":{"rendered":"<p>La Educaci\u00f3n Art\u00edstica se puede convertir en un viaje apasionante. La importancia de la asignatura en los procesos de aprendizaje es un [&hellip;]<\/p>\n","protected":false},"author":5,"featured_media":0,"parent":121,"menu_order":3,"comment_status":"closed","ping_status":"closed","template":"","meta":{"footnotes":""},"folder":[],"class_list":["post-513","page","type-page","status-publish","hentry"],"rttpg_featured_image_url":null,"rttpg_author":{"display_name":"Cuenta Admin-educamadrid","author_link":"https:\/\/site.educa.madrid.org\/ies.becquer.moraleja\/index.php\/author\/cuenta_admin-educamadrid\/"},"rttpg_comment":0,"rttpg_category":false,"rttpg_excerpt":"La Educaci\u00f3n Art\u00edstica se puede convertir en un viaje apasionante. La importancia de la asignatura en los procesos de aprendizaje es un [&hellip;]","post_mailing_queue_ids":[],"_links":{"self":[{"href":"https:\/\/site.educa.madrid.org\/ies.becquer.moraleja\/index.php\/wp-json\/wp\/v2\/pages\/513","targetHints":{"allow":["GET"]}}],"collection":[{"href":"https:\/\/site.educa.madrid.org\/ies.becquer.moraleja\/index.php\/wp-json\/wp\/v2\/pages"}],"about":[{"href":"https:\/\/site.educa.madrid.org\/ies.becquer.moraleja\/index.php\/wp-json\/wp\/v2\/types\/page"}],"author":[{"embeddable":true,"href":"https:\/\/site.educa.madrid.org\/ies.becquer.moraleja\/index.php\/wp-json\/wp\/v2\/users\/5"}],"replies":[{"embeddable":true,"href":"https:\/\/site.educa.madrid.org\/ies.becquer.moraleja\/index.php\/wp-json\/wp\/v2\/comments?post=513"}],"version-history":[{"count":4,"href":"https:\/\/site.educa.madrid.org\/ies.becquer.moraleja\/index.php\/wp-json\/wp\/v2\/pages\/513\/revisions"}],"predecessor-version":[{"id":5740,"href":"https:\/\/site.educa.madrid.org\/ies.becquer.moraleja\/index.php\/wp-json\/wp\/v2\/pages\/513\/revisions\/5740"}],"up":[{"embeddable":true,"href":"https:\/\/site.educa.madrid.org\/ies.becquer.moraleja\/index.php\/wp-json\/wp\/v2\/pages\/121"}],"wp:attachment":[{"href":"https:\/\/site.educa.madrid.org\/ies.becquer.moraleja\/index.php\/wp-json\/wp\/v2\/media?parent=513"}],"wp:term":[{"taxonomy":"folder","embeddable":true,"href":"https:\/\/site.educa.madrid.org\/ies.becquer.moraleja\/index.php\/wp-json\/wp\/v2\/folder?post=513"}],"curies":[{"name":"wp","href":"https:\/\/api.w.org\/{rel}","templated":true}]}}