{"id":517,"date":"2022-06-29T10:21:42","date_gmt":"2022-06-29T08:21:42","guid":{"rendered":"https:\/\/site.educa.madrid.org\/ies.becquer.moraleja\/?page_id=517"},"modified":"2026-01-14T09:02:23","modified_gmt":"2026-01-14T08:02:23","slug":"filosofia","status":"publish","type":"page","link":"https:\/\/site.educa.madrid.org\/ies.becquer.moraleja\/index.php\/quienes-somos\/equipo-docente\/filosofia\/","title":{"rendered":"Filosof\u00eda"},"content":{"rendered":"<p class=\"Textbody\">El objetivo fundamental de la asignatura es el <b>desarrollo de la actitud reflexiva y cr\u00edtica en los alumnos<\/b>. Por este motivo, las principales metodolog\u00edas est\u00e1n enfocadas en estimular y provocar actitudes reflexivas en las que se sometan a consideraci\u00f3n y an\u00e1lisis tanto la diversidad de aspectos de nuestra experiencia, cuanto los problemas fundamentales que plantean cada uno de ellos y sus relaciones.<\/p>\n<p class=\"Textbody\">El enfoque, por lo tanto, ser\u00e1 <span class=\"StrongEmphasis\"><strong>dotar al alumno de unos conocimientos que le permitan analizar y comprender el entorno social y cultural<\/strong> en<\/span> el que se va a desenvolver su vida, as\u00ed como prepararle para que pueda acceder sin problemas a los estudios superiores.<\/p>\n<p class=\"Textbody\"><b><span style=\"font-size: 14.0pt; line-height: 115%;\">Profesores del Departamento 2025-26<\/span><\/b><\/p>\n<table width=\"595\">\n<tbody>\n<tr>\n<td width=\"294\">Mu\u00f1oz Gonz\u00e1lez, Mar\u00eda Rosa<\/td>\n<td width=\"301\"><a href=\"mailto:mrmg70@educa.madrid.org\">mrmg70@educa.madrid.org<\/a><\/td>\n<\/tr>\n<\/tbody>\n<\/table>\n<p class=\"Textbody\"><b><span style=\"font-size: 14.0pt; line-height: 115%;\">Criterios de calificaci\u00f3n 2025-26<\/span><\/b><\/p>\n<\/p>\n\n\n<div data-wp-interactive=\"core\/file\" class=\"wp-block-file\"><object data-wp-bind--hidden=\"!state.hasPdfPreview\" hidden class=\"wp-block-file__embed\" data=\"https:\/\/site.educa.madrid.org\/ies.becquer.moraleja\/\/wp-content\/uploads\/ies.becquer.moraleja\/2026\/01\/25_26Criterios-de-calificacion_Filosofia-1o-bach.pdf\" type=\"application\/pdf\" style=\"width:100%;height:600px\" aria-label=\"Incrustado de 25_26Criterios de calificaci\u00f3n_Filosof\u00eda 1\u00ba bach.\"><\/object><a id=\"wp-block-file--media-babb2f93-3aaf-4fe6-858c-8f2bebe7df68\" href=\"https:\/\/site.educa.madrid.org\/ies.becquer.moraleja\/\/wp-content\/uploads\/ies.becquer.moraleja\/2026\/01\/25_26Criterios-de-calificacion_Filosofia-1o-bach.pdf\">25_26Criterios de calificaci\u00f3n_Filosof\u00eda 1\u00ba bach<\/a><a href=\"https:\/\/site.educa.madrid.org\/ies.becquer.moraleja\/\/wp-content\/uploads\/ies.becquer.moraleja\/2026\/01\/25_26Criterios-de-calificacion_Filosofia-1o-bach.pdf\" class=\"wp-block-file__button wp-element-button\" download aria-describedby=\"wp-block-file--media-babb2f93-3aaf-4fe6-858c-8f2bebe7df68\">Descarga<\/a><\/div>\n\n\n\n<div data-wp-interactive=\"core\/file\" class=\"wp-block-file\"><object data-wp-bind--hidden=\"!state.hasPdfPreview\" hidden class=\"wp-block-file__embed\" data=\"https:\/\/site.educa.madrid.org\/ies.becquer.moraleja\/\/wp-content\/uploads\/ies.becquer.moraleja\/2026\/01\/25_26Criterios-de-calificacion_Valores-2o-eso.pdf\" type=\"application\/pdf\" style=\"width:100%;height:600px\" aria-label=\"Incrustado de 25_26Criterios de calificaci\u00f3n_Valores 2\u00ba eso.\"><\/object><a id=\"wp-block-file--media-1cb1c5f7-3c47-4482-8475-ff3105364c2b\" href=\"https:\/\/site.educa.madrid.org\/ies.becquer.moraleja\/\/wp-content\/uploads\/ies.becquer.moraleja\/2026\/01\/25_26Criterios-de-calificacion_Valores-2o-eso.pdf\">25_26Criterios de calificaci\u00f3n_Valores 2\u00ba eso<\/a><a href=\"https:\/\/site.educa.madrid.org\/ies.becquer.moraleja\/\/wp-content\/uploads\/ies.becquer.moraleja\/2026\/01\/25_26Criterios-de-calificacion_Valores-2o-eso.pdf\" class=\"wp-block-file__button wp-element-button\" download aria-describedby=\"wp-block-file--media-1cb1c5f7-3c47-4482-8475-ff3105364c2b\">Descarga<\/a><\/div>\n","protected":false},"excerpt":{"rendered":"<p>El objetivo fundamental de la asignatura es el desarrollo de la actitud reflexiva y cr\u00edtica en los alumnos. Por este motivo, las [&hellip;]<\/p>\n","protected":false},"author":5,"featured_media":0,"parent":121,"menu_order":15,"comment_status":"closed","ping_status":"closed","template":"","meta":{"footnotes":""},"folder":[],"class_list":["post-517","page","type-page","status-publish","hentry"],"rttpg_featured_image_url":null,"rttpg_author":{"display_name":"Cuenta Admin-educamadrid","author_link":"https:\/\/site.educa.madrid.org\/ies.becquer.moraleja\/index.php\/author\/cuenta_admin-educamadrid\/"},"rttpg_comment":0,"rttpg_category":false,"rttpg_excerpt":"El objetivo fundamental de la asignatura es el desarrollo de la actitud reflexiva y cr\u00edtica en los alumnos. Por este motivo, las [&hellip;]","post_mailing_queue_ids":[],"_links":{"self":[{"href":"https:\/\/site.educa.madrid.org\/ies.becquer.moraleja\/index.php\/wp-json\/wp\/v2\/pages\/517","targetHints":{"allow":["GET"]}}],"collection":[{"href":"https:\/\/site.educa.madrid.org\/ies.becquer.moraleja\/index.php\/wp-json\/wp\/v2\/pages"}],"about":[{"href":"https:\/\/site.educa.madrid.org\/ies.becquer.moraleja\/index.php\/wp-json\/wp\/v2\/types\/page"}],"author":[{"embeddable":true,"href":"https:\/\/site.educa.madrid.org\/ies.becquer.moraleja\/index.php\/wp-json\/wp\/v2\/users\/5"}],"replies":[{"embeddable":true,"href":"https:\/\/site.educa.madrid.org\/ies.becquer.moraleja\/index.php\/wp-json\/wp\/v2\/comments?post=517"}],"version-history":[{"count":8,"href":"https:\/\/site.educa.madrid.org\/ies.becquer.moraleja\/index.php\/wp-json\/wp\/v2\/pages\/517\/revisions"}],"predecessor-version":[{"id":6019,"href":"https:\/\/site.educa.madrid.org\/ies.becquer.moraleja\/index.php\/wp-json\/wp\/v2\/pages\/517\/revisions\/6019"}],"up":[{"embeddable":true,"href":"https:\/\/site.educa.madrid.org\/ies.becquer.moraleja\/index.php\/wp-json\/wp\/v2\/pages\/121"}],"wp:attachment":[{"href":"https:\/\/site.educa.madrid.org\/ies.becquer.moraleja\/index.php\/wp-json\/wp\/v2\/media?parent=517"}],"wp:term":[{"taxonomy":"folder","embeddable":true,"href":"https:\/\/site.educa.madrid.org\/ies.becquer.moraleja\/index.php\/wp-json\/wp\/v2\/folder?post=517"}],"curies":[{"name":"wp","href":"https:\/\/api.w.org\/{rel}","templated":true}]}}