{"id":519,"date":"2022-06-29T10:22:15","date_gmt":"2022-06-29T08:22:15","guid":{"rendered":"https:\/\/site.educa.madrid.org\/ies.becquer.moraleja\/?page_id=519"},"modified":"2026-01-13T22:45:52","modified_gmt":"2026-01-13T21:45:52","slug":"fisica-y-quimica","status":"publish","type":"page","link":"https:\/\/site.educa.madrid.org\/ies.becquer.moraleja\/index.php\/quienes-somos\/equipo-docente\/fisica-y-quimica\/","title":{"rendered":"F\u00edsica y Qu\u00edmica"},"content":{"rendered":"<p class=\"Textbody\">El Departamento de F\u00edsica y Qu\u00edmica asume la ense\u00f1anza de esta materia desde 2\u00ba ESO hasta 2\u00ba de Bachillerato.<\/p>\n<p class=\"Textbody\">Se desarrollan los<strong> <span class=\"StrongEmphasis\">contenidos te\u00f3ricos<\/span> <\/strong>de cada nivel acompa\u00f1\u00e1ndolos de la <strong><span class=\"StrongEmphasis\">resoluci\u00f3n de problemas<\/span><\/strong> de todo tipo, otorgando especial importancia a aquellos problemas relacionados con cuestiones de actualidad o con la vida cotidiana de los alumnos.<\/p>\n<p class=\"Textbody\">Tambi\u00e9n se trabajan <strong><span class=\"StrongEmphasis\">otras competencias<\/span><\/strong> como la comprensi\u00f3n de textos cient\u00edficos, la capacidad de resumir lo le\u00eddo, de extraer los aspectos interesantes y de presentar informes de manera cient\u00edfica.<\/p>\n<p class=\"Textbody\">Debemos destacar, asimismo, las <span class=\"StrongEmphasis\"><strong>pr\u00e1cticas de laboratorio<\/strong> <\/span>que se realizan a lo largo del curso en todos los grupos (salvo 2\u00ba de Bachillerato dado la extensi\u00f3n de los contenidos y el limitado tiempo para preparar la EVAU), en los que se pretende que el alumno aplique los conocimientos que va adquiriendo, sin olvidar tampoco el aspecto recreativo de las mismas.<\/p>\n<p class=\"Textbody\"><b><span style=\"font-size: 14.0pt; line-height: 115%;\">Profesores del Departamento 2025-26<\/span><\/b><\/p>\n<table width=\"595\">\n<tbody>\n<tr>\n<td width=\"294\">Trinidad Vargas, Eduardo<\/td>\n<td width=\"301\"><a href=\"mailto:eduardo.trinidad@educa.madrid.org\">eduardo.trinidad@educa.madrid.org<\/a><\/td>\n<\/tr>\n<tr>\n<td>Yuste Mu\u00f1oz, Laura<\/td>\n<td><a href=\"mailto:lym791@educa.madrid.org\">lym791@educa.madrid.org<\/a><\/td>\n<\/tr>\n<\/tbody>\n<\/table>\n<p class=\"Textbody\"><b><span style=\"font-size: 14.0pt; line-height: 115%;\">Criterios de calificaci\u00f3n 2025-26<\/span><\/b><\/p>\n<p class=\"Textbody\">\u00a0<\/p>\n\n\n<div data-wp-interactive=\"core\/file\" class=\"wp-block-file\"><object data-wp-bind--hidden=\"!state.hasPdfPreview\" hidden class=\"wp-block-file__embed\" data=\"https:\/\/site.educa.madrid.org\/ies.becquer.moraleja\/\/wp-content\/uploads\/ies.becquer.moraleja\/2026\/01\/CC-FyQ-25-26-Todos.pdf\" type=\"application\/pdf\" style=\"width:100%;height:600px\" aria-label=\"Incrustado de CC FyQ 25-26 Todos.\"><\/object><a id=\"wp-block-file--media-e1da53a4-c08b-4022-b322-94fcb6ad3503\" href=\"https:\/\/site.educa.madrid.org\/ies.becquer.moraleja\/\/wp-content\/uploads\/ies.becquer.moraleja\/2026\/01\/CC-FyQ-25-26-Todos.pdf\">CC FyQ 25-26 Todos<\/a><a href=\"https:\/\/site.educa.madrid.org\/ies.becquer.moraleja\/\/wp-content\/uploads\/ies.becquer.moraleja\/2026\/01\/CC-FyQ-25-26-Todos.pdf\" class=\"wp-block-file__button wp-element-button\" download aria-describedby=\"wp-block-file--media-e1da53a4-c08b-4022-b322-94fcb6ad3503\">Descarga<\/a><\/div>\n","protected":false},"excerpt":{"rendered":"<p>El Departamento de F\u00edsica y Qu\u00edmica asume la ense\u00f1anza de esta materia desde 2\u00ba ESO hasta 2\u00ba de Bachillerato. Se desarrollan los [&hellip;]<\/p>\n","protected":false},"author":5,"featured_media":0,"parent":121,"menu_order":9,"comment_status":"closed","ping_status":"closed","template":"","meta":{"footnotes":""},"folder":[],"class_list":["post-519","page","type-page","status-publish","hentry"],"rttpg_featured_image_url":null,"rttpg_author":{"display_name":"Cuenta Admin-educamadrid","author_link":"https:\/\/site.educa.madrid.org\/ies.becquer.moraleja\/index.php\/author\/cuenta_admin-educamadrid\/"},"rttpg_comment":0,"rttpg_category":false,"rttpg_excerpt":"El Departamento de F\u00edsica y Qu\u00edmica asume la ense\u00f1anza de esta materia desde 2\u00ba ESO hasta 2\u00ba de Bachillerato. Se desarrollan los [&hellip;]","post_mailing_queue_ids":[],"_links":{"self":[{"href":"https:\/\/site.educa.madrid.org\/ies.becquer.moraleja\/index.php\/wp-json\/wp\/v2\/pages\/519","targetHints":{"allow":["GET"]}}],"collection":[{"href":"https:\/\/site.educa.madrid.org\/ies.becquer.moraleja\/index.php\/wp-json\/wp\/v2\/pages"}],"about":[{"href":"https:\/\/site.educa.madrid.org\/ies.becquer.moraleja\/index.php\/wp-json\/wp\/v2\/types\/page"}],"author":[{"embeddable":true,"href":"https:\/\/site.educa.madrid.org\/ies.becquer.moraleja\/index.php\/wp-json\/wp\/v2\/users\/5"}],"replies":[{"embeddable":true,"href":"https:\/\/site.educa.madrid.org\/ies.becquer.moraleja\/index.php\/wp-json\/wp\/v2\/comments?post=519"}],"version-history":[{"count":5,"href":"https:\/\/site.educa.madrid.org\/ies.becquer.moraleja\/index.php\/wp-json\/wp\/v2\/pages\/519\/revisions"}],"predecessor-version":[{"id":6004,"href":"https:\/\/site.educa.madrid.org\/ies.becquer.moraleja\/index.php\/wp-json\/wp\/v2\/pages\/519\/revisions\/6004"}],"up":[{"embeddable":true,"href":"https:\/\/site.educa.madrid.org\/ies.becquer.moraleja\/index.php\/wp-json\/wp\/v2\/pages\/121"}],"wp:attachment":[{"href":"https:\/\/site.educa.madrid.org\/ies.becquer.moraleja\/index.php\/wp-json\/wp\/v2\/media?parent=519"}],"wp:term":[{"taxonomy":"folder","embeddable":true,"href":"https:\/\/site.educa.madrid.org\/ies.becquer.moraleja\/index.php\/wp-json\/wp\/v2\/folder?post=519"}],"curies":[{"name":"wp","href":"https:\/\/api.w.org\/{rel}","templated":true}]}}