{"id":523,"date":"2022-06-29T10:23:47","date_gmt":"2022-06-29T08:23:47","guid":{"rendered":"https:\/\/site.educa.madrid.org\/ies.becquer.moraleja\/?page_id=523"},"modified":"2026-01-13T22:53:30","modified_gmt":"2026-01-13T21:53:30","slug":"geografia-e-historia","status":"publish","type":"page","link":"https:\/\/site.educa.madrid.org\/ies.becquer.moraleja\/index.php\/quienes-somos\/equipo-docente\/geografia-e-historia\/","title":{"rendered":"Geograf\u00eda e Historia"},"content":{"rendered":"<p><em>A la tarea de recomponer la conciencia cr\u00edtica, de devolver alguna esperanza y de reanimar la capacidad de acci\u00f3n colectiva hemos de contribuir todos. Quienes nos dedicamos a la ense\u00f1anza, y en especial a la de las ciencias sociales, tenemos una funci\u00f3n esencial. Por desconcertados que nos sintamos, sabemos que nuestra obligaci\u00f3n es ayudar a que se mantenga viva la capacidad de las nuevas generaciones para razonar, preguntar, criticar, mientras, entre todos, reconstruimos los programas para una nueva esperanza y evitamos que, con la excusa del fin de la historia, lo que paren de verdad sean nuestras posibilidades de cambiar el presente y construir un futuro mejor.<\/em><\/p>\n<p style=\"text-align: right;\"><strong>Josep Fontana<\/strong><em>, \u00ab<\/em>\u00bfQu\u00e9 historia para ma\u00f1ana?\u00bb<\/p>\n<p style=\"text-align: right;\">En<em> La historia despu\u00e9s del fin de la historia. <\/em>Ed Cr\u00edtica<\/p>\n<p><strong>Profesores del Departamento 2025-26<\/strong><\/p>\n<table width=\"595\">\n<tbody>\n<tr>\n<td width=\"294\">Olmo Garc\u00eda, Cruz Rosario<\/td>\n<td width=\"301\"><a href=\"mailto:cruz.olmo@educa.madrid.org\">cruz.olmo@educa.madrid.org<\/a><\/td>\n<\/tr>\n<tr>\n<td>Perecejuela Carmona, Cristina<\/td>\n<td><a href=\"mailto:cperecejuelacarmona@educa.madrid.org\">cperecejuelacarmona@educa.madrid.org<\/a><\/td>\n<\/tr>\n<tr>\n<td>Yunta \u00c1lvarez, Adri\u00e1n<\/td>\n<td><a href=\"mailto:aya035@educa.madrid.org\">aya035@educa.madrid.org<\/a><\/td>\n<\/tr>\n<\/tbody>\n<\/table>\n<p><strong>Criterios de calificaci\u00f3n 2025-26<\/strong><\/p>\n<p>\u00a0<\/p>\n\n\n<div data-wp-interactive=\"core\/file\" class=\"wp-block-file\"><object data-wp-bind--hidden=\"!state.hasPdfPreview\" hidden class=\"wp-block-file__embed\" data=\"https:\/\/site.educa.madrid.org\/ies.becquer.moraleja\/\/wp-content\/uploads\/ies.becquer.moraleja\/2026\/01\/CCgeografiaehistoria2526.pdf\" type=\"application\/pdf\" style=\"width:100%;height:600px\" aria-label=\"Incrustado de CCgeograf\u00edaehistoria2526.\"><\/object><a id=\"wp-block-file--media-9aa9df37-8348-451e-8787-3152e80ebeea\" href=\"https:\/\/site.educa.madrid.org\/ies.becquer.moraleja\/\/wp-content\/uploads\/ies.becquer.moraleja\/2026\/01\/CCgeografiaehistoria2526.pdf\">CCgeograf\u00edaehistoria2526<\/a><a href=\"https:\/\/site.educa.madrid.org\/ies.becquer.moraleja\/\/wp-content\/uploads\/ies.becquer.moraleja\/2026\/01\/CCgeografiaehistoria2526.pdf\" class=\"wp-block-file__button wp-element-button\" download aria-describedby=\"wp-block-file--media-9aa9df37-8348-451e-8787-3152e80ebeea\">Descarga<\/a><\/div>\n","protected":false},"excerpt":{"rendered":"<p>A la tarea de recomponer la conciencia cr\u00edtica, de devolver alguna esperanza y de reanimar la capacidad de acci\u00f3n colectiva hemos de [&hellip;]<\/p>\n","protected":false},"author":5,"featured_media":0,"parent":121,"menu_order":5,"comment_status":"closed","ping_status":"closed","template":"","meta":{"footnotes":""},"folder":[],"class_list":["post-523","page","type-page","status-publish","hentry"],"rttpg_featured_image_url":null,"rttpg_author":{"display_name":"Cuenta Admin-educamadrid","author_link":"https:\/\/site.educa.madrid.org\/ies.becquer.moraleja\/index.php\/author\/cuenta_admin-educamadrid\/"},"rttpg_comment":0,"rttpg_category":false,"rttpg_excerpt":"A la tarea de recomponer la conciencia cr\u00edtica, de devolver alguna esperanza y de reanimar la capacidad de acci\u00f3n colectiva hemos de [&hellip;]","post_mailing_queue_ids":[],"_links":{"self":[{"href":"https:\/\/site.educa.madrid.org\/ies.becquer.moraleja\/index.php\/wp-json\/wp\/v2\/pages\/523","targetHints":{"allow":["GET"]}}],"collection":[{"href":"https:\/\/site.educa.madrid.org\/ies.becquer.moraleja\/index.php\/wp-json\/wp\/v2\/pages"}],"about":[{"href":"https:\/\/site.educa.madrid.org\/ies.becquer.moraleja\/index.php\/wp-json\/wp\/v2\/types\/page"}],"author":[{"embeddable":true,"href":"https:\/\/site.educa.madrid.org\/ies.becquer.moraleja\/index.php\/wp-json\/wp\/v2\/users\/5"}],"replies":[{"embeddable":true,"href":"https:\/\/site.educa.madrid.org\/ies.becquer.moraleja\/index.php\/wp-json\/wp\/v2\/comments?post=523"}],"version-history":[{"count":6,"href":"https:\/\/site.educa.madrid.org\/ies.becquer.moraleja\/index.php\/wp-json\/wp\/v2\/pages\/523\/revisions"}],"predecessor-version":[{"id":6015,"href":"https:\/\/site.educa.madrid.org\/ies.becquer.moraleja\/index.php\/wp-json\/wp\/v2\/pages\/523\/revisions\/6015"}],"up":[{"embeddable":true,"href":"https:\/\/site.educa.madrid.org\/ies.becquer.moraleja\/index.php\/wp-json\/wp\/v2\/pages\/121"}],"wp:attachment":[{"href":"https:\/\/site.educa.madrid.org\/ies.becquer.moraleja\/index.php\/wp-json\/wp\/v2\/media?parent=523"}],"wp:term":[{"taxonomy":"folder","embeddable":true,"href":"https:\/\/site.educa.madrid.org\/ies.becquer.moraleja\/index.php\/wp-json\/wp\/v2\/folder?post=523"}],"curies":[{"name":"wp","href":"https:\/\/api.w.org\/{rel}","templated":true}]}}