{"id":525,"date":"2022-06-29T10:24:15","date_gmt":"2022-06-29T08:24:15","guid":{"rendered":"https:\/\/site.educa.madrid.org\/ies.becquer.moraleja\/?page_id=525"},"modified":"2025-12-02T13:47:24","modified_gmt":"2025-12-02T12:47:24","slug":"ingles","status":"publish","type":"page","link":"https:\/\/site.educa.madrid.org\/ies.becquer.moraleja\/index.php\/quienes-somos\/equipo-docente\/ingles\/","title":{"rendered":"Ingl\u00e9s"},"content":{"rendered":"<p>Los profesores del Departamento de Ingl\u00e9s intentamos ayudar a nuestros alumnos a que:<\/p>\n<ul>\n<li><strong>Mejoren su nivel de idioma,<\/strong> entiendan cada d\u00eda m\u00e1s pel\u00edculas y canciones en ingl\u00e9s.<\/li>\n<li>Puedan <strong>comunicarse y entenderse<\/strong> mejor en esta lengua comprendan lo importante que es tener un buen dominio del idioma ingl\u00e9s para poder conseguir un buen trabajo en el futuro o en sus estudios acad\u00e9micos.<\/li>\n<li>Puedan <strong>viajar libremente<\/strong> por pa\u00edses muy variados sin tener el miedo a hablar ingl\u00e9s puedan estudiar o trabajar en el extranjero conozcan la cultura, costumbres y modos de vida de pa\u00edses muy diferentes que utilizan la lengua inglesa.<\/li>\n<\/ul>\n<p><strong>Profesores del Departamento 2025-26<\/strong><\/p>\n<table width=\"595\">\n<tbody>\n<tr>\n<td width=\"294\">Manzano N\u00fa\u00f1ez, Elena<\/td>\n<td width=\"301\"><a href=\"mailto:emn564@educa.madrid.org\">emn564@educa.madrid.org<\/a><\/td>\n<\/tr>\n<tr>\n<td>Medina Santana, Clara<\/td>\n<td><a href=\"mailto:cms0241@educa.madrid.org\">cms0241@educa.madrid.org<\/a><\/td>\n<\/tr>\n<tr>\n<td>Morago Conejo, Sergio<\/td>\n<td><a href=\"mailto:sergio.morago@educa.madrid.org\">sergio.morago@educa.madrid.org<\/a><\/td>\n<\/tr>\n<tr>\n<td>S\u00e1nchez de la Iglesia, Vanessa<\/td>\n<td><a href=\"mailto:vanessa.sanchezdelaiglesia@educa.madrid.org\">vanessa.sanchezdelaiglesia@educa.madrid.org<\/a><\/td>\n<\/tr>\n<\/tbody>\n<\/table>\n<p><strong>Criterios de calificaci\u00f3n 2025-26<\/strong><\/p>\n<p>[Publicar los criterios de calificaci\u00f3n]<\/p>\n\n\n<div data-wp-interactive=\"core\/file\" class=\"wp-block-file\"><object data-wp-bind--hidden=\"!state.hasPdfPreview\" hidden class=\"wp-block-file__embed\" data=\"https:\/\/site.educa.madrid.org\/ies.becquer.moraleja\/\/wp-content\/uploads\/ies.becquer.moraleja\/2025\/12\/CCINGLES2526.pdf\" type=\"application\/pdf\" style=\"width:100%;height:600px\" aria-label=\"Incrustado de CCINGLES2526.\"><\/object><a id=\"wp-block-file--media-2971082b-66cd-4d91-bb77-35fb087e1a1c\" href=\"https:\/\/site.educa.madrid.org\/ies.becquer.moraleja\/\/wp-content\/uploads\/ies.becquer.moraleja\/2025\/12\/CCINGLES2526.pdf\">CCINGLES2526<\/a><a href=\"https:\/\/site.educa.madrid.org\/ies.becquer.moraleja\/\/wp-content\/uploads\/ies.becquer.moraleja\/2025\/12\/CCINGLES2526.pdf\" class=\"wp-block-file__button wp-element-button\" download aria-describedby=\"wp-block-file--media-2971082b-66cd-4d91-bb77-35fb087e1a1c\">Descarga<\/a><\/div>\n","protected":false},"excerpt":{"rendered":"<p>Los profesores del Departamento de Ingl\u00e9s intentamos ayudar a nuestros alumnos a que: Mejoren su nivel de idioma, entiendan cada d\u00eda m\u00e1s [&hellip;]<\/p>\n","protected":false},"author":5,"featured_media":0,"parent":121,"menu_order":6,"comment_status":"closed","ping_status":"closed","template":"","meta":{"footnotes":""},"folder":[],"class_list":["post-525","page","type-page","status-publish","hentry"],"rttpg_featured_image_url":null,"rttpg_author":{"display_name":"Cuenta Admin-educamadrid","author_link":"https:\/\/site.educa.madrid.org\/ies.becquer.moraleja\/index.php\/author\/cuenta_admin-educamadrid\/"},"rttpg_comment":0,"rttpg_category":false,"rttpg_excerpt":"Los profesores del Departamento de Ingl\u00e9s intentamos ayudar a nuestros alumnos a que: Mejoren su nivel de idioma, entiendan cada d\u00eda m\u00e1s [&hellip;]","post_mailing_queue_ids":[],"_links":{"self":[{"href":"https:\/\/site.educa.madrid.org\/ies.becquer.moraleja\/index.php\/wp-json\/wp\/v2\/pages\/525","targetHints":{"allow":["GET"]}}],"collection":[{"href":"https:\/\/site.educa.madrid.org\/ies.becquer.moraleja\/index.php\/wp-json\/wp\/v2\/pages"}],"about":[{"href":"https:\/\/site.educa.madrid.org\/ies.becquer.moraleja\/index.php\/wp-json\/wp\/v2\/types\/page"}],"author":[{"embeddable":true,"href":"https:\/\/site.educa.madrid.org\/ies.becquer.moraleja\/index.php\/wp-json\/wp\/v2\/users\/5"}],"replies":[{"embeddable":true,"href":"https:\/\/site.educa.madrid.org\/ies.becquer.moraleja\/index.php\/wp-json\/wp\/v2\/comments?post=525"}],"version-history":[{"count":3,"href":"https:\/\/site.educa.madrid.org\/ies.becquer.moraleja\/index.php\/wp-json\/wp\/v2\/pages\/525\/revisions"}],"predecessor-version":[{"id":5717,"href":"https:\/\/site.educa.madrid.org\/ies.becquer.moraleja\/index.php\/wp-json\/wp\/v2\/pages\/525\/revisions\/5717"}],"up":[{"embeddable":true,"href":"https:\/\/site.educa.madrid.org\/ies.becquer.moraleja\/index.php\/wp-json\/wp\/v2\/pages\/121"}],"wp:attachment":[{"href":"https:\/\/site.educa.madrid.org\/ies.becquer.moraleja\/index.php\/wp-json\/wp\/v2\/media?parent=525"}],"wp:term":[{"taxonomy":"folder","embeddable":true,"href":"https:\/\/site.educa.madrid.org\/ies.becquer.moraleja\/index.php\/wp-json\/wp\/v2\/folder?post=525"}],"curies":[{"name":"wp","href":"https:\/\/api.w.org\/{rel}","templated":true}]}}