{"id":10659,"date":"2025-05-26T12:03:15","date_gmt":"2025-05-26T10:03:15","guid":{"rendered":"https:\/\/site.educa.madrid.org\/ies.benjaminrua.mostoles\/?page_id=10659"},"modified":"2025-11-07T13:49:54","modified_gmt":"2025-11-07T12:49:54","slug":"ka131_23-24-3","status":"publish","type":"page","link":"https:\/\/site.educa.madrid.org\/ies.benjaminrua.mostoles\/index.php\/ka131_23-24-3\/","title":{"rendered":"KA131-HED 25-26"},"content":{"rendered":"\n<div class=\"wp-block-group alignfull has-white-background-color has-background has-medium-font-size\" style=\"padding-top:6vw;padding-right:6vw;padding-bottom:6vw;padding-left:6vw\"><div class=\"wp-block-group__inner-container is-layout-constrained wp-container-core-group-is-layout-14d0c9c3 wp-block-group-is-layout-constrained\">\n<div class=\"wp-block-group is-vertical is-nowrap is-layout-flex wp-container-core-group-is-layout-287ef9cb wp-block-group-is-layout-flex\" style=\"padding-right:0;padding-left:0\">\n<p class=\"has-text-align-center has-text-color wp-container-content-9cfa9a5a\" style=\"color:#080961;font-size:72px;font-style:normal;font-weight:700;letter-spacing:0px;line-height:0.9;text-decoration:none;text-transform:none\">Proyecto KA131-HED 2025<\/p>\n<\/div>\n\n\n\n<div style=\"height:49px\" aria-hidden=\"true\" class=\"wp-block-spacer\"><\/div>\n\n\n<div class=\"wp-block-image\">\n<figure class=\"aligncenter size-full is-resized\"><a href=\"https:\/\/site.educa.madrid.org\/ies.benjaminrua.mostoles\/\/wp-content\/uploads\/ies.benjaminrua.mostoles\/2025\/11\/Seleccionados-GS-25-26_DNI.pdf\"><img loading=\"lazy\" decoding=\"async\" width=\"720\" height=\"405\" src=\"https:\/\/site.educa.madrid.org\/ies.benjaminrua.mostoles\/\/wp-content\/uploads\/ies.benjaminrua.mostoles\/2025\/05\/Seleccionados-1.jpg\" alt=\"\" class=\"wp-image-10725\" style=\"width:438px;height:246px\" srcset=\"https:\/\/site.educa.madrid.org\/ies.benjaminrua.mostoles\/\/wp-content\/uploads\/ies.benjaminrua.mostoles\/2025\/05\/Seleccionados-1.jpg 720w, https:\/\/site.educa.madrid.org\/ies.benjaminrua.mostoles\/\/wp-content\/uploads\/ies.benjaminrua.mostoles\/2025\/05\/Seleccionados-1-300x169.jpg 300w\" sizes=\"auto, (max-width: 720px) 100vw, 720px\" \/><\/a><\/figure>\n<\/div>\n\n\n<div style=\"height:34px\" aria-hidden=\"true\" class=\"wp-block-spacer\"><\/div>\n\n\n\n<hr class=\"wp-block-separator has-alpha-channel-opacity is-style-wide\"\/>\n\n\n\n<div style=\"height:60px\" aria-hidden=\"true\" class=\"wp-block-spacer\"><\/div>\n\n\n\n<div class=\"wp-block-columns alignfull is-layout-flex wp-container-core-columns-is-layout-2656d967 wp-block-columns-is-layout-flex\">\n<div class=\"wp-block-column is-layout-flow wp-block-column-is-layout-flow\" style=\"flex-basis:33.38%\">\n<p>Accede, en esta p\u00e1gina, a toda la informaci\u00f3n sobre el <span style=\"color: #0000ff;\"><strong>Programa Erasmus+<\/strong><\/span> para el curso 2025-2026.<\/p>\n\n\n\n<p>Prepara&nbsp; tus documentos para que puedas disfrutar de una de las <strong>movilidades<\/strong> que ofertamos para el pr\u00f3ximo curso.<\/p>\n\n\n\n<figure class=\"wp-block-image alignwide size-full\"><img loading=\"lazy\" decoding=\"async\" width=\"1536\" height=\"2048\" src=\"https:\/\/site.educa.madrid.org\/ies.benjaminrua.mostoles\/\/wp-content\/uploads\/ies.benjaminrua.mostoles\/2025\/05\/WhatsApp-Image-2025-03-20-at-12.47.48-2.jpeg\" alt=\"\" class=\"wp-image-10650\" srcset=\"https:\/\/site.educa.madrid.org\/ies.benjaminrua.mostoles\/\/wp-content\/uploads\/ies.benjaminrua.mostoles\/2025\/05\/WhatsApp-Image-2025-03-20-at-12.47.48-2.jpeg 1536w, https:\/\/site.educa.madrid.org\/ies.benjaminrua.mostoles\/\/wp-content\/uploads\/ies.benjaminrua.mostoles\/2025\/05\/WhatsApp-Image-2025-03-20-at-12.47.48-2-225x300.jpeg 225w, https:\/\/site.educa.madrid.org\/ies.benjaminrua.mostoles\/\/wp-content\/uploads\/ies.benjaminrua.mostoles\/2025\/05\/WhatsApp-Image-2025-03-20-at-12.47.48-2-768x1024.jpeg 768w, https:\/\/site.educa.madrid.org\/ies.benjaminrua.mostoles\/\/wp-content\/uploads\/ies.benjaminrua.mostoles\/2025\/05\/WhatsApp-Image-2025-03-20-at-12.47.48-2-300x400.jpeg 300w, https:\/\/site.educa.madrid.org\/ies.benjaminrua.mostoles\/\/wp-content\/uploads\/ies.benjaminrua.mostoles\/2025\/05\/WhatsApp-Image-2025-03-20-at-12.47.48-2-1152x1536.jpeg 1152w\" sizes=\"auto, (max-width: 1536px) 100vw, 1536px\" \/><\/figure>\n\n\n\n<p class=\"has-text-color has-link-color wp-elements-b8f30a18fa4e9884d056944deda515c6\" style=\"color:#080961;font-size:28px\"><strong>\u00bfQuieres ver tu foto publicada el pr\u00f3ximo curso? Lee la presentaci\u00f3n sobre el Programa Erasmus+&#8230;.<\/strong><\/p>\n\n\n<div class=\"wp-block-image\">\n<figure class=\"alignleft size-large is-resized\"><img loading=\"lazy\" decoding=\"async\" width=\"946\" height=\"1262\" src=\"https:\/\/site.educa.madrid.org\/ies.benjaminrua.mostoles\/\/wp-content\/uploads\/ies.benjaminrua.mostoles\/2025\/05\/Captura-de-Pantalla-2025-05-26-a-las-11.06.23-edited.png\" alt=\"\" class=\"wp-image-10704\" style=\"width:301px;height:auto\" srcset=\"https:\/\/site.educa.madrid.org\/ies.benjaminrua.mostoles\/\/wp-content\/uploads\/ies.benjaminrua.mostoles\/2025\/05\/Captura-de-Pantalla-2025-05-26-a-las-11.06.23-edited.png 946w, https:\/\/site.educa.madrid.org\/ies.benjaminrua.mostoles\/\/wp-content\/uploads\/ies.benjaminrua.mostoles\/2025\/05\/Captura-de-Pantalla-2025-05-26-a-las-11.06.23-edited-225x300.png 225w, https:\/\/site.educa.madrid.org\/ies.benjaminrua.mostoles\/\/wp-content\/uploads\/ies.benjaminrua.mostoles\/2025\/05\/Captura-de-Pantalla-2025-05-26-a-las-11.06.23-edited-768x1025.png 768w, https:\/\/site.educa.madrid.org\/ies.benjaminrua.mostoles\/\/wp-content\/uploads\/ies.benjaminrua.mostoles\/2025\/05\/Captura-de-Pantalla-2025-05-26-a-las-11.06.23-edited-300x400.png 300w\" sizes=\"auto, (max-width: 946px) 100vw, 946px\" \/><\/figure>\n<\/div><\/div>\n\n\n\n<div class=\"wp-block-column is-layout-flow wp-block-column-is-layout-flow\" style=\"flex-basis:33%\">\n<figure class=\"wp-block-image size-full\"><img loading=\"lazy\" decoding=\"async\" width=\"1200\" height=\"1600\" src=\"https:\/\/site.educa.madrid.org\/ies.benjaminrua.mostoles\/\/wp-content\/uploads\/ies.benjaminrua.mostoles\/2025\/05\/WhatsApp-Image-2025-03-19-at-21.14.57-8.jpeg\" alt=\"\" class=\"wp-image-10632\" srcset=\"https:\/\/site.educa.madrid.org\/ies.benjaminrua.mostoles\/\/wp-content\/uploads\/ies.benjaminrua.mostoles\/2025\/05\/WhatsApp-Image-2025-03-19-at-21.14.57-8.jpeg 1200w, https:\/\/site.educa.madrid.org\/ies.benjaminrua.mostoles\/\/wp-content\/uploads\/ies.benjaminrua.mostoles\/2025\/05\/WhatsApp-Image-2025-03-19-at-21.14.57-8-225x300.jpeg 225w, https:\/\/site.educa.madrid.org\/ies.benjaminrua.mostoles\/\/wp-content\/uploads\/ies.benjaminrua.mostoles\/2025\/05\/WhatsApp-Image-2025-03-19-at-21.14.57-8-768x1024.jpeg 768w, https:\/\/site.educa.madrid.org\/ies.benjaminrua.mostoles\/\/wp-content\/uploads\/ies.benjaminrua.mostoles\/2025\/05\/WhatsApp-Image-2025-03-19-at-21.14.57-8-300x400.jpeg 300w, https:\/\/site.educa.madrid.org\/ies.benjaminrua.mostoles\/\/wp-content\/uploads\/ies.benjaminrua.mostoles\/2025\/05\/WhatsApp-Image-2025-03-19-at-21.14.57-8-1152x1536.jpeg 1152w\" sizes=\"auto, (max-width: 1200px) 100vw, 1200px\" \/><\/figure>\n\n\n\n<div style=\"height:32px\" aria-hidden=\"true\" class=\"wp-block-spacer\"><\/div>\n\n\n\n<figure class=\"wp-block-image size-large\"><img loading=\"lazy\" decoding=\"async\" width=\"942\" height=\"1256\" src=\"https:\/\/site.educa.madrid.org\/ies.benjaminrua.mostoles\/\/wp-content\/uploads\/ies.benjaminrua.mostoles\/2025\/05\/WhatsApp-Image-2025-03-22-at-12.55.45-edited.jpeg\" alt=\"\" class=\"wp-image-10663\" srcset=\"https:\/\/site.educa.madrid.org\/ies.benjaminrua.mostoles\/\/wp-content\/uploads\/ies.benjaminrua.mostoles\/2025\/05\/WhatsApp-Image-2025-03-22-at-12.55.45-edited.jpeg 942w, https:\/\/site.educa.madrid.org\/ies.benjaminrua.mostoles\/\/wp-content\/uploads\/ies.benjaminrua.mostoles\/2025\/05\/WhatsApp-Image-2025-03-22-at-12.55.45-edited-225x300.jpeg 225w, https:\/\/site.educa.madrid.org\/ies.benjaminrua.mostoles\/\/wp-content\/uploads\/ies.benjaminrua.mostoles\/2025\/05\/WhatsApp-Image-2025-03-22-at-12.55.45-edited-768x1024.jpeg 768w, https:\/\/site.educa.madrid.org\/ies.benjaminrua.mostoles\/\/wp-content\/uploads\/ies.benjaminrua.mostoles\/2025\/05\/WhatsApp-Image-2025-03-22-at-12.55.45-edited-300x400.jpeg 300w\" sizes=\"auto, (max-width: 942px) 100vw, 942px\" \/><\/figure>\n\n\n\n<div style=\"height:5px\" aria-hidden=\"true\" class=\"wp-block-spacer\"><\/div>\n\n\n\n<p class=\"has-text-align-center\" style=\"font-size:31px\"><span style=\"color: #000080;\"><strong>\u00abMU\u00c9VETE POR EUROPA CON LA FP\u00bb<\/strong><\/span><\/p>\n\n\n<div class=\"wp-block-image\">\n<figure class=\"aligncenter size-large is-resized\"><img loading=\"lazy\" decoding=\"async\" width=\"1536\" height=\"1536\" src=\"https:\/\/site.educa.madrid.org\/ies.benjaminrua.mostoles\/\/wp-content\/uploads\/ies.benjaminrua.mostoles\/2025\/05\/WhatsApp-Image-2025-03-21-at-14.48.19-1-edited.jpeg\" alt=\"\" class=\"wp-image-10691\" style=\"width:389px;height:auto\" srcset=\"https:\/\/site.educa.madrid.org\/ies.benjaminrua.mostoles\/\/wp-content\/uploads\/ies.benjaminrua.mostoles\/2025\/05\/WhatsApp-Image-2025-03-21-at-14.48.19-1-edited.jpeg 1536w, https:\/\/site.educa.madrid.org\/ies.benjaminrua.mostoles\/\/wp-content\/uploads\/ies.benjaminrua.mostoles\/2025\/05\/WhatsApp-Image-2025-03-21-at-14.48.19-1-edited-300x300.jpeg 300w, https:\/\/site.educa.madrid.org\/ies.benjaminrua.mostoles\/\/wp-content\/uploads\/ies.benjaminrua.mostoles\/2025\/05\/WhatsApp-Image-2025-03-21-at-14.48.19-1-edited-1024x1024.jpeg 1024w, https:\/\/site.educa.madrid.org\/ies.benjaminrua.mostoles\/\/wp-content\/uploads\/ies.benjaminrua.mostoles\/2025\/05\/WhatsApp-Image-2025-03-21-at-14.48.19-1-edited-150x150.jpeg 150w, https:\/\/site.educa.madrid.org\/ies.benjaminrua.mostoles\/\/wp-content\/uploads\/ies.benjaminrua.mostoles\/2025\/05\/WhatsApp-Image-2025-03-21-at-14.48.19-1-edited-768x768.jpeg 768w, https:\/\/site.educa.madrid.org\/ies.benjaminrua.mostoles\/\/wp-content\/uploads\/ies.benjaminrua.mostoles\/2025\/05\/WhatsApp-Image-2025-03-21-at-14.48.19-1-edited-500x500.jpeg 500w\" sizes=\"auto, (max-width: 1536px) 100vw, 1536px\" \/><\/figure>\n<\/div><\/div>\n\n\n\n<div class=\"wp-block-column is-vertically-aligned-top is-layout-flow wp-block-column-is-layout-flow\" style=\"flex-basis:33.62%\"><div class=\"wp-block-image\">\n<figure class=\"aligncenter size-full\"><img loading=\"lazy\" decoding=\"async\" width=\"434\" height=\"106\" src=\"https:\/\/site.educa.madrid.org\/ies.benjaminrua.mostoles\/\/wp-content\/uploads\/ies.benjaminrua.mostoles\/2022\/06\/Erasmus.png\" alt=\"\" class=\"wp-image-556\" srcset=\"https:\/\/site.educa.madrid.org\/ies.benjaminrua.mostoles\/\/wp-content\/uploads\/ies.benjaminrua.mostoles\/2022\/06\/Erasmus.png 434w, https:\/\/site.educa.madrid.org\/ies.benjaminrua.mostoles\/\/wp-content\/uploads\/ies.benjaminrua.mostoles\/2022\/06\/Erasmus-300x73.png 300w\" sizes=\"auto, (max-width: 434px) 100vw, 434px\" \/><\/figure>\n<\/div>\n\n\n<hr class=\"wp-block-separator has-alpha-channel-opacity\"\/>\n\n\n\n<figure class=\"wp-block-image size-large\"><img loading=\"lazy\" decoding=\"async\" width=\"768\" height=\"1024\" src=\"https:\/\/site.educa.madrid.org\/ies.benjaminrua.mostoles\/\/wp-content\/uploads\/ies.benjaminrua.mostoles\/2025\/05\/WhatsApp-Image-2025-03-19-at-19.02.33-1-768x1024.jpeg\" alt=\"\" class=\"wp-image-10652\" srcset=\"https:\/\/site.educa.madrid.org\/ies.benjaminrua.mostoles\/\/wp-content\/uploads\/ies.benjaminrua.mostoles\/2025\/05\/WhatsApp-Image-2025-03-19-at-19.02.33-1-768x1024.jpeg 768w, https:\/\/site.educa.madrid.org\/ies.benjaminrua.mostoles\/\/wp-content\/uploads\/ies.benjaminrua.mostoles\/2025\/05\/WhatsApp-Image-2025-03-19-at-19.02.33-1-225x300.jpeg 225w, https:\/\/site.educa.madrid.org\/ies.benjaminrua.mostoles\/\/wp-content\/uploads\/ies.benjaminrua.mostoles\/2025\/05\/WhatsApp-Image-2025-03-19-at-19.02.33-1-300x400.jpeg 300w, https:\/\/site.educa.madrid.org\/ies.benjaminrua.mostoles\/\/wp-content\/uploads\/ies.benjaminrua.mostoles\/2025\/05\/WhatsApp-Image-2025-03-19-at-19.02.33-1-1152x1536.jpeg 1152w, https:\/\/site.educa.madrid.org\/ies.benjaminrua.mostoles\/\/wp-content\/uploads\/ies.benjaminrua.mostoles\/2025\/05\/WhatsApp-Image-2025-03-19-at-19.02.33-1.jpeg 1536w\" sizes=\"auto, (max-width: 768px) 100vw, 768px\" \/><\/figure>\n\n\n\n<div style=\"height:60px\" aria-hidden=\"true\" class=\"wp-block-spacer\"><\/div>\n\n\n\n<hr class=\"wp-block-separator has-alpha-channel-opacity\"\/>\n\n\n\n<div style=\"height:30px\" aria-hidden=\"true\" class=\"wp-block-spacer\"><\/div>\n\n\n<div class=\"wp-block-image\">\n<figure class=\"aligncenter size-full is-resized\"><img loading=\"lazy\" decoding=\"async\" width=\"340\" height=\"270\" src=\"https:\/\/site.educa.madrid.org\/ies.benjaminrua.mostoles\/\/wp-content\/uploads\/ies.benjaminrua.mostoles\/2025\/05\/bandera-UE.jpg\" alt=\"\" class=\"wp-image-10664\" style=\"width:297px;height:auto\" srcset=\"https:\/\/site.educa.madrid.org\/ies.benjaminrua.mostoles\/\/wp-content\/uploads\/ies.benjaminrua.mostoles\/2025\/05\/bandera-UE.jpg 340w, https:\/\/site.educa.madrid.org\/ies.benjaminrua.mostoles\/\/wp-content\/uploads\/ies.benjaminrua.mostoles\/2025\/05\/bandera-UE-300x238.jpg 300w\" sizes=\"auto, (max-width: 340px) 100vw, 340px\" \/><\/figure>\n<\/div>\n\n\n<div style=\"height:78px\" aria-hidden=\"true\" class=\"wp-block-spacer\"><\/div>\n\n\n\n<figure class=\"wp-block-image size-large\"><img loading=\"lazy\" decoding=\"async\" width=\"2268\" height=\"2268\" src=\"https:\/\/site.educa.madrid.org\/ies.benjaminrua.mostoles\/\/wp-content\/uploads\/ies.benjaminrua.mostoles\/2025\/05\/WhatsApp-Image-2025-03-19-at-15.58.21-edited.jpeg\" alt=\"\" class=\"wp-image-10694\" srcset=\"https:\/\/site.educa.madrid.org\/ies.benjaminrua.mostoles\/\/wp-content\/uploads\/ies.benjaminrua.mostoles\/2025\/05\/WhatsApp-Image-2025-03-19-at-15.58.21-edited.jpeg 2268w, https:\/\/site.educa.madrid.org\/ies.benjaminrua.mostoles\/\/wp-content\/uploads\/ies.benjaminrua.mostoles\/2025\/05\/WhatsApp-Image-2025-03-19-at-15.58.21-edited-300x300.jpeg 300w, https:\/\/site.educa.madrid.org\/ies.benjaminrua.mostoles\/\/wp-content\/uploads\/ies.benjaminrua.mostoles\/2025\/05\/WhatsApp-Image-2025-03-19-at-15.58.21-edited-1024x1024.jpeg 1024w, https:\/\/site.educa.madrid.org\/ies.benjaminrua.mostoles\/\/wp-content\/uploads\/ies.benjaminrua.mostoles\/2025\/05\/WhatsApp-Image-2025-03-19-at-15.58.21-edited-150x150.jpeg 150w, https:\/\/site.educa.madrid.org\/ies.benjaminrua.mostoles\/\/wp-content\/uploads\/ies.benjaminrua.mostoles\/2025\/05\/WhatsApp-Image-2025-03-19-at-15.58.21-edited-768x768.jpeg 768w, https:\/\/site.educa.madrid.org\/ies.benjaminrua.mostoles\/\/wp-content\/uploads\/ies.benjaminrua.mostoles\/2025\/05\/WhatsApp-Image-2025-03-19-at-15.58.21-edited-500x500.jpeg 500w, https:\/\/site.educa.madrid.org\/ies.benjaminrua.mostoles\/\/wp-content\/uploads\/ies.benjaminrua.mostoles\/2025\/05\/WhatsApp-Image-2025-03-19-at-15.58.21-edited-1536x1536.jpeg 1536w, https:\/\/site.educa.madrid.org\/ies.benjaminrua.mostoles\/\/wp-content\/uploads\/ies.benjaminrua.mostoles\/2025\/05\/WhatsApp-Image-2025-03-19-at-15.58.21-edited-2048x2048.jpeg 2048w\" sizes=\"auto, (max-width: 2268px) 100vw, 2268px\" \/><\/figure>\n\n\n\n<div style=\"height:100px\" aria-hidden=\"true\" class=\"wp-block-spacer\"><\/div>\n<\/div>\n<\/div>\n\n\n\n<div class=\"wp-block-group alignfull\"><div class=\"wp-block-group__inner-container is-layout-constrained wp-block-group-is-layout-constrained\">\n<div class=\"wp-block-group alignfull\"><div class=\"wp-block-group__inner-container is-layout-constrained wp-block-group-is-layout-constrained\">\n<div class=\"wp-block-columns alignfull is-layout-flex wp-container-core-columns-is-layout-9d6595d7 wp-block-columns-is-layout-flex\">\n<div class=\"wp-block-column is-layout-flow wp-block-column-is-layout-flow\" style=\"flex-basis:66.66%\">\n<p class=\"has-text-align-left has-text-color\" style=\"color:#2b3f7e;font-size:43px\"><strong>PARTICIPA<\/strong><\/p>\n\n\n\n<p class=\"has-text-color\" style=\"color:#080959;font-size:25px\"><span style=\"color: #000080;\">\u221a &nbsp;<a href=\"https:\/\/site.educa.madrid.org\/ies.benjaminrua.mostoles\/\/wp-content\/uploads\/ies.benjaminrua.mostoles\/2025\/05\/Erasmus-hibrido-25-26.pdf\"><mark style=\"background-color:rgba(0, 0, 0, 0);color:#01036a\" class=\"has-inline-color\">\u00bfEn qu\u00e9 consiste el Proyecto Eurom\u00f3vilR\u00fa@?<\/mark><\/a><\/span><\/p>\n\n\n\n<p style=\"font-size:24px\"><span style=\"color: #000080;\"><mark style=\"background-color:rgba(0, 0, 0, 0);color:#0c117b\" class=\"has-inline-color\">\u221a &nbsp;<\/mark><\/span><a href=\"https:\/\/www.youtube.com\/watch?v=xRV0AlB4aHM\"><mark style=\"background-color:rgba(0, 0, 0, 0);color:#0c117b\" class=\"has-inline-color\">Video de la Jornada Erasmus celebrada en mayo de 2025<\/mark><\/a><\/p>\n\n\n\n<p class=\"has-text-color\" style=\"color:#080959;font-size:25px\"><span style=\"color: #000080;\"><mark style=\"background-color:rgba(0, 0, 0, 0);color:#0c0979\" class=\"has-inline-color\">\u221a&nbsp;<a href=\"https:\/\/formularios.educa.madrid.org\/index.php\/139955?lang=es\"> <\/a><\/mark><a href=\"https:\/\/formularios.educa.madrid.org\/index.php\/722918?lang=es\"><mark style=\"background-color:rgba(0, 0, 0, 0);color:#0c0875\" class=\"has-inline-color\">Solicitud de participaci\u00f3n<\/mark><\/a><\/span><\/p>\n\n\n\n<p class=\"has-text-color\" style=\"color:#080959;font-size:25px\"><span style=\"color: #000080;\">\u221a&nbsp; <a href=\"https:\/\/europa.eu\/europass\/es\/create-europass-cv\"><mark style=\"background-color:rgba(0, 0, 0, 0);color:#01028a\" class=\"has-inline-color\">CV Europass y carta de presentaci\u00f3n<\/mark><\/a><\/span><\/p>\n\n\n\n<p class=\"has-text-color\" style=\"color:#080959;font-size:25px\"><span style=\"color: #000080;\">\u221a&nbsp; <\/span><a href=\"https:\/\/site.educa.madrid.org\/ies.benjaminrua.mostoles\/\/wp-content\/uploads\/ies.benjaminrua.mostoles\/2025\/05\/PDP_KA131_2025.pdf\"><mark style=\"background-color:rgba(0, 0, 0, 0);color:#130383\" class=\"has-inline-color\">Documento de Protecci\u00f3n de datos personales<\/mark><\/a><\/p>\n\n\n\n<p class=\"has-text-color\" style=\"color:#080959;font-size:25px\"><span style=\"color: #000080;\">\u221a &nbsp;<a href=\"https:\/\/site.educa.madrid.org\/ies.benjaminrua.mostoles\/\/wp-content\/uploads\/ies.benjaminrua.mostoles\/2025\/05\/Baremo_KA131_25-26.pdf\"><mark style=\"background-color:rgba(0, 0, 0, 0);color:#011678\" class=\"has-inline-color\">Criterios de baremaci\u00f3n<\/mark><\/a><\/span><\/p>\n\n\n\n<p class=\"has-text-color\" style=\"color:#080959;font-size:25px\"><span style=\"color: #000080;\">\u221a&nbsp; <a href=\"https:\/\/site.educa.madrid.org\/ies.benjaminrua.mostoles\/\/wp-content\/uploads\/ies.benjaminrua.mostoles\/2025\/10\/Calendario-entrevistas_KA131_25-26.pdf\"><mark style=\"background-color:rgba(0, 0, 0, 0);color:#110473\" class=\"has-inline-color\">Calendario de actuaciones para participantes<\/mark><\/a><\/span><\/p>\n<\/div>\n<\/div>\n<\/div><\/div>\n<\/div><\/div>\n\n\n\n<p class=\"has-text-align-center has-text-color\" style=\"color:#1b1d8a;font-size:33px\"><strong>El plazo de presentaci\u00f3n de solicitudes<\/strong> <strong>ser\u00e1 del 22 al 29 de septiembre de 2025<\/strong><\/p>\n<\/div><\/div>\n\n\n\n<hr class=\"wp-block-separator has-alpha-channel-opacity\"\/>\n","protected":false},"excerpt":{"rendered":"<p>Proyecto KA131-HED 2025 Accede, en esta p\u00e1gina, a toda la informaci\u00f3n sobre el Programa Erasmus+ para el curso 2025-2026. Prepara&nbsp; tus documentos para que puedas disfrutar de una de las &#8230;<\/p>\n","protected":false},"author":7,"featured_media":0,"parent":0,"menu_order":0,"comment_status":"closed","ping_status":"closed","template":"","meta":{"footnotes":""},"folder":[],"class_list":["post-10659","page","type-page","status-publish","hentry"],"rttpg_featured_image_url":null,"rttpg_author":{"display_name":"Miriam Reyes Padron","author_link":"https:\/\/site.educa.madrid.org\/ies.benjaminrua.mostoles\/index.php\/author\/miriam_reyes-padrn\/"},"rttpg_comment":0,"rttpg_category":false,"rttpg_excerpt":"Proyecto KA131-HED 2025 Accede, en esta p\u00e1gina, a toda la informaci\u00f3n sobre el Programa Erasmus+ para el curso 2025-2026. Prepara&nbsp; tus documentos para que puedas disfrutar de una de las ...","post_mailing_queue_ids":[],"_links":{"self":[{"href":"https:\/\/site.educa.madrid.org\/ies.benjaminrua.mostoles\/index.php\/wp-json\/wp\/v2\/pages\/10659","targetHints":{"allow":["GET"]}}],"collection":[{"href":"https:\/\/site.educa.madrid.org\/ies.benjaminrua.mostoles\/index.php\/wp-json\/wp\/v2\/pages"}],"about":[{"href":"https:\/\/site.educa.madrid.org\/ies.benjaminrua.mostoles\/index.php\/wp-json\/wp\/v2\/types\/page"}],"author":[{"embeddable":true,"href":"https:\/\/site.educa.madrid.org\/ies.benjaminrua.mostoles\/index.php\/wp-json\/wp\/v2\/users\/7"}],"replies":[{"embeddable":true,"href":"https:\/\/site.educa.madrid.org\/ies.benjaminrua.mostoles\/index.php\/wp-json\/wp\/v2\/comments?post=10659"}],"version-history":[{"count":39,"href":"https:\/\/site.educa.madrid.org\/ies.benjaminrua.mostoles\/index.php\/wp-json\/wp\/v2\/pages\/10659\/revisions"}],"predecessor-version":[{"id":12253,"href":"https:\/\/site.educa.madrid.org\/ies.benjaminrua.mostoles\/index.php\/wp-json\/wp\/v2\/pages\/10659\/revisions\/12253"}],"wp:attachment":[{"href":"https:\/\/site.educa.madrid.org\/ies.benjaminrua.mostoles\/index.php\/wp-json\/wp\/v2\/media?parent=10659"}],"wp:term":[{"taxonomy":"folder","embeddable":true,"href":"https:\/\/site.educa.madrid.org\/ies.benjaminrua.mostoles\/index.php\/wp-json\/wp\/v2\/folder?post=10659"}],"curies":[{"name":"wp","href":"https:\/\/api.w.org\/{rel}","templated":true}]}}