{"id":7423,"date":"2023-07-12T12:40:19","date_gmt":"2023-07-12T10:40:19","guid":{"rendered":"https:\/\/site.educa.madrid.org\/ies.benjaminrua.mostoles\/?page_id=7423"},"modified":"2025-10-24T12:30:11","modified_gmt":"2025-10-24T10:30:11","slug":"sostenibilidad","status":"publish","type":"page","link":"https:\/\/site.educa.madrid.org\/ies.benjaminrua.mostoles\/index.php\/sostenibilidad\/","title":{"rendered":"Sostenibilidad"},"content":{"rendered":"\n<p class=\"has-vivid-cyan-blue-color has-text-color has-medium-font-size\"><strong><mark style=\"background-color:rgba(0, 0, 0, 0)\" class=\"has-inline-color has-vivid-cyan-blue-color\">COMPROMISO DE SOSTENIBILIDAD DEL IES BENJAM\u00cdN R\u00daA<\/mark><\/strong><\/p>\n\n\n\n<p><a href=\"https:\/\/site.educa.madrid.org\/ies.benjaminrua.mostoles\/\/wp-content\/uploads\/ies.benjaminrua.mostoles\/2023\/09\/R1-PMA-01-Politica-Ambiental-Ed-01-1-1.pdf\"><strong><mark style=\"background-color:rgba(0, 0, 0, 0);color:#97a2ab\" class=\"has-inline-color\">Pol\u00edtica Ambiental <\/mark><\/strong><\/a><\/p>\n\n\n\n<p><a href=\"https:\/\/site.educa.madrid.org\/ies.benjaminrua.mostoles\/\/wp-content\/uploads\/ies.benjaminrua.mostoles\/2025\/10\/COMUNICACION-AeIA-25-26.pdf\"><strong><mark style=\"background-color:rgba(0, 0, 0, 0);color:#9baab5\" class=\"has-inline-color\">Aspectos Ambientales<\/mark><\/strong><\/a><\/p>\n\n\n\n<p><a href=\"https:\/\/site.educa.madrid.org\/ies.benjaminrua.mostoles\/\/wp-content\/uploads\/ies.benjaminrua.mostoles\/2023\/07\/COMUNICACION-OBJETIVOS-Y-AA-1-1.pdf\"><strong><mark style=\"background-color:rgba(0, 0, 0, 0);color:#97a2ab\" class=\"has-inline-color\">Objetivos del Sistema de Gesti\u00f3n Ambiental 2022-2023<\/mark><\/strong><\/a><\/p>\n\n\n\n<p><a href=\"https:\/\/site.educa.madrid.org\/ies.benjaminrua.mostoles\/\/wp-content\/uploads\/ies.benjaminrua.mostoles\/2024\/11\/R2-PMA.02-Objetivos-y-Metas-SGA_BR-Ed-02_23-24.pdf\"><strong><mark style=\"background-color:rgba(0, 0, 0, 0);color:#9ba5ae\" class=\"has-inline-color\">Objetivos del Sistema Gesti\u00f3n Ambiental 2023-2024<\/mark><\/strong><\/a><\/p>\n\n\n\n<p><strong><a href=\"https:\/\/site.educa.madrid.org\/ies.benjaminrua.mostoles\/\/wp-content\/uploads\/ies.benjaminrua.mostoles\/2024\/11\/R2-PMA.02-Objetivos-y-Metas-SGA_BR-Ed-02_Curso-24-25.pdf\"><mark style=\"background-color:rgba(0, 0, 0, 0);color:#97a2ac\" class=\"has-inline-color\">Objetivos del Sistema de Gesti\u00f3n Ambiental 2024-2025 <\/mark><\/a><\/strong><\/p>\n\n\n\n<p><a href=\"https:\/\/site.educa.madrid.org\/ies.benjaminrua.mostoles\/\/wp-content\/uploads\/ies.benjaminrua.mostoles\/2025\/10\/Informe-de-Desempeno-Ambiental-24-25.pdf\"><strong><mark style=\"background-color:rgba(0, 0, 0, 0);color:#9aa9b6\" class=\"has-inline-color\">Informe de Desempe\u00f1o Ambiental 2024-2025<\/mark><\/strong><\/a><\/p>\n\n\n\n<p><strong><a href=\"https:\/\/site.educa.madrid.org\/ies.benjaminrua.mostoles\/\/wp-content\/uploads\/ies.benjaminrua.mostoles\/2025\/10\/R2-PMA.07.-Compromiso-ambiental-de-proveedores-Ed03.pdf\"><mark style=\"background-color:rgba(0, 0, 0, 0);color:#8f9eab\" class=\"has-inline-color\">Compromiso ambiental con proveedores<\/mark><\/a><\/strong><\/p>\n\n\n\n<p class=\"has-vivid-cyan-blue-color has-text-color has-medium-font-size\"><strong>DOCUMENTACI\u00d3N<\/strong> <strong>EMERGENCIAS AMBIENTALES<\/strong><\/p>\n\n\n\n<p><strong><a href=\"https:\/\/site.educa.madrid.org\/ies.benjaminrua.mostoles\/\/wp-content\/uploads\/ies.benjaminrua.mostoles\/2025\/10\/R2-PMA.08.-Simulacro-Derrame-quimico-2024-2025.pdf\"><mark style=\"background-color:rgba(0, 0, 0, 0);color:#85939f\" class=\"has-inline-color\">Simulacro de derrame qu\u00edmico 24-25<\/mark><\/a><\/strong><\/p>\n\n\n\n<p><a href=\"https:\/\/site.educa.madrid.org\/ies.benjaminrua.mostoles\/\/wp-content\/uploads\/ies.benjaminrua.mostoles\/2025\/10\/R2-PMA.08.-Simulacro-Fuga-agua-2025-2026-2.pdf\"><strong><mark style=\"background-color:rgba(0, 0, 0, 0);color:#8e9fac\" class=\"has-inline-color\">Simulacro fuga de agua 25-26<\/mark><\/strong><\/a><\/p>\n\n\n\n<p><a href=\"https:\/\/site.educa.madrid.org\/ies.benjaminrua.mostoles\/\/wp-content\/uploads\/ies.benjaminrua.mostoles\/2025\/10\/R2-PMA.08.-Informe-Fuga-agua-2025.pdf\"><strong><mark style=\"background-color:rgba(0, 0, 0, 0);color:#97a2ac\" class=\"has-inline-color\">Informe fuga de agua 25-26<\/mark><\/strong><\/a><\/p>\n\n\n\n<p><a rel=\"noreferrer noopener\" href=\"https:\/\/site.educa.madrid.org\/ies.benjaminrua.mostoles\/\/wp-content\/uploads\/ies.benjaminrua.mostoles\/2023\/08\/R1-PMA.08-Ficha-de-Derrame-Ed.01.pdf\" target=\"_blank\"><strong><mark style=\"background-color:rgba(0, 0, 0, 0);color:#97a2ab\" class=\"has-inline-color\">Ficha  de derrame qu\u00edmico<\/mark><\/strong><\/a><\/p>\n\n\n\n<p><a href=\"https:\/\/site.educa.madrid.org\/ies.benjaminrua.mostoles\/\/wp-content\/uploads\/ies.benjaminrua.mostoles\/2023\/08\/R1-PMA-08-Ficha-de-Escape-de-gas-refrigerante-Ed.01.pdf\"><strong><mark style=\"background-color:rgba(0, 0, 0, 0);color:#97a2ab\" class=\"has-inline-color\">Ficha de escape de gas refrigerante <\/mark><\/strong><\/a><\/p>\n\n\n\n<p><a href=\"https:\/\/site.educa.madrid.org\/ies.benjaminrua.mostoles\/\/wp-content\/uploads\/ies.benjaminrua.mostoles\/2023\/08\/R1-PMA.08-Ficha-de-Incendio-Ed.01.pdf\"><strong><mark style=\"background-color:rgba(0, 0, 0, 0);color:#97a2ab\" class=\"has-inline-color\">Ficha de incendio<\/mark><\/strong><\/a><\/p>\n\n\n\n<p><a href=\"https:\/\/site.educa.madrid.org\/ies.benjaminrua.mostoles\/\/wp-content\/uploads\/ies.benjaminrua.mostoles\/2023\/08\/R1-PMA.08-Ficha-de-Inundacion-o-Fuga-de-Agua-Ed.01.pdf\"><strong><mark style=\"background-color:rgba(0, 0, 0, 0);color:#97a2ab\" class=\"has-inline-color\">Ficha de inundaci\u00f3n o fuga de agua<\/mark><\/strong><\/a><\/p>\n\n\n\n<p><a href=\"https:\/\/site.educa.madrid.org\/ies.benjaminrua.mostoles\/\/wp-content\/uploads\/ies.benjaminrua.mostoles\/2023\/08\/R1-PMA.08-Ficha-de-Ruptura-Luminarias-Ed.01.pdf\"><strong><mark style=\"background-color:rgba(0, 0, 0, 0);color:#97a2ab\" class=\"has-inline-color\">Ficha de ruptura de luminarias<\/mark><\/strong><\/a><\/p>\n\n\n\n<p class=\"has-vivid-cyan-blue-color has-text-color has-medium-font-size\"><strong>TOMA DE CONCIENCIA DE LA ISO 14001 Y SENSIBILIZACI\u00d3N AMBIENTAL<\/strong><\/p>\n\n\n\n<p><a href=\"https:\/\/site.educa.madrid.org\/ies.benjaminrua.mostoles\/\/wp-content\/uploads\/ies.benjaminrua.mostoles\/2023\/09\/2023.09.04-Formacion-de-sensibilizacion-ISO-14001-IES-Benjamin-Rua-1.pdf\"><strong><mark style=\"background-color:rgba(0, 0, 0, 0);color:#97a2ab\" class=\"has-inline-color\">Formaci\u00f3n personal del centro<\/mark><\/strong><\/a><\/p>\n\n\n\n<p class=\"has-text-color\" style=\"color:#97a2ab\"><strong><a href=\"https:\/\/site.educa.madrid.org\/ies.benjaminrua.mostoles\/\/wp-content\/uploads\/ies.benjaminrua.mostoles\/2023\/10\/Buenas-practicas-en-movilidad-Ed.01.pdf\"><mark style=\"background-color:rgba(0, 0, 0, 0);color:#97a2ab\" class=\"has-inline-color\">Buenas pr\u00e1cticas en movilidad<\/mark><\/a><\/strong><\/p>\n\n\n\n<p><a href=\"https:\/\/site.educa.madrid.org\/ies.benjaminrua.mostoles\/\/wp-content\/uploads\/ies.benjaminrua.mostoles\/2023\/10\/Buenas-practicas-en-consumo-de-papel-Ed.01.pdf\"><strong><mark style=\"background-color:rgba(0, 0, 0, 0);color:#97a2ab\" class=\"has-inline-color\">Buenas practicas en consumo de papel<\/mark><\/strong><\/a><\/p>\n\n\n\n<p><a href=\"https:\/\/site.educa.madrid.org\/ies.benjaminrua.mostoles\/\/wp-content\/uploads\/ies.benjaminrua.mostoles\/2023\/10\/Buenas-practicas-en-la-compra-de-equipos-informaticos-Ed.01.pdf\"><strong><mark style=\"background-color:rgba(0, 0, 0, 0);color:#97a2ab\" class=\"has-inline-color\">Buenas practicas en la adquisici\u00f3n de equipamiento TIC<\/mark><\/strong><\/a><\/p>\n\n\n\n<p><a href=\"https:\/\/site.educa.madrid.org\/ies.benjaminrua.mostoles\/\/wp-content\/uploads\/ies.benjaminrua.mostoles\/2023\/10\/Buenas-practicas-en-ahorro-energetico-Ed.01.pdf\"><strong><mark style=\"background-color:rgba(0, 0, 0, 0);color:#97a2ab\" class=\"has-inline-color\">Buenas practicas en ahorro energ\u00e9tico<\/mark><\/strong><\/a><\/p>\n\n\n\n<p><a href=\"https:\/\/site.educa.madrid.org\/ies.benjaminrua.mostoles\/\/wp-content\/uploads\/ies.benjaminrua.mostoles\/2024\/03\/Segregacion-de-Residuos.pdf\"><strong><mark style=\"background-color:rgba(0, 0, 0, 0);color:#97a2ab\" class=\"has-inline-color\">Formaci\u00f3n en segregaci\u00f3n de residuos<\/mark><\/strong><\/a><\/p>\n\n\n\n<p><a href=\"https:\/\/site.educa.madrid.org\/ies.benjaminrua.mostoles\/\/wp-content\/uploads\/ies.benjaminrua.mostoles\/2024\/03\/Manejo-de-Sustancias-Quimicas.pdf\"><strong><mark style=\"background-color:rgba(0, 0, 0, 0);color:#97a2ab\" class=\"has-inline-color\">Formaci\u00f3n en manejo de sustancias qu\u00edmicas<\/mark><\/strong><\/a><\/p>\n\n\n\n<p class=\"has-vivid-cyan-blue-color has-text-color has-medium-font-size\"><strong>EJECUCI\u00d3N DE MEDIDAS DE LA ACTUACI\u00d3N \u00abSOSTENIBILIDAD MEDIOAMBIENTAL EN PROGRAMAS FORMATIVOS Y GESTI\u00d3N DE LOS CENTROS CON ENSE\u00d1ANZAS DE FORMACI\u00d3N PROFESIONAL\u00bb DEL EJE  REACT-EU del FSE+<\/strong><\/p>\n\n\n<ul>\n<li><strong>Instalaci\u00f3n solar-fotovoltaica<\/strong><\/li>\n<li><strong>Puntos de recarga el\u00e9ctrica de veh\u00edculos<\/strong><\/li>\n<li><strong>Parking de bicicletas y patinetes<\/strong><\/li>\n<li><strong>Papeleras de reciclaje selectivo<\/strong><\/li>\n<li><strong>Iluminaci\u00f3n led\u00a0 interior y exterior<\/strong><\/li>\n<li><strong>Detectores de presencia<\/strong><\/li>\n<li><strong><a href=\"https:\/\/site.educa.madrid.org\/ies.benjaminrua.mostoles\/\/wp-content\/uploads\/ies.benjaminrua.mostoles\/2024\/01\/AENOR-certificadoISO-ES-28-12-2023.pdf\">Certificaci\u00f3n ISO 14001&#8243;SISTEMA DE GESTI\u00d3N AMBIENTAL\u00bb<\/a>\u00a0<\/strong><\/li>\n<\/ul>\n\n\n<p><\/p>\n","protected":false},"excerpt":{"rendered":"<p>COMPROMISO DE SOSTENIBILIDAD DEL IES BENJAM\u00cdN R\u00daA Pol\u00edtica Ambiental Aspectos Ambientales Objetivos del Sistema de Gesti\u00f3n Ambiental 2022-2023 Objetivos del Sistema Gesti\u00f3n Ambiental 2023-2024 Objetivos del Sistema de Gesti\u00f3n Ambiental &#8230;<\/p>\n","protected":false},"author":3,"featured_media":0,"parent":0,"menu_order":0,"comment_status":"closed","ping_status":"closed","template":"","meta":{"footnotes":""},"folder":[],"class_list":["post-7423","page","type-page","status-publish","hentry"],"rttpg_featured_image_url":null,"rttpg_author":{"display_name":"ies.benjaminrua.mostoles","author_link":"https:\/\/site.educa.madrid.org\/ies.benjaminrua.mostoles\/index.php\/author\/cuenta_ies-benjaminrua-mostoles\/"},"rttpg_comment":0,"rttpg_category":false,"rttpg_excerpt":"COMPROMISO DE SOSTENIBILIDAD DEL IES BENJAM\u00cdN R\u00daA Pol\u00edtica Ambiental Aspectos Ambientales Objetivos del Sistema de Gesti\u00f3n Ambiental 2022-2023 Objetivos del Sistema Gesti\u00f3n Ambiental 2023-2024 Objetivos del Sistema de Gesti\u00f3n Ambiental ...","post_mailing_queue_ids":[],"_links":{"self":[{"href":"https:\/\/site.educa.madrid.org\/ies.benjaminrua.mostoles\/index.php\/wp-json\/wp\/v2\/pages\/7423","targetHints":{"allow":["GET"]}}],"collection":[{"href":"https:\/\/site.educa.madrid.org\/ies.benjaminrua.mostoles\/index.php\/wp-json\/wp\/v2\/pages"}],"about":[{"href":"https:\/\/site.educa.madrid.org\/ies.benjaminrua.mostoles\/index.php\/wp-json\/wp\/v2\/types\/page"}],"author":[{"embeddable":true,"href":"https:\/\/site.educa.madrid.org\/ies.benjaminrua.mostoles\/index.php\/wp-json\/wp\/v2\/users\/3"}],"replies":[{"embeddable":true,"href":"https:\/\/site.educa.madrid.org\/ies.benjaminrua.mostoles\/index.php\/wp-json\/wp\/v2\/comments?post=7423"}],"version-history":[{"count":44,"href":"https:\/\/site.educa.madrid.org\/ies.benjaminrua.mostoles\/index.php\/wp-json\/wp\/v2\/pages\/7423\/revisions"}],"predecessor-version":[{"id":12238,"href":"https:\/\/site.educa.madrid.org\/ies.benjaminrua.mostoles\/index.php\/wp-json\/wp\/v2\/pages\/7423\/revisions\/12238"}],"wp:attachment":[{"href":"https:\/\/site.educa.madrid.org\/ies.benjaminrua.mostoles\/index.php\/wp-json\/wp\/v2\/media?parent=7423"}],"wp:term":[{"taxonomy":"folder","embeddable":true,"href":"https:\/\/site.educa.madrid.org\/ies.benjaminrua.mostoles\/index.php\/wp-json\/wp\/v2\/folder?post=7423"}],"curies":[{"name":"wp","href":"https:\/\/api.w.org\/{rel}","templated":true}]}}