{"id":8978,"date":"2024-05-30T13:11:59","date_gmt":"2024-05-30T11:11:59","guid":{"rendered":"https:\/\/site.educa.madrid.org\/ies.benjaminrua.mostoles\/?page_id=8978"},"modified":"2026-04-08T14:10:33","modified_gmt":"2026-04-08T12:10:33","slug":"becas","status":"publish","type":"page","link":"https:\/\/site.educa.madrid.org\/ies.benjaminrua.mostoles\/index.php\/becas\/","title":{"rendered":"Becas"},"content":{"rendered":"\n<p><mark style=\"background-color:#7bdcb5\" class=\"has-inline-color has-black-color\"><strong>BECAS PARA CICLOS DE FP<\/strong> <strong>CURSO 26-27 <\/strong><\/mark><\/p>\n\n\n\n<p><mark style=\"background-color:#fcb900\" class=\"has-inline-color\"><strong>Plazo de solicitudes abierto<\/strong><\/mark><\/p>\n\n\n\n<p><strong> Presentaci\u00f3n de solicitudes: <\/strong>desde el 7 de abril al 18 de mayo de 2026 a las 15:00 horas.<\/p>\n\n\n\n<p>En los siguientes enlaces puede consultar toda la informaci\u00f3n.<\/p>\n\n\n\n<p><strong><a href=\"https:\/\/view.genial.ly\/64539ebb06dcbc00194b4a76\">INFOGRAF\u00cdA EXPLICATIVA<\/a><\/strong><\/p>\n\n\n\n<p><strong><a href=\"https:\/\/www.becaseducacion.gob.es\/becas-y-ayudas.html\">WEB DEL MINISTERIO<\/a><\/strong><\/p>\n\n\n\n<p><strong><mark style=\"background-color:#7bdcb5\" class=\"has-inline-color\">AYUDAS ACNEAE 2025\/2026 <\/mark><\/strong><\/p>\n\n\n\n<p><strong><mark style=\"background-color:#fcb900\" class=\"has-inline-color has-black-color\">Convocatoria abierta 30\/04\/2025 a 11\/09\/2025<\/mark><\/strong><\/p>\n\n\n\n<p>En el siguiente enlace puede encontrar toda la informaci\u00f3n y proceder a su tramitaci\u00f3n.<\/p>\n\n\n\n<p><a href=\"https:\/\/www.educacionfpydeportes.gob.es\/servicios-al-ciudadano\/catalogo\/estudiantes\/becas-ayudas\/para-estudiar\/formacion-profesional\/necesidad-especifica-apoyo-educativo.html\"><strong>WEB DEL MINISTERIO<\/strong><\/a><\/p>\n\n\n\n<p><strong><mark style=\"background-color:#00d084\" class=\"has-inline-color has-black-color\">FUNDACI\u00d3N ROMANILLOS.<\/mark><\/strong><\/p>\n\n\n\n<p>La Fundaci\u00f3n Romanillos convoca&nbsp;becas para el curso <strong><mark style=\"background-color:#fcb900\" class=\"has-inline-color\">2025-2026<\/mark><\/strong>, destinadas a estudiantes con&nbsp;pocos recursos econ\u00f3micos, y el Premio Enrique Rodr\u00edguez-Mar\u00edn a la Excelencia Acad\u00e9mica.<\/p>\n\n\n\n<p><a href=\"https:\/\/www.fundacionromanillos.es\/becas2.html\"><strong>Bases de la convocatoria<\/strong><\/a><\/p>\n\n\n\n<p><mark style=\"background-color:#7bdcb5\" class=\"has-inline-color has-black-color\"><strong>BECAS PARA EL ESTUDIO DE PROGRAMAS DE SEGUNDA OPORTUNIDAD DE LA COMUNIDAD DE MADRID<\/strong> <strong>2025\/2026 <\/strong><\/mark><\/p>\n\n\n\n<p><strong>Plazo de presentaci\u00f3n de solicitudes: <\/strong>desde el 17 de julio de 2025 hasta el 7 de agosto de 2025.<\/p>\n\n\n\n<p>En el siguiente enlace puede consultar toda la informaci\u00f3n y acceder a la tramitaci\u00f3n a trav\u00e9s de la secretar\u00eda virtual: <a href=\"https:\/\/www.comunidad.madrid\/servicios\/educacion\/becas-estudio-programas-segunda-oportunidad\"><strong>https:\/\/www.comunidad.madrid\/servicios\/educacion\/becas-estudio-programas-segunda-oportunidad<\/strong><\/a><\/p>\n\n\n\n<p><mark style=\"background-color:#00d084\" class=\"has-inline-color has-black-color\"><strong>BECAS FUNDACI\u00d3N SEPI-ICO 202<\/strong>6<\/mark><\/p>\n\n\n\n<p>La Fundaci\u00f3n SEPI, F.S.P. convoca las becas del Programa de Iniciaci\u00f3n en la Empresa, cuyas caracter\u00edsticas generales se exponen en las bases de la convocatoria que pueden consultarse en el siguiente enlace.<\/p>\n\n\n\n<p>Recepci\u00f3n de solicitudes hasta el Domingo 8 de marzo de 2026<\/p>\n\n\n\n<p><a href=\"https:\/\/www.fundacionsepi.es\/becas\/iniciacion-fsepi.asp\">https:\/\/www.fundacionsepi.es\/becas\/cesa-fp-fsepi.asp<\/a><\/p>\n\n\n\n<p><\/p>\n\n\n\n<p><\/p>\n\n\n\n<p><\/p>\n\n\n\n<p><\/p>\n","protected":false},"excerpt":{"rendered":"<p>BECAS PARA CICLOS DE FP CURSO 26-27 Plazo de solicitudes abierto Presentaci\u00f3n de solicitudes: desde el 7 de abril al 18 de mayo de 2026 a las 15:00 horas. En &#8230;<\/p>\n","protected":false},"author":3,"featured_media":0,"parent":0,"menu_order":0,"comment_status":"closed","ping_status":"closed","template":"","meta":{"footnotes":""},"folder":[],"class_list":["post-8978","page","type-page","status-publish","hentry"],"rttpg_featured_image_url":null,"rttpg_author":{"display_name":"ies.benjaminrua.mostoles","author_link":"https:\/\/site.educa.madrid.org\/ies.benjaminrua.mostoles\/index.php\/author\/cuenta_ies-benjaminrua-mostoles\/"},"rttpg_comment":0,"rttpg_category":false,"rttpg_excerpt":"BECAS PARA CICLOS DE FP CURSO 26-27 Plazo de solicitudes abierto Presentaci\u00f3n de solicitudes: desde el 7 de abril al 18 de mayo de 2026 a las 15:00 horas. En ...","post_mailing_queue_ids":[],"_links":{"self":[{"href":"https:\/\/site.educa.madrid.org\/ies.benjaminrua.mostoles\/index.php\/wp-json\/wp\/v2\/pages\/8978","targetHints":{"allow":["GET"]}}],"collection":[{"href":"https:\/\/site.educa.madrid.org\/ies.benjaminrua.mostoles\/index.php\/wp-json\/wp\/v2\/pages"}],"about":[{"href":"https:\/\/site.educa.madrid.org\/ies.benjaminrua.mostoles\/index.php\/wp-json\/wp\/v2\/types\/page"}],"author":[{"embeddable":true,"href":"https:\/\/site.educa.madrid.org\/ies.benjaminrua.mostoles\/index.php\/wp-json\/wp\/v2\/users\/3"}],"replies":[{"embeddable":true,"href":"https:\/\/site.educa.madrid.org\/ies.benjaminrua.mostoles\/index.php\/wp-json\/wp\/v2\/comments?post=8978"}],"version-history":[{"count":19,"href":"https:\/\/site.educa.madrid.org\/ies.benjaminrua.mostoles\/index.php\/wp-json\/wp\/v2\/pages\/8978\/revisions"}],"predecessor-version":[{"id":12735,"href":"https:\/\/site.educa.madrid.org\/ies.benjaminrua.mostoles\/index.php\/wp-json\/wp\/v2\/pages\/8978\/revisions\/12735"}],"wp:attachment":[{"href":"https:\/\/site.educa.madrid.org\/ies.benjaminrua.mostoles\/index.php\/wp-json\/wp\/v2\/media?parent=8978"}],"wp:term":[{"taxonomy":"folder","embeddable":true,"href":"https:\/\/site.educa.madrid.org\/ies.benjaminrua.mostoles\/index.php\/wp-json\/wp\/v2\/folder?post=8978"}],"curies":[{"name":"wp","href":"https:\/\/api.w.org\/{rel}","templated":true}]}}