{"id":445,"date":"2021-02-21T12:18:26","date_gmt":"2021-02-21T12:18:26","guid":{"rendered":"https:\/\/site.educa.madrid.org\/ies.calderondelabar.madrid\/?page_id=445"},"modified":"2024-01-31T20:38:02","modified_gmt":"2024-01-31T19:38:02","slug":"peticion-de-calificaciones","status":"publish","type":"page","link":"https:\/\/site.educa.madrid.org\/ies.calderondelabar.madrid\/index.php\/organos\/secretaria\/que-es-calderon-movil\/peticion-de-calificaciones\/","title":{"rendered":"Petici\u00f3n de calificaciones"},"content":{"rendered":"<div class=\"wp-block-image\">\n<figure class=\"alignright size-large is-resized\"><img loading=\"lazy\" decoding=\"async\" src=\"https:\/\/site.educa.madrid.org\/ies.calderondelabar.madrid\/\/wp-content\/uploads\/ies.calderondelabar.madrid\/2024\/01\/a-1024x791.png\" alt=\"\" class=\"wp-image-5726\" width=\"365\" height=\"280\"\/><\/figure>\n<\/div>\n\n<h3 class=\"green-message\"><span style=\"color: #ff0000;\">CERTIFICADO<\/span><strong><span style=\"color: #ff0000;\"> DE CALIFICACIONES<\/span><\/strong><\/h3>\n<p>Es un documento en el que se reflejan las calificaciones del alumno con la nota media obtenida. Se puede solicitar para continuar los estudios de Formaci\u00f3n profesional o cuando se quiera continuar estudios en otro centro educativo.<\/p>\n<p>Este documento tambi\u00e9n sirve para solicitar el historial acad\u00e9mico.<\/p>\n<p><strong>EL DOCUMENTO DEBE PRESENTARSE CON FIRMA ELECTR\u00d3NICA V\u00c1LIDA (CERTIFICADO ELECTR\u00d3NICO)<\/strong>. No podemos contestar a los correos que remitan la solicitud sin firma adecuada o se dirijan a una direcci\u00f3n de correos distinta a la facilitada debajo. Gracias.<\/p>\n<div class=\"left-block\">\u00bfQu\u00e9 tengo que hacer?<\/div>\n<p>Remite a <span id=\"cloakb6bf4215c580775682495c2986176af4\"><a href=\"mailto:secretaria.ies.calderondelabar.madrid@educa.madrid.org\">secretaria.ies.calderondelabar.madrid@educa.madrid.org<\/a><\/span>, con copia escaneada del documento. Recibir\u00e1s el bolet\u00edn en el correo suministrado en el documento.<\/p>\n<h3 class=\"red-message\"><span style=\"color: #ff0000;\">BOLET\u00cdN DE CALIFICACIONES<\/span><\/h3>\n<p>El bolet\u00edn de calificaciones es entregado por los\/as tutores\/as al alumnado cada trimestre en el r\u00e9gimen presencial. El bolet\u00edn de notas tiene \u00fanicamente car\u00e1cter informativo. En el r\u00e9gimen de Bachillerato a distancia las calificaciones se consultan a trav\u00e9s <a title=\"\" href=\"https:\/\/raices.madrid.org\/raiz_app\/jsp\/portal\/portalraices.html\" target=\"_blank\" rel=\"noopener noreferrer\" data-link-type=\"custom\">de la aplicaci\u00f3n ROBLE<\/a>. <\/p>","protected":false},"excerpt":{"rendered":"<p>CERTIFICADO DE CALIFICACIONES Es un documento en el que se reflejan las calificaciones del alumno con la nota media obtenida. Se puede solicitar para continuar los estudios de Formaci\u00f3n profesional &#8230;<\/p>\n","protected":false},"author":3,"featured_media":5727,"parent":393,"menu_order":0,"comment_status":"closed","ping_status":"closed","template":"","meta":{"footnotes":""},"folder":[103],"class_list":["post-445","page","type-page","status-publish","has-post-thumbnail","hentry"],"rttpg_featured_image_url":{"full":["https:\/\/site.educa.madrid.org\/ies.calderondelabar.madrid\/\/wp-content\/uploads\/ies.calderondelabar.madrid\/2024\/01\/a-1.png",1650,1275,false],"landscape":["https:\/\/site.educa.madrid.org\/ies.calderondelabar.madrid\/\/wp-content\/uploads\/ies.calderondelabar.madrid\/2024\/01\/a-1.png",1650,1275,false],"portraits":["https:\/\/site.educa.madrid.org\/ies.calderondelabar.madrid\/\/wp-content\/uploads\/ies.calderondelabar.madrid\/2024\/01\/a-1.png",1650,1275,false],"thumbnail":["https:\/\/site.educa.madrid.org\/ies.calderondelabar.madrid\/\/wp-content\/uploads\/ies.calderondelabar.madrid\/2024\/01\/a-1-150x150.png",150,150,true],"medium":["https:\/\/site.educa.madrid.org\/ies.calderondelabar.madrid\/\/wp-content\/uploads\/ies.calderondelabar.madrid\/2024\/01\/a-1-300x232.png",300,232,true],"large":["https:\/\/site.educa.madrid.org\/ies.calderondelabar.madrid\/\/wp-content\/uploads\/ies.calderondelabar.madrid\/2024\/01\/a-1-1024x791.png",800,618,true],"thumblist":["https:\/\/site.educa.madrid.org\/ies.calderondelabar.madrid\/\/wp-content\/uploads\/ies.calderondelabar.madrid\/2024\/01\/a-1-300x300.png",300,300,true],"thumbrelated":["https:\/\/site.educa.madrid.org\/ies.calderondelabar.madrid\/\/wp-content\/uploads\/ies.calderondelabar.madrid\/2024\/01\/a-1.png",500,386,false],"meccarouselthumb":["https:\/\/site.educa.madrid.org\/ies.calderondelabar.madrid\/\/wp-content\/uploads\/ies.calderondelabar.madrid\/2024\/01\/a-1-474x324.png",474,324,true],"gridsquare":["https:\/\/site.educa.madrid.org\/ies.calderondelabar.madrid\/\/wp-content\/uploads\/ies.calderondelabar.madrid\/2024\/01\/a-1-391x260.png",391,260,true],"tileview":["https:\/\/site.educa.madrid.org\/ies.calderondelabar.madrid\/\/wp-content\/uploads\/ies.calderondelabar.madrid\/2024\/01\/a-1-300x400.png",300,400,true],"1536x1536":["https:\/\/site.educa.madrid.org\/ies.calderondelabar.madrid\/\/wp-content\/uploads\/ies.calderondelabar.madrid\/2024\/01\/a-1-1536x1187.png",1536,1187,true],"2048x2048":["https:\/\/site.educa.madrid.org\/ies.calderondelabar.madrid\/\/wp-content\/uploads\/ies.calderondelabar.madrid\/2024\/01\/a-1.png",1650,1275,false],"onepress-blog-small":["https:\/\/site.educa.madrid.org\/ies.calderondelabar.madrid\/\/wp-content\/uploads\/ies.calderondelabar.madrid\/2024\/01\/a-1-300x150.png",300,150,true],"onepress-small":["https:\/\/site.educa.madrid.org\/ies.calderondelabar.madrid\/\/wp-content\/uploads\/ies.calderondelabar.madrid\/2024\/01\/a-1-480x300.png",480,300,true],"onepress-medium":["https:\/\/site.educa.madrid.org\/ies.calderondelabar.madrid\/\/wp-content\/uploads\/ies.calderondelabar.madrid\/2024\/01\/a-1-640x400.png",640,400,true],"sow-carousel-default":["https:\/\/site.educa.madrid.org\/ies.calderondelabar.madrid\/\/wp-content\/uploads\/ies.calderondelabar.madrid\/2024\/01\/a-1-272x182.png",272,182,true],"sow-post-carousel-overlay-theme":["https:\/\/site.educa.madrid.org\/ies.calderondelabar.madrid\/\/wp-content\/uploads\/ies.calderondelabar.madrid\/2024\/01\/a-1.png",360,278,false],"sow-post-carousel-cards-theme":["https:\/\/site.educa.madrid.org\/ies.calderondelabar.madrid\/\/wp-content\/uploads\/ies.calderondelabar.madrid\/2024\/01\/a-1.png",311,240,false],"rt_custom":["https:\/\/site.educa.madrid.org\/ies.calderondelabar.madrid\/\/wp-content\/uploads\/ies.calderondelabar.madrid\/2024\/01\/a-1.png",1650,1275,false]},"rttpg_author":{"display_name":"ies.calderondelabar.madrid","author_link":"https:\/\/site.educa.madrid.org\/ies.calderondelabar.madrid\/index.php\/author\/cuenta_ies-calderondelabar-madrid\/"},"rttpg_comment":0,"rttpg_category":" <a href=\"https:\/\/site.educa.madrid.org\/ies.calderondelabar.madrid\/?taxonomy=folder&#038;term=secretaria\" rel=\"tag\">SECRETAR\u00cdA<\/a>","rttpg_excerpt":"CERTIFICADO DE CALIFICACIONES Es un documento en el que se reflejan las calificaciones del alumno con la nota media obtenida. Se puede solicitar para continuar los estudios de Formaci\u00f3n profesional ...","post_mailing_queue_ids":[],"_links":{"self":[{"href":"https:\/\/site.educa.madrid.org\/ies.calderondelabar.madrid\/index.php\/wp-json\/wp\/v2\/pages\/445","targetHints":{"allow":["GET"]}}],"collection":[{"href":"https:\/\/site.educa.madrid.org\/ies.calderondelabar.madrid\/index.php\/wp-json\/wp\/v2\/pages"}],"about":[{"href":"https:\/\/site.educa.madrid.org\/ies.calderondelabar.madrid\/index.php\/wp-json\/wp\/v2\/types\/page"}],"author":[{"embeddable":true,"href":"https:\/\/site.educa.madrid.org\/ies.calderondelabar.madrid\/index.php\/wp-json\/wp\/v2\/users\/3"}],"replies":[{"embeddable":true,"href":"https:\/\/site.educa.madrid.org\/ies.calderondelabar.madrid\/index.php\/wp-json\/wp\/v2\/comments?post=445"}],"version-history":[{"count":3,"href":"https:\/\/site.educa.madrid.org\/ies.calderondelabar.madrid\/index.php\/wp-json\/wp\/v2\/pages\/445\/revisions"}],"predecessor-version":[{"id":5754,"href":"https:\/\/site.educa.madrid.org\/ies.calderondelabar.madrid\/index.php\/wp-json\/wp\/v2\/pages\/445\/revisions\/5754"}],"up":[{"embeddable":true,"href":"https:\/\/site.educa.madrid.org\/ies.calderondelabar.madrid\/index.php\/wp-json\/wp\/v2\/pages\/393"}],"wp:featuredmedia":[{"embeddable":true,"href":"https:\/\/site.educa.madrid.org\/ies.calderondelabar.madrid\/index.php\/wp-json\/wp\/v2\/media\/5727"}],"wp:attachment":[{"href":"https:\/\/site.educa.madrid.org\/ies.calderondelabar.madrid\/index.php\/wp-json\/wp\/v2\/media?parent=445"}],"wp:term":[{"taxonomy":"folder","embeddable":true,"href":"https:\/\/site.educa.madrid.org\/ies.calderondelabar.madrid\/index.php\/wp-json\/wp\/v2\/folder?post=445"}],"curies":[{"name":"wp","href":"https:\/\/api.w.org\/{rel}","templated":true}]}}