{"id":5272,"date":"2024-01-15T16:53:02","date_gmt":"2024-01-15T15:53:02","guid":{"rendered":"https:\/\/site.educa.madrid.org\/ies.calderondelabar.madrid\/?page_id=5272"},"modified":"2024-01-19T20:00:45","modified_gmt":"2024-01-19T19:00:45","slug":"lema-somos-inclusion","status":"publish","type":"page","link":"https:\/\/site.educa.madrid.org\/ies.calderondelabar.madrid\/index.php\/ensenanzas\/actividades-de-tarde\/lema-somos-inclusion\/","title":{"rendered":"LEMA Somos Inclusi\u00f3n"},"content":{"rendered":"<p><strong>\u00bfQUI\u00c9NES SOMOS?<\/strong><\/p>\n<p>La asociaci\u00f3n Lema Somos Inclusi\u00f3n fue constituida en 2021 con la idea de dar oportunidades a colectivos vulnerables y en riesgo de exclusi\u00f3n social. Nuestro objetivo es fomentar su inclusi\u00f3n en la comunidad a trav\u00e9s de diversas actividades que a su vez mejorar\u00e1n su calidad de vida. Los valores de la asociaci\u00f3n son; Libertad, Empat\u00eda, Motivaci\u00f3n y Asertividad de ah\u00ed su nombre LEMA, creemos en estos valores como parte imprescindible para mejorar la sociedad.<\/p>\n<p><img loading=\"lazy\" decoding=\"async\" class=\"alignnone size-medium wp-image-5400\" src=\"https:\/\/site.educa.madrid.org\/ies.calderondelabar.madrid\/\/wp-content\/uploads\/ies.calderondelabar.madrid\/2024\/01\/futbol-sala-2-300x139.jpg\" alt=\"\" width=\"300\" height=\"139\" srcset=\"https:\/\/site.educa.madrid.org\/ies.calderondelabar.madrid\/\/wp-content\/uploads\/ies.calderondelabar.madrid\/2024\/01\/futbol-sala-2-300x139.jpg 300w, https:\/\/site.educa.madrid.org\/ies.calderondelabar.madrid\/\/wp-content\/uploads\/ies.calderondelabar.madrid\/2024\/01\/futbol-sala-2-1024x473.jpg 1024w, https:\/\/site.educa.madrid.org\/ies.calderondelabar.madrid\/\/wp-content\/uploads\/ies.calderondelabar.madrid\/2024\/01\/futbol-sala-2-768x355.jpg 768w, https:\/\/site.educa.madrid.org\/ies.calderondelabar.madrid\/\/wp-content\/uploads\/ies.calderondelabar.madrid\/2024\/01\/futbol-sala-2-1536x710.jpg 1536w, https:\/\/site.educa.madrid.org\/ies.calderondelabar.madrid\/\/wp-content\/uploads\/ies.calderondelabar.madrid\/2024\/01\/futbol-sala-2-2048x946.jpg 2048w\" sizes=\"auto, (max-width: 300px) 100vw, 300px\" \/><\/p>\n<p><strong>\u00bfQU\u00c9 HACEMOS?<\/strong><\/p>\n<p>Los lunes impartimos baloncesto, esta escuela est\u00e1 destinada a participantes que empiezan a practicar su primer deporte ya que es m\u00e1s sencillo por el uso de las manos. Utilizamos el baloncesto como medio para mejorar su coordinaci\u00f3n y promover la participaci\u00f3n hacia la actividad f\u00edsica y as\u00ed mejorar su salud. Los participantes tienen una media de edad de 8 a 15 a\u00f1os, que en la discapacidad intelectual es una edad temprana donde es muy importante trabajar la psicomotricidad, por lo que utilizamos el baloncesto como herramienta l\u00fadica para mejorar su capacidades f\u00edsicas y cognitivas.<\/p>\n<p>Los martes y jueves realizamos la actividad deportiva de f\u00fatbol sala, creamos un ambiente l\u00fadico, donde se trabajan los conceptos b\u00e1sicos del deporte a trav\u00e9s del juego y tareas sencillas. Los valores fundamentales que empleamos es la inclusi\u00f3n, el compa\u00f1erismo y evitar el sedentarismo en este tipo de colectivos. Esta actividad es la m\u00e1s longeva de la asociaci\u00f3n y ya se va viendo c\u00f3mo aumenta el rendimiento de los participantes, as\u00ed como la motivaci\u00f3n de seguir en la actividad.<\/p>\n<p><img loading=\"lazy\" decoding=\"async\" class=\"alignnone size-medium wp-image-5401\" src=\"https:\/\/site.educa.madrid.org\/ies.calderondelabar.madrid\/\/wp-content\/uploads\/ies.calderondelabar.madrid\/2024\/01\/Expresion-artistica-300x139.jpg\" alt=\"\" width=\"300\" height=\"139\" srcset=\"https:\/\/site.educa.madrid.org\/ies.calderondelabar.madrid\/\/wp-content\/uploads\/ies.calderondelabar.madrid\/2024\/01\/Expresion-artistica-300x139.jpg 300w, https:\/\/site.educa.madrid.org\/ies.calderondelabar.madrid\/\/wp-content\/uploads\/ies.calderondelabar.madrid\/2024\/01\/Expresion-artistica-1024x473.jpg 1024w, https:\/\/site.educa.madrid.org\/ies.calderondelabar.madrid\/\/wp-content\/uploads\/ies.calderondelabar.madrid\/2024\/01\/Expresion-artistica-768x355.jpg 768w, https:\/\/site.educa.madrid.org\/ies.calderondelabar.madrid\/\/wp-content\/uploads\/ies.calderondelabar.madrid\/2024\/01\/Expresion-artistica-1536x710.jpg 1536w, https:\/\/site.educa.madrid.org\/ies.calderondelabar.madrid\/\/wp-content\/uploads\/ies.calderondelabar.madrid\/2024\/01\/Expresion-artistica-2048x946.jpg 2048w\" sizes=\"auto, (max-width: 300px) 100vw, 300px\" \/><\/p>\n<p>Los jueves tambi\u00e9n despu\u00e9s de f\u00fatbol sala se realiza la actividad de expresi\u00f3n art\u00edstica y manualidades, es un taller que ha surgido de la petici\u00f3n de los propios familiares que conoc\u00edan la asociaci\u00f3n, ya que es una actividad muy llamativa, donde pueden desarrollar su imaginaci\u00f3n y mejorar su creatividad. Adem\u00e1s les permite realizar diferentes trabajos que despu\u00e9s pueden disfrutar en sus hogares y tener el recuerdo de cada trabajo realizado, produciendo mucha satisfacci\u00f3n y mejorando su autoestima.<\/p>\n<p>Todas las actividades est\u00e1n abiertas para todas las personas que quieran participar, tanto como participantes y beneficiarias de la actividad como para voluntarios\/as que quieran acudir y ayudar a todos los participantes en sus tareas, por lo que est\u00e1n abiertas a toda la comunidad educativa, de hecho la mayor parte de los usuarios de la asociaci\u00f3n vienen derivados de colegios p\u00fablicos de educaci\u00f3n especial.<\/p>\n","protected":false},"excerpt":{"rendered":"<p>\u00bfQUI\u00c9NES SOMOS? La asociaci\u00f3n Lema Somos Inclusi\u00f3n fue constituida en 2021 con la idea de dar oportunidades a colectivos vulnerables y en riesgo de exclusi\u00f3n social. Nuestro objetivo es fomentar &#8230;<\/p>\n","protected":false},"author":7,"featured_media":0,"parent":1921,"menu_order":0,"comment_status":"closed","ping_status":"closed","template":"","meta":{"footnotes":""},"folder":[96],"class_list":["post-5272","page","type-page","status-publish","hentry"],"rttpg_featured_image_url":null,"rttpg_author":{"display_name":"Gema","author_link":"https:\/\/site.educa.madrid.org\/ies.calderondelabar.madrid\/index.php\/author\/gema-mara_parras-serradilla\/"},"rttpg_comment":0,"rttpg_category":" <a href=\"https:\/\/site.educa.madrid.org\/ies.calderondelabar.madrid\/?taxonomy=folder&#038;term=actividades-de-tarde\" rel=\"tag\">ACTIVIDADES DE TARDE<\/a>","rttpg_excerpt":"\u00bfQUI\u00c9NES SOMOS? La asociaci\u00f3n Lema Somos Inclusi\u00f3n fue constituida en 2021 con la idea de dar oportunidades a colectivos vulnerables y en riesgo de exclusi\u00f3n social. Nuestro objetivo es fomentar ...","post_mailing_queue_ids":[],"_links":{"self":[{"href":"https:\/\/site.educa.madrid.org\/ies.calderondelabar.madrid\/index.php\/wp-json\/wp\/v2\/pages\/5272","targetHints":{"allow":["GET"]}}],"collection":[{"href":"https:\/\/site.educa.madrid.org\/ies.calderondelabar.madrid\/index.php\/wp-json\/wp\/v2\/pages"}],"about":[{"href":"https:\/\/site.educa.madrid.org\/ies.calderondelabar.madrid\/index.php\/wp-json\/wp\/v2\/types\/page"}],"author":[{"embeddable":true,"href":"https:\/\/site.educa.madrid.org\/ies.calderondelabar.madrid\/index.php\/wp-json\/wp\/v2\/users\/7"}],"replies":[{"embeddable":true,"href":"https:\/\/site.educa.madrid.org\/ies.calderondelabar.madrid\/index.php\/wp-json\/wp\/v2\/comments?post=5272"}],"version-history":[{"count":3,"href":"https:\/\/site.educa.madrid.org\/ies.calderondelabar.madrid\/index.php\/wp-json\/wp\/v2\/pages\/5272\/revisions"}],"predecessor-version":[{"id":5402,"href":"https:\/\/site.educa.madrid.org\/ies.calderondelabar.madrid\/index.php\/wp-json\/wp\/v2\/pages\/5272\/revisions\/5402"}],"up":[{"embeddable":true,"href":"https:\/\/site.educa.madrid.org\/ies.calderondelabar.madrid\/index.php\/wp-json\/wp\/v2\/pages\/1921"}],"wp:attachment":[{"href":"https:\/\/site.educa.madrid.org\/ies.calderondelabar.madrid\/index.php\/wp-json\/wp\/v2\/media?parent=5272"}],"wp:term":[{"taxonomy":"folder","embeddable":true,"href":"https:\/\/site.educa.madrid.org\/ies.calderondelabar.madrid\/index.php\/wp-json\/wp\/v2\/folder?post=5272"}],"curies":[{"name":"wp","href":"https:\/\/api.w.org\/{rel}","templated":true}]}}