{"id":5457,"date":"2024-01-23T20:06:09","date_gmt":"2024-01-23T19:06:09","guid":{"rendered":"https:\/\/site.educa.madrid.org\/ies.calderondelabar.madrid\/?page_id=5457"},"modified":"2024-01-23T20:06:09","modified_gmt":"2024-01-23T19:06:09","slug":"titulos","status":"publish","type":"page","link":"https:\/\/site.educa.madrid.org\/ies.calderondelabar.madrid\/index.php\/titulos\/","title":{"rendered":"T\u00cdTULOS"},"content":{"rendered":"<div id=\"pl-5457\"  class=\"panel-layout\" ><div id=\"pg-5457-0\"  class=\"panel-grid panel-no-style\" ><div id=\"pgc-5457-0-0\"  class=\"panel-grid-cell\" ><div id=\"panel-5457-0-0-0\" class=\"so-panel widget widget_sow-accordion panel-first-child panel-last-child\" data-index=\"0\" ><div\n\t\t\t\n\t\t\tclass=\"so-widget-sow-accordion so-widget-sow-accordion-default-2450f7970f91-5457\"\n\t\t\t data-max-open-panels=\"0\" data-initial-scroll-panel=\"0\"\n\t\t><h3 class=\"widget-title\">SOLICITUD DE T\u00cdTULOS, DUPLICADOS Y DOCUMENTACI\u00d3N NECESARIA<\/h3><div>\n\t<div class=\"sow-accordion\">\n\t\t\t<div class=\"sow-accordion-panel\"\n\t\t\t data-anchor=\"solicitud-de-t%c3%adtulo-de-eso\">\n\t\t\t\t<div class=\"sow-accordion-panel-header-container\" role=\"heading\" aria-level=\"2\">\n\t\t\t\t\t<div class=\"sow-accordion-panel-header\" tabindex=\"0\" role=\"button\" id=\"accordion-label-solicitud-de-t%c3%adtulo-de-eso\" aria-controls=\"accordion-content-solicitud-de-t%c3%adtulo-de-eso\" aria-expanded=\"false\">\n\t\t\t\t\t\t<div class=\"sow-accordion-title sow-accordion-title-icon-left\">\n\t\t\t\t\t\t\t\t\t\t\t\t\t\tSOLICITUD DE T\u00cdTULO DE ESO\t\t\t\t\t\t\t\t\t\t\t\t\t<\/div>\n\t\t\t\t\t\t<div class=\"sow-accordion-open-close-button\">\n\t\t\t\t\t\t\t<div class=\"sow-accordion-open-button\">\n\t\t\t\t\t\t\t\t<span class=\"sow-icon-ionicons\" data-sow-icon=\"&#xf218;\"\n\t\t \n\t\taria-hidden=\"true\"><\/span>\t\t\t\t\t\t\t<\/div>\n\t\t\t\t\t\t\t<div class=\"sow-accordion-close-button\">\n\t\t\t\t\t\t\t\t<span class=\"sow-icon-ionicons\" data-sow-icon=\"&#xf209;\"\n\t\t \n\t\taria-hidden=\"true\"><\/span>\t\t\t\t\t\t\t<\/div>\n\t\t\t\t\t\t<\/div>\n\t\t\t\t\t<\/div>\n\t\t\t\t<\/div>\n\n\t\t\t<div\n\t\t\t\tclass=\"sow-accordion-panel-content\"\n\t\t\t\trole=\"region\"\n\t\t\t\taria-labelledby=\"accordion-label-solicitud-de-t%c3%adtulo-de-eso\"\n\t\t\t\tid=\"accordion-content-solicitud-de-t%c3%adtulo-de-eso\"\n\t\t\t\tstyle=\"display: none;\"\t\t\t>\n\t\t\t\t<div class=\"sow-accordion-panel-border\">\n\t\t\t\t\t<p>La expedici\u00f3n de este t\u00edtulo se realiza autom\u00e1ticamente desde la Secretar\u00eda de nuestro centro, sin que sea necesario solicitarlo.<\/p>\n\t\t\t\t<\/div>\n\t\t\t<\/div>\n\t\t<\/div>\n\t\t\t<div class=\"sow-accordion-panel\"\n\t\t\t data-anchor=\"otros-t%c3%adtulos\">\n\t\t\t\t<div class=\"sow-accordion-panel-header-container\" role=\"heading\" aria-level=\"2\">\n\t\t\t\t\t<div class=\"sow-accordion-panel-header\" tabindex=\"0\" role=\"button\" id=\"accordion-label-otros-t%c3%adtulos\" aria-controls=\"accordion-content-otros-t%c3%adtulos\" aria-expanded=\"false\">\n\t\t\t\t\t\t<div class=\"sow-accordion-title sow-accordion-title-icon-left\">\n\t\t\t\t\t\t\t\t\t\t\t\t\t\tOTROS T\u00cdTULOS\t\t\t\t\t\t\t\t\t\t\t\t\t<\/div>\n\t\t\t\t\t\t<div class=\"sow-accordion-open-close-button\">\n\t\t\t\t\t\t\t<div class=\"sow-accordion-open-button\">\n\t\t\t\t\t\t\t\t<span class=\"sow-icon-ionicons\" data-sow-icon=\"&#xf218;\"\n\t\t \n\t\taria-hidden=\"true\"><\/span>\t\t\t\t\t\t\t<\/div>\n\t\t\t\t\t\t\t<div class=\"sow-accordion-close-button\">\n\t\t\t\t\t\t\t\t<span class=\"sow-icon-ionicons\" data-sow-icon=\"&#xf209;\"\n\t\t \n\t\taria-hidden=\"true\"><\/span>\t\t\t\t\t\t\t<\/div>\n\t\t\t\t\t\t<\/div>\n\t\t\t\t\t<\/div>\n\t\t\t\t<\/div>\n\n\t\t\t<div\n\t\t\t\tclass=\"sow-accordion-panel-content\"\n\t\t\t\trole=\"region\"\n\t\t\t\taria-labelledby=\"accordion-label-otros-t%c3%adtulos\"\n\t\t\t\tid=\"accordion-content-otros-t%c3%adtulos\"\n\t\t\t\tstyle=\"display: none;\"\t\t\t>\n\t\t\t\t<div class=\"sow-accordion-panel-border\">\n\t\t\t\t\t<p>Aqu\u00ed podr\u00e1s consultar y realizar los tr\u00e1mites necesarios para ello (descarg\u00e1ndote el impreso de solicitud y accediendo al impreso de abono de tasas de forma telem\u00e1tica).<\/p>\n<p>Este procedimiento tambi\u00e9n ser\u00e1 necesario en el caso de que precises solicitar cualquier duplicado de t\u00edtulo, aunque las tasas observar\u00e1s que no ser\u00e1n las mismas.<\/p>\n<p class=\"red-message\">S\u00f3lo para el caso del T\u00edtulo de Bachillerato, T\u00e9cnico, T\u00e9cnico Superior y Duplicado de Graduado en Secundaria:<\/p>\n<p>Documentaci\u00f3n a aportar en todos los supuestos: Remite a la Secretar\u00eda del Centro (<span id=\"cloak0e3989777a23f9c909f575a84ae16b19\"><a href=\"mailto:secretaria.ies.calderondelabar.madrid@educa.madrid.org\">secretaria.ies.calderondelabar.madrid@educa.madrid.org<\/a><\/span>) y evita desplazamientos innecesarios, o entrega en mano (no olvides solicitar\u00a0<a title=\"\" href=\"https:\/\/docs.google.com\/forms\/d\/e\/1FAIpQLSePzzuR6cCrB85j0j-gE_H70u_KzBPWkQ_4c3_VVHMRiPOtlA\/viewform\" target=\"_blank\" rel=\"noopener noreferrer\" data-link-type=\"custom\">tu cita previa<\/a>\u00a0antes de acudir al centro):<\/p>\n<p>1.- El impreso cumplimentado con firma electr\u00f3nica:\u00a0T\u00cdTULO DE BACHILLERATO, T\u00c9CNICO, T\u00c9CNICO SUPERIOR,\u00a0DUPLICADO DE GRADUADO EN SECUNDARIA.<\/p>\n<p>2.- Copia escaneada del DNI, NIE o PASAPORTE (original y fotocopia si se entrega en Secretar\u00eda).<\/p>\n<p>3.- Certificado electr\u00f3nico\u00a0<a href=\"https:\/\/www.comunidad.madrid\/servicios\/asuntos-sociales\/familias-numerosas\" target=\"_blank\" rel=\"noopener noreferrer\">(para obtener leer aqu\u00ed)<\/a>\u00a0del Libro de Familia Numerosa, si procede.\u00a0(original y fotocopia si se entrega en Secretar\u00eda)<\/p>\n<p>4.- Impreso\u00a0<a title=\"\" href=\"https:\/\/gestiona7.madrid.org\/rtas_webapp_pagotasas\/#!\/main\" target=\"_blank\" rel=\"noopener noreferrer\" data-link-type=\"custom\">(enlace)<\/a> con el abono de la tasa correspondiente.<\/p>\n<p>5.- Entregar la documentaci\u00f3n\u00a0por correo electr\u00f3nico a\u00a0<span id=\"cloak929b1dd54dc3af7232d3f80fe72d927e\"><a href=\"mailto:secretaria.ies.calderondelabar.madrid@educa.madrid.org\">secretaria.ies.calderondelabar.madrid@educa.madrid.org<\/a><\/span>\u00a0(recibir\u00e1 un correo de confirmaci\u00f3n con el resguardo),\u00a0o bien, entregar dicha documentaci\u00f3n en la secretar\u00eda del centro (<a title=\"\" href=\"https:\/\/calendly.com\/calderondelabarca\/cita-previa\" target=\"_blank\" rel=\"noopener noreferrer\" data-link-type=\"custom\">pida cita previa<\/a>) en horario de 10 a 13 horas.<\/p>\n<p>Una vez realizada la solicitud y entregada la documentaci\u00f3n, pasados entre 6 y 9 meses, recibir\u00e1 una notificaci\u00f3n indic\u00e1ndole que el T\u00edtulo ya se encuentra a su disposici\u00f3n para ser recogido (hasta entonces, el resguardo que le proporcionaremos en el centro al realizar la solicitud, tiene la misma validez que el t\u00edtulo a efectos acad\u00e9micos y laborales).<\/p>\n\t\t\t\t<\/div>\n\t\t\t<\/div>\n\t\t<\/div>\n\t\t<\/div>\n<\/div>\n<\/div><\/div><\/div><\/div><\/div>","protected":false},"excerpt":{"rendered":"<p>SOLICITUD DE T\u00cdTULOS, DUPLICADOS Y DOCUMENTACI\u00d3N NECESARIA SOLICITUD DE T\u00cdTULO DE ESO La expedici\u00f3n de este t\u00edtulo se realiza autom\u00e1ticamente desde la Secretar\u00eda de nuestro centro, sin que sea necesario &#8230;<\/p>\n","protected":false},"author":7,"featured_media":0,"parent":0,"menu_order":0,"comment_status":"closed","ping_status":"closed","template":"","meta":{"footnotes":""},"folder":[],"class_list":["post-5457","page","type-page","status-publish","hentry"],"rttpg_featured_image_url":null,"rttpg_author":{"display_name":"Gema","author_link":"https:\/\/site.educa.madrid.org\/ies.calderondelabar.madrid\/index.php\/author\/gema-mara_parras-serradilla\/"},"rttpg_comment":0,"rttpg_category":false,"rttpg_excerpt":"SOLICITUD DE T\u00cdTULOS, DUPLICADOS Y DOCUMENTACI\u00d3N NECESARIA SOLICITUD DE T\u00cdTULO DE ESO La expedici\u00f3n de este t\u00edtulo se realiza autom\u00e1ticamente desde la Secretar\u00eda de nuestro centro, sin que sea necesario ...","post_mailing_queue_ids":[],"_links":{"self":[{"href":"https:\/\/site.educa.madrid.org\/ies.calderondelabar.madrid\/index.php\/wp-json\/wp\/v2\/pages\/5457","targetHints":{"allow":["GET"]}}],"collection":[{"href":"https:\/\/site.educa.madrid.org\/ies.calderondelabar.madrid\/index.php\/wp-json\/wp\/v2\/pages"}],"about":[{"href":"https:\/\/site.educa.madrid.org\/ies.calderondelabar.madrid\/index.php\/wp-json\/wp\/v2\/types\/page"}],"author":[{"embeddable":true,"href":"https:\/\/site.educa.madrid.org\/ies.calderondelabar.madrid\/index.php\/wp-json\/wp\/v2\/users\/7"}],"replies":[{"embeddable":true,"href":"https:\/\/site.educa.madrid.org\/ies.calderondelabar.madrid\/index.php\/wp-json\/wp\/v2\/comments?post=5457"}],"version-history":[{"count":2,"href":"https:\/\/site.educa.madrid.org\/ies.calderondelabar.madrid\/index.php\/wp-json\/wp\/v2\/pages\/5457\/revisions"}],"predecessor-version":[{"id":5459,"href":"https:\/\/site.educa.madrid.org\/ies.calderondelabar.madrid\/index.php\/wp-json\/wp\/v2\/pages\/5457\/revisions\/5459"}],"wp:attachment":[{"href":"https:\/\/site.educa.madrid.org\/ies.calderondelabar.madrid\/index.php\/wp-json\/wp\/v2\/media?parent=5457"}],"wp:term":[{"taxonomy":"folder","embeddable":true,"href":"https:\/\/site.educa.madrid.org\/ies.calderondelabar.madrid\/index.php\/wp-json\/wp\/v2\/folder?post=5457"}],"curies":[{"name":"wp","href":"https:\/\/api.w.org\/{rel}","templated":true}]}}