{"id":5490,"date":"2024-01-26T16:30:32","date_gmt":"2024-01-26T15:30:32","guid":{"rendered":"https:\/\/site.educa.madrid.org\/ies.calderondelabar.madrid\/?page_id=5490"},"modified":"2024-01-26T16:38:46","modified_gmt":"2024-01-26T15:38:46","slug":"programa-accede","status":"publish","type":"page","link":"https:\/\/site.educa.madrid.org\/ies.calderondelabar.madrid\/index.php\/programa-accede\/","title":{"rendered":"PROGRAMA ACCEDE"},"content":{"rendered":"<div id=\"pl-5490\"  class=\"panel-layout\" ><div id=\"pg-5490-0\"  class=\"panel-grid panel-no-style\" ><div id=\"pgc-5490-0-0\"  class=\"panel-grid-cell\" ><div id=\"panel-5490-0-0-0\" class=\"so-panel widget widget_sow-tabs panel-first-child panel-last-child\" data-index=\"0\" ><div\n\t\t\t\n\t\t\tclass=\"so-widget-sow-tabs so-widget-sow-tabs-default-3fcd0a97b7fe-5490\"\n\t\t\t\n\t\t><h3 class=\"widget-title\">PROGRAMA ACCEDE<\/h3><div class=\"sow-tabs\">\n\t<div class=\"sow-tabs-tab-container\" role=\"tablist\">\n\t\t\t<div\n\t\t\tclass=\"sow-tabs-tab sow-tabs-tab-selected\"\n\t\t\trole=\"tab\"\n\t\t\tdata-anchor=\"objetivo-del-programa-accede\"\n\t\t\taria-selected=\"true\"\n\t\t\ttabindex=\"0\"\n\t\t>\n\t\t\t<div class=\"sow-tabs-title sow-tabs-title-icon-left\">\n\t\t\t\t\t\t\t\tOBJETIVO DEL PROGRAMA ACCEDE\t\t\t\t\t\t\t<\/div>\n\t\t<\/div>\n\t\t\t<div\n\t\t\tclass=\"sow-tabs-tab\"\n\t\t\trole=\"tab\"\n\t\t\tdata-anchor=\"adhesi%c3%b3n-al-programa-accede\"\n\t\t\taria-selected=\"false\"\n\t\t\ttabindex=\"0\"\n\t\t>\n\t\t\t<div class=\"sow-tabs-title sow-tabs-title-icon-left\">\n\t\t\t\t\t\t\t\tADHESI\u00d3N AL PROGRAMA ACCEDE\t\t\t\t\t\t\t<\/div>\n\t\t<\/div>\n\t\t\t<div\n\t\t\tclass=\"sow-tabs-tab\"\n\t\t\trole=\"tab\"\n\t\t\tdata-anchor=\"instrucciones-para-el-alumnado-ya-matriculado-en-el-centro\"\n\t\t\taria-selected=\"false\"\n\t\t\ttabindex=\"0\"\n\t\t>\n\t\t\t<div class=\"sow-tabs-title sow-tabs-title-icon-left\">\n\t\t\t\t\t\t\t\tINSTRUCCIONES PARA EL ALUMNADO YA MATRICULADO EN EL CENTRO\t\t\t\t\t\t\t<\/div>\n\t\t<\/div>\n\t\t\t<div\n\t\t\tclass=\"sow-tabs-tab\"\n\t\t\trole=\"tab\"\n\t\t\tdata-anchor=\"instrucciones-para-el-alumnado-de-1%c2%baeso\"\n\t\t\taria-selected=\"false\"\n\t\t\ttabindex=\"0\"\n\t\t>\n\t\t\t<div class=\"sow-tabs-title sow-tabs-title-icon-left\">\n\t\t\t\t\t\t\t\tINSTRUCCIONES PARA EL ALUMNADO DE 1\u00baESO\t\t\t\t\t\t\t<\/div>\n\t\t<\/div>\n\t\t\t<div\n\t\t\tclass=\"sow-tabs-tab\"\n\t\t\trole=\"tab\"\n\t\t\tdata-anchor=\"informaci%c3%b3n-importante\"\n\t\t\taria-selected=\"false\"\n\t\t\ttabindex=\"0\"\n\t\t>\n\t\t\t<div class=\"sow-tabs-title sow-tabs-title-icon-left\">\n\t\t\t\t\t\t\t\tINFORMACI\u00d3N IMPORTANTE\t\t\t\t\t\t\t<\/div>\n\t\t<\/div>\n\t\t\t<div\n\t\t\tclass=\"sow-tabs-tab\"\n\t\t\trole=\"tab\"\n\t\t\tdata-anchor=\"solicitud-de-adhesi%c3%b3n-al-programa-accede\"\n\t\t\taria-selected=\"false\"\n\t\t\ttabindex=\"0\"\n\t\t>\n\t\t\t<div class=\"sow-tabs-title sow-tabs-title-icon-left\">\n\t\t\t\t\t\t\t\tSOLICITUD DE ADHESI\u00d3N AL PROGRAMA ACCEDE\t\t\t\t\t\t\t<\/div>\n\t\t<\/div>\n\t\t<\/div>\n\n\t<div class=\"sow-tabs-panel-container\">\n\t\t\t<div class=\"sow-tabs-panel\">\n\t\t\t<div\n\t\t\t\tclass=\"sow-tabs-panel-content\"\n\t\t\t\trole=\"tabpanel\"\n\t\t\t\taria-hidden=\"false\"\n\t\t\t>\n\t\t\t\t<p style=\"text-align: justify;background: white;margin: 0cm 0cm 7.5pt 0cm\"><span style=\"font-family: 'Arial',sans-serif;color: #666666\">El programa ACCEDE es un sistema de pr\u00e9stamo de libre adhesi\u00f3n de libros de texto en las etapas obligatorias, Primaria y ESO, que lleva a cabo la Comunidad de Madrid.<\/span><\/p>\n<p style=\"text-align: justify;background: white;margin: 0cm 0cm 7.5pt 0cm\"><span style=\"font-family: 'Arial',sans-serif;color: #666666\">Dicho programa permite que todos los alumnos que se adhieran puedan disfrutar gratuitamente de los libros de texto para la educaci\u00f3n obligatoria. <\/span><span style=\"font-family: 'Arial',sans-serif;color: #666666\">Pretende educar al alumnado en la importancia del cuidado del material escolar fomentando el cuidado de un bien colectivo como son los libros de texto. <img loading=\"lazy\" decoding=\"async\" class=\"size-medium wp-image-5489 alignleft\" src=\"https:\/\/site.educa.madrid.org\/ies.calderondelabar.madrid\/\/wp-content\/uploads\/ies.calderondelabar.madrid\/2024\/01\/PROGRAMA-ACCEDE-300x162.png\" alt=\"\" width=\"300\" height=\"162\" srcset=\"https:\/\/site.educa.madrid.org\/ies.calderondelabar.madrid\/\/wp-content\/uploads\/ies.calderondelabar.madrid\/2024\/01\/PROGRAMA-ACCEDE-300x162.png 300w, https:\/\/site.educa.madrid.org\/ies.calderondelabar.madrid\/\/wp-content\/uploads\/ies.calderondelabar.madrid\/2024\/01\/PROGRAMA-ACCEDE.png 305w\" sizes=\"auto, (max-width: 300px) 100vw, 300px\" \/><\/span><span style=\"font-family: 'Arial',sans-serif;color: #666666\">La Comunidad de Madrid financiar\u00e1 la compra de algunos libros nuevos que tendr\u00e1n una duraci\u00f3n m\u00ednima de cuatro cursos escolares. Estos textos ser\u00e1n reutilizados durante ese tiempo.<\/span><\/p>\n<p class=\"font-weight-600\" style=\"text-align: justify;background: white;margin: 0cm 0cm 7.5pt 0cm\"><span style=\"font-family: 'Arial',sans-serif\">NO SE INCLUYEN LOS LIBROS DE EJERCICIOS EN NINGUNO DE LOS CURSOS.<\/span><\/p>\n\t\t\t<\/div>\n\t\t<\/div>\n\t\t\t<div class=\"sow-tabs-panel\">\n\t\t\t<div\n\t\t\t\tclass=\"sow-tabs-panel-content\"\n\t\t\t\trole=\"tabpanel\"\n\t\t\t\taria-hidden=\"true\"\n\t\t\t>\n\t\t\t\t<p>La participaci\u00f3n en el programa es completamente VOLUNTARIA.<\/p>\n<p>Todos aquellos que se adhieran a este sistema de pr\u00e9stamo de libros, se comprometen a cumplir con las condiciones del Programa, as\u00ed como a aceptar los criterios de\u00a0\u201clibro en buen estado\u201d\u00a0que se adjuntan (v\u00e9ase punto 3.2).<\/p>\n<p>La familia que voluntariamente quiera participar en el Programa en el curso 2023-24 tendr\u00e1 que haber entregado la totalidad de los libros de texto del a\u00f1o anterior en buen estado*\u00a0y se compromete a cuidar y devolver al finalizar el curso los libros cedidos, ya que de no ser as\u00ed decaer\u00e1 de su derecho a participar en el curso siguiente.<\/p>\n<ul>\n<li><em>* Si alg\u00fan libro no re\u00fane los requisitos necesarios, no se admitir\u00e1 el lote correspondiente debiendo la familia reponer dicho libro por otro en perfecto estado de conservaci\u00f3n o decaer\u00e1 de su participaci\u00f3n en el Programa ACCEDE. Del mismo modo, la organizaci\u00f3n del Programa ACCEDE puede decidir usar la cuota de fianza para abonar nuevos libros en caso de que los entregados se encuentren en mal estado e impidan su uso. Si de forma reincidente el alumno\/a devuelve los libros en mal estado, o devuelve la totalidad o la mayor\u00eda de los mismos en malas condiciones, se puede expulsar al alumno\/a del programa ACCEDE.<\/em><\/li>\n<li><em>* Si ya ha participado en el programa de pr\u00e9stamo de libros durante el presente curso escolar les recordamos que existe constancia en el programa del estado de conservaci\u00f3n en el que estos libros fueron prestados.<\/em><\/li>\n<\/ul>\n<p>Los alumnos que participen podr\u00e1n recibir los libros tanto nuevos como usados.<\/p>\n\t\t\t<\/div>\n\t\t<\/div>\n\t\t\t<div class=\"sow-tabs-panel\">\n\t\t\t<div\n\t\t\t\tclass=\"sow-tabs-panel-content\"\n\t\t\t\trole=\"tabpanel\"\n\t\t\t\taria-hidden=\"true\"\n\t\t\t>\n\t\t\t\t<h4><span style=\"color: #0000ff\"><strong>RESPECTO A LA DOCUMENTACI\u00d3N<\/strong><\/span><\/h4>\n<h4><strong>Alumnos\/as que se incorporan por primera vez al Programa ACCEDE.<\/strong><\/h4>\n<ul>\n<li>25 euros en concepto de fianza.<\/li>\n<li>La solicitud de adhesi\u00f3n al Programa ACCEDE (<a href=\"https:\/\/site.educa.madrid.org\/ies.calderondelabar.madrid\/\/wp-content\/uploads\/ies.calderondelabar.madrid\/2024\/01\/Anexo1-Alta-ACCEDE.pdf\" target=\"_blank\" rel=\"noopener\">pulse aqu\u00ed<\/a>)<\/li>\n<\/ul>\n<h4><strong>Alumnos\/as que ya est\u00e9n adheridos al Programa ACCEDE.<\/strong><\/h4>\n<p>Los alumnos\/as que ya est\u00e9n adheridos al programa ACCEDE, deber\u00e1n:<\/p>\n<ul>\n<li>Haber devuelto los libros en el horario pertinente<\/li>\n<li>25 euros en concepto de fianza.<\/li>\n<li>La solicitud de adhesi\u00f3n al Programa ACCEDE (<a href=\"https:\/\/site.educa.madrid.org\/ies.calderondelabar.madrid\/\/wp-content\/uploads\/ies.calderondelabar.madrid\/2024\/01\/Anexo1-Alta-ACCEDE.pdf\" target=\"_blank\" rel=\"noopener\">pulse aqu\u00ed<\/a>)<\/li>\n<\/ul>\n<h4><strong>Alumnos\/as que vayan a repetir curso.<\/strong><\/h4>\n<p>Los alumnos\/as que vayan a repetir curso deben acudir el d\u00eda que tienen asignado atendiendo al curso en el que se encuentren en el 2022-2023, para la devoluci\u00f3n los libros al puesto de ACCEDE\u00a0<strong>con los libros<\/strong>. All\u00ed, revisaremos el estado de estos, as\u00ed como su validez en el pr\u00f3ximo curso 2023-2024 y se le indicar\u00e1 c\u00f3mo proceder con ellos.<\/p>\n<h4><span style=\"color: #0000ff\"><strong>RESPECTO A LOS LIBROS<\/strong><\/span><\/h4>\n<p>Los lotes deber\u00e1n estar en buenas condiciones. Los libros que presenten alguna de las siguientes caracter\u00edsticas,\u00a0<strong>NO ser\u00e1n admitidos<\/strong>:<\/p>\n<ul>\n<li>Tapas en mal estado o arrancadas.<\/li>\n<li>Ondulaciones por humedad.<\/li>\n<li>Pegatinas no eliminadas.<\/li>\n<li>Garabatos o pintadas.<\/li>\n<li>Hojas pintadas en espacios en blanco o sobre el texto.<\/li>\n<li>Subrayado a bol\u00edgrafo o marcador fluorescente.<\/li>\n<li>Ejercicios realizados en el libro, bien sea a l\u00e1piz o bol\u00edgrafo.<\/li>\n<li>Hojas parcial o totalmente arrancadas.<\/li>\n<li>Hojas onduladas por humedad.<\/li>\n<li>Hojas pegadas entre s\u00ed.<\/li>\n<\/ul>\n\t\t\t<\/div>\n\t\t<\/div>\n\t\t\t<div class=\"sow-tabs-panel\">\n\t\t\t<div\n\t\t\t\tclass=\"sow-tabs-panel-content\"\n\t\t\t\trole=\"tabpanel\"\n\t\t\t\taria-hidden=\"true\"\n\t\t\t>\n\t\t\t\t<p>Los alumnos\/as que se matriculen en el centro para comenzar sus estudios, deber\u00e1n traer la siguiente documentaci\u00f3n el d\u00eda de la matr\u00edcula:<\/p>\n<ul>\n<li>Documento Adhesi\u00f3n Programa ACCEDE (<a href=\"https:\/\/site.educa.madrid.org\/ies.calderondelabar.madrid\/\/wp-content\/uploads\/ies.calderondelabar.madrid\/2024\/01\/Anexo1-Alta-ACCEDE.pdf\" target=\"_blank\" rel=\"noopener\">pulse aqu\u00ed<\/a>)<\/li>\n<li>25 euros en concepto de fianza.<\/li>\n<li>En el caso en que haya cursado el a\u00f1o anterior en un centro en el que ya hubiera estado adherido al programa ACCEDE, certificado expedido por el colegio en el que se curs\u00f3 Primaria en el que se indique que el alumno ha entregado todos sus libros de 6\u00ba de Primaria en buen estado.<\/li>\n<\/ul>\n\t\t\t<\/div>\n\t\t<\/div>\n\t\t\t<div class=\"sow-tabs-panel\">\n\t\t\t<div\n\t\t\t\tclass=\"sow-tabs-panel-content\"\n\t\t\t\trole=\"tabpanel\"\n\t\t\t\taria-hidden=\"true\"\n\t\t\t>\n\t\t\t\t<p style=\"text-align: justify;background: white;margin: 0cm 0cm 7.5pt 0cm\"><span style=\"font-family: 'Arial',sans-serif;color: #666666\">Las fianzas de los alumnos\/as beneficiarios del programa de pr\u00e9stamo de libros durante el presente curso escolar y que contin\u00faen adheridos al Programa Accede les ser\u00e1n devueltas al final del curso una vez hayan devuelto los libros en buen estado<\/span><\/p>\n\t\t\t<\/div>\n\t\t<\/div>\n\t\t\t<div class=\"sow-tabs-panel\">\n\t\t\t<div\n\t\t\t\tclass=\"sow-tabs-panel-content\"\n\t\t\t\trole=\"tabpanel\"\n\t\t\t\taria-hidden=\"true\"\n\t\t\t>\n\t\t\t\t<p>En el siguiente enlace puede descargar la solicitud para participar en el programa: <a href=\"https:\/\/site.educa.madrid.org\/ies.calderondelabar.madrid\/\/wp-content\/uploads\/ies.calderondelabar.madrid\/2024\/01\/Anexo1-Alta-ACCEDE.pdf\" target=\"_blank\" rel=\"noopener\"><strong>SOLICITUD<\/strong><\/a><\/p>\n\t\t\t<\/div>\n\t\t<\/div>\n\t\t<\/div>\n<\/div>\n<\/div><\/div><\/div><\/div><\/div>","protected":false},"excerpt":{"rendered":"<p>PROGRAMA ACCEDE OBJETIVO DEL PROGRAMA ACCEDE ADHESI\u00d3N AL PROGRAMA ACCEDE INSTRUCCIONES PARA EL ALUMNADO YA MATRICULADO EN EL CENTRO INSTRUCCIONES PARA EL ALUMNADO DE 1\u00baESO INFORMACI\u00d3N IMPORTANTE SOLICITUD DE ADHESI\u00d3N &#8230;<\/p>\n","protected":false},"author":7,"featured_media":0,"parent":0,"menu_order":0,"comment_status":"closed","ping_status":"closed","template":"","meta":{"footnotes":""},"folder":[105],"class_list":["post-5490","page","type-page","status-publish","hentry"],"rttpg_featured_image_url":null,"rttpg_author":{"display_name":"Gema","author_link":"https:\/\/site.educa.madrid.org\/ies.calderondelabar.madrid\/index.php\/author\/gema-mara_parras-serradilla\/"},"rttpg_comment":0,"rttpg_category":" <a href=\"https:\/\/site.educa.madrid.org\/ies.calderondelabar.madrid\/?taxonomy=folder&#038;term=familias\" rel=\"tag\">FAMILIAS<\/a>","rttpg_excerpt":"PROGRAMA ACCEDE OBJETIVO DEL PROGRAMA ACCEDE ADHESI\u00d3N AL PROGRAMA ACCEDE INSTRUCCIONES PARA EL ALUMNADO YA MATRICULADO EN EL CENTRO INSTRUCCIONES PARA EL ALUMNADO DE 1\u00baESO INFORMACI\u00d3N IMPORTANTE SOLICITUD DE ADHESI\u00d3N ...","post_mailing_queue_ids":[],"_links":{"self":[{"href":"https:\/\/site.educa.madrid.org\/ies.calderondelabar.madrid\/index.php\/wp-json\/wp\/v2\/pages\/5490","targetHints":{"allow":["GET"]}}],"collection":[{"href":"https:\/\/site.educa.madrid.org\/ies.calderondelabar.madrid\/index.php\/wp-json\/wp\/v2\/pages"}],"about":[{"href":"https:\/\/site.educa.madrid.org\/ies.calderondelabar.madrid\/index.php\/wp-json\/wp\/v2\/types\/page"}],"author":[{"embeddable":true,"href":"https:\/\/site.educa.madrid.org\/ies.calderondelabar.madrid\/index.php\/wp-json\/wp\/v2\/users\/7"}],"replies":[{"embeddable":true,"href":"https:\/\/site.educa.madrid.org\/ies.calderondelabar.madrid\/index.php\/wp-json\/wp\/v2\/comments?post=5490"}],"version-history":[{"count":4,"href":"https:\/\/site.educa.madrid.org\/ies.calderondelabar.madrid\/index.php\/wp-json\/wp\/v2\/pages\/5490\/revisions"}],"predecessor-version":[{"id":5499,"href":"https:\/\/site.educa.madrid.org\/ies.calderondelabar.madrid\/index.php\/wp-json\/wp\/v2\/pages\/5490\/revisions\/5499"}],"wp:attachment":[{"href":"https:\/\/site.educa.madrid.org\/ies.calderondelabar.madrid\/index.php\/wp-json\/wp\/v2\/media?parent=5490"}],"wp:term":[{"taxonomy":"folder","embeddable":true,"href":"https:\/\/site.educa.madrid.org\/ies.calderondelabar.madrid\/index.php\/wp-json\/wp\/v2\/folder?post=5490"}],"curies":[{"name":"wp","href":"https:\/\/api.w.org\/{rel}","templated":true}]}}