{"id":5596,"date":"2024-01-29T17:29:07","date_gmt":"2024-01-29T16:29:07","guid":{"rendered":"https:\/\/site.educa.madrid.org\/ies.calderondelabar.madrid\/?page_id=5596"},"modified":"2024-01-29T17:29:08","modified_gmt":"2024-01-29T16:29:08","slug":"programa-4oempresa","status":"publish","type":"page","link":"https:\/\/site.educa.madrid.org\/ies.calderondelabar.madrid\/index.php\/programa-4oempresa\/","title":{"rendered":"PROGRAMA 4\u00ba+EMPRESA"},"content":{"rendered":"<div id=\"pl-5596\"  class=\"panel-layout\" ><div id=\"pg-5596-0\"  class=\"panel-grid panel-no-style\" ><div id=\"pgc-5596-0-0\"  class=\"panel-grid-cell\" ><div id=\"panel-5596-0-0-0\" class=\"so-panel widget widget_sow-accordion panel-first-child panel-last-child\" data-index=\"0\" ><div\n\t\t\t\n\t\t\tclass=\"so-widget-sow-accordion so-widget-sow-accordion-default-6df3dc099bd6-5596\"\n\t\t\t data-max-open-panels=\"0\" data-initial-scroll-panel=\"0\"\n\t\t><h3 class=\"widget-title\">4\u00ba+EMPRESA<\/h3><div>\n\t<div class=\"sow-accordion\">\n\t\t\t<div class=\"sow-accordion-panel\"\n\t\t\t data-anchor=\"el-programa-4%c2%baempresa\">\n\t\t\t\t<div class=\"sow-accordion-panel-header-container\" role=\"heading\" aria-level=\"2\">\n\t\t\t\t\t<div class=\"sow-accordion-panel-header\" tabindex=\"0\" role=\"button\" id=\"accordion-label-el-programa-4%c2%baempresa\" aria-controls=\"accordion-content-el-programa-4%c2%baempresa\" aria-expanded=\"false\">\n\t\t\t\t\t\t<div class=\"sow-accordion-title sow-accordion-title-icon-left\">\n\t\t\t\t\t\t\t\t\t\t\t\t\t\t EL PROGRAMA 4\u00ba+EMPRESA\t\t\t\t\t\t\t\t\t\t\t\t\t<\/div>\n\t\t\t\t\t\t<div class=\"sow-accordion-open-close-button\">\n\t\t\t\t\t\t\t<div class=\"sow-accordion-open-button\">\n\t\t\t\t\t\t\t\t<span class=\"sow-icon-ionicons\" data-sow-icon=\"&#xf218;\"\n\t\t \n\t\taria-hidden=\"true\"><\/span>\t\t\t\t\t\t\t<\/div>\n\t\t\t\t\t\t\t<div class=\"sow-accordion-close-button\">\n\t\t\t\t\t\t\t\t<span class=\"sow-icon-ionicons\" data-sow-icon=\"&#xf209;\"\n\t\t \n\t\taria-hidden=\"true\"><\/span>\t\t\t\t\t\t\t<\/div>\n\t\t\t\t\t\t<\/div>\n\t\t\t\t\t<\/div>\n\t\t\t\t<\/div>\n\n\t\t\t<div\n\t\t\t\tclass=\"sow-accordion-panel-content\"\n\t\t\t\trole=\"region\"\n\t\t\t\taria-labelledby=\"accordion-label-el-programa-4%c2%baempresa\"\n\t\t\t\tid=\"accordion-content-el-programa-4%c2%baempresa\"\n\t\t\t\tstyle=\"display: none;\"\t\t\t>\n\t\t\t\t<div class=\"sow-accordion-panel-border\">\n\t\t\t\t\t<p>Este programa, que tiene el estatus de actividad complementaria, se desarrolla de forma voluntaria con el fin de acercar el sistema educativo y el mundo laboral. Estas estancias educativas en empresas e instituciones facilitan que los j\u00f3venes est\u00e9n mejor preparados para tomar decisiones sobre su futuro acad\u00e9mico y profesional, motiv\u00e1ndoles y dot\u00e1ndoles de las destrezas necesarias.<\/p>\n<p>El alumnado de 4\u00ba de ESO asiste entre 3 y 5 d\u00edas consecutivos a las instalaciones de una empresa para observar c\u00f3mo se desarrolla la actividad y pudiendo incluir el desarrollo de tareas o fu<img loading=\"lazy\" decoding=\"async\" class=\"size-full wp-image-5599 alignleft\" src=\"https:\/\/site.educa.madrid.org\/ies.calderondelabar.madrid\/\/wp-content\/uploads\/ies.calderondelabar.madrid\/2024\/01\/4ESOMasEmpresaFoto1-300x283-1.png\" alt=\"\" width=\"300\" height=\"283\" \/>nciones b\u00e1sicas, enfatizando los aspectos educativos y pedag\u00f3gicos de todo el proceso.\u00a0En el presente curso 2023-2024 las estancias ser\u00e1n en los meses de\u00a0marzo y abril de 2024.<\/p>\n<p>Para el desarrollo de este programa la Comunidad de Madrid ha contado con la ayuda desinteresada de instituciones, organismos,\u00a0organizaciones empresariales, PYMES\u00a0y organizaciones sin \u00e1nimo de lucro de la Comunidad.<\/p>\n\t\t\t\t<\/div>\n\t\t\t<\/div>\n\t\t<\/div>\n\t\t\t<div class=\"sow-accordion-panel\"\n\t\t\t data-anchor=\"alumando\">\n\t\t\t\t<div class=\"sow-accordion-panel-header-container\" role=\"heading\" aria-level=\"2\">\n\t\t\t\t\t<div class=\"sow-accordion-panel-header\" tabindex=\"0\" role=\"button\" id=\"accordion-label-alumando\" aria-controls=\"accordion-content-alumando\" aria-expanded=\"false\">\n\t\t\t\t\t\t<div class=\"sow-accordion-title sow-accordion-title-icon-left\">\n\t\t\t\t\t\t\t\t\t\t\t\t\t\tALUMANDO\t\t\t\t\t\t\t\t\t\t\t\t\t<\/div>\n\t\t\t\t\t\t<div class=\"sow-accordion-open-close-button\">\n\t\t\t\t\t\t\t<div class=\"sow-accordion-open-button\">\n\t\t\t\t\t\t\t\t<span class=\"sow-icon-ionicons\" data-sow-icon=\"&#xf218;\"\n\t\t \n\t\taria-hidden=\"true\"><\/span>\t\t\t\t\t\t\t<\/div>\n\t\t\t\t\t\t\t<div class=\"sow-accordion-close-button\">\n\t\t\t\t\t\t\t\t<span class=\"sow-icon-ionicons\" data-sow-icon=\"&#xf209;\"\n\t\t \n\t\taria-hidden=\"true\"><\/span>\t\t\t\t\t\t\t<\/div>\n\t\t\t\t\t\t<\/div>\n\t\t\t\t\t<\/div>\n\t\t\t\t<\/div>\n\n\t\t\t<div\n\t\t\t\tclass=\"sow-accordion-panel-content\"\n\t\t\t\trole=\"region\"\n\t\t\t\taria-labelledby=\"accordion-label-alumando\"\n\t\t\t\tid=\"accordion-content-alumando\"\n\t\t\t\tstyle=\"display: none;\"\t\t\t>\n\t\t\t\t<div class=\"sow-accordion-panel-border\">\n\t\t\t\t\t<p>Estas estancias son una oportunidad para que consigas una experiencia de primera mano acerca de c\u00f3mo es el mundo laboral. Tendr\u00e1s que seguir las reglas de la organizaci\u00f3n como si fueras un empleado m\u00e1s y se te encomendar\u00e1n tareas que realizar. Son una ocasi\u00f3n para poner en pr\u00e1ctica tus habilidades y destrezas en situaciones reales y tambi\u00e9n, c\u00f3mo no, para desarrollarlas tanto como puedas.<\/p>\n<p>Las cosas que puedes aprender en un trabajo incluyen:<\/p>\n<ul>\n<li>Ser puntual en el comienzo de la jornada.<\/li>\n<li>Trabajar y hablar con adultos en un entorno formal.<\/li>\n<li>Reconocer tus habilidades para poder tomar iniciativa.<\/li>\n<li>Reconocer las cosas en las que eres bueno y aquellas en las que necesitas mejorar.<\/li>\n<\/ul>\n<p>Cuando elijas la empresa en la que vas a realizar las estancias, considera que \u00e9sta no es una decisi\u00f3n final y que no implica, por tanto, la elecci\u00f3n de una carrera profesional posterior o un trabajo futuro. No te preocupes si todav\u00eda no has decidido qu\u00e9 es lo que quieres o no quieres hacer en el futuro; pero si tienes alg\u00fan plan puedes ganar experiencia eligiendo una empresa relacionada con el mismo. En cualquier caso, esta estancia en empresas puede ser de utilidad en la toma de decisiones posterior.<\/p>\n<p>Pinche <a href=\"https:\/\/site.educa.madrid.org\/ies.calderondelabar.madrid\/\/wp-content\/uploads\/ies.calderondelabar.madrid\/2024\/01\/Documento-1.pdf\" target=\"_blank\" rel=\"noopener\"><strong>aqu\u00ed<\/strong> <\/a>para ver la solicitud de participaci\u00f3n en el proyecto.<\/p>\n\t\t\t\t<\/div>\n\t\t\t<\/div>\n\t\t<\/div>\n\t\t\t<div class=\"sow-accordion-panel\"\n\t\t\t data-anchor=\"familias\">\n\t\t\t\t<div class=\"sow-accordion-panel-header-container\" role=\"heading\" aria-level=\"2\">\n\t\t\t\t\t<div class=\"sow-accordion-panel-header\" tabindex=\"0\" role=\"button\" id=\"accordion-label-familias\" aria-controls=\"accordion-content-familias\" aria-expanded=\"false\">\n\t\t\t\t\t\t<div class=\"sow-accordion-title sow-accordion-title-icon-left\">\n\t\t\t\t\t\t\t\t\t\t\t\t\t\tFAMILIAS\t\t\t\t\t\t\t\t\t\t\t\t\t<\/div>\n\t\t\t\t\t\t<div class=\"sow-accordion-open-close-button\">\n\t\t\t\t\t\t\t<div class=\"sow-accordion-open-button\">\n\t\t\t\t\t\t\t\t<span class=\"sow-icon-ionicons\" data-sow-icon=\"&#xf218;\"\n\t\t \n\t\taria-hidden=\"true\"><\/span>\t\t\t\t\t\t\t<\/div>\n\t\t\t\t\t\t\t<div class=\"sow-accordion-close-button\">\n\t\t\t\t\t\t\t\t<span class=\"sow-icon-ionicons\" data-sow-icon=\"&#xf209;\"\n\t\t \n\t\taria-hidden=\"true\"><\/span>\t\t\t\t\t\t\t<\/div>\n\t\t\t\t\t\t<\/div>\n\t\t\t\t\t<\/div>\n\t\t\t\t<\/div>\n\n\t\t\t<div\n\t\t\t\tclass=\"sow-accordion-panel-content\"\n\t\t\t\trole=\"region\"\n\t\t\t\taria-labelledby=\"accordion-label-familias\"\n\t\t\t\tid=\"accordion-content-familias\"\n\t\t\t\tstyle=\"display: none;\"\t\t\t>\n\t\t\t\t<div class=\"sow-accordion-panel-border\">\n\t\t\t\t\t<p>La familia puede ayudar a su hijo a elegir cuidadosamente el lugar donde realizar\u00e1 las estancias, teniendo siempre en cuenta que estas se refieren al aprendizaje acerca del mundo laboral y al desarrollo de esas habilidades y que no son una elecci\u00f3n definitiva de estudios o trabajos posteriores. Aconseje a su hijo en la elecci\u00f3n de tipos de trabajo en los que podr\u00eda desarrollar sus destrezas y habilidades. Comente con \u00e9l cu\u00e1les son sus expectativas en torno al trabajo que quiere desempe\u00f1ar.<\/p>\n<p>Mientras desarrolla las pr\u00e1cticas su hijo necesitar\u00e1 su aliento y apoyo. El mundo laboral puede intimidar a muchos j\u00f3venes. Ay\u00fadele a resolver los problemas que pueda tener. El profesor responsable del centro educativo puede aconsejarle sobre determinados aspectos que puedan serle \u00fatiles en este proceso.<\/p>\n<p>Si su hijo necesita ausentarse de la empresa donde realiza la estancia por alguna raz\u00f3n, comun\u00edquelo al responsable lo antes posible.<\/p>\n<p>Considere estas estancias en empresas como una parte importante en la educaci\u00f3n, haga part\u00edcipe de ello a su hijo.<\/p>\n<p>Pinche <a href=\"https:\/\/site.educa.madrid.org\/ies.calderondelabar.madrid\/\/wp-content\/uploads\/ies.calderondelabar.madrid\/2024\/01\/Documento-2.pdf\" target=\"_blank\" rel=\"noopener\"><strong>aqu\u00ed<\/strong> <\/a>para ver el consentimiento de los padres para la participaci\u00f3n de sus hij@s en el proyecto.<\/p>\n\t\t\t\t<\/div>\n\t\t\t<\/div>\n\t\t<\/div>\n\t\t\t<div class=\"sow-accordion-panel\"\n\t\t\t data-anchor=\"empresas\">\n\t\t\t\t<div class=\"sow-accordion-panel-header-container\" role=\"heading\" aria-level=\"2\">\n\t\t\t\t\t<div class=\"sow-accordion-panel-header\" tabindex=\"0\" role=\"button\" id=\"accordion-label-empresas\" aria-controls=\"accordion-content-empresas\" aria-expanded=\"false\">\n\t\t\t\t\t\t<div class=\"sow-accordion-title sow-accordion-title-icon-left\">\n\t\t\t\t\t\t\t\t\t\t\t\t\t\tEMPRESAS\t\t\t\t\t\t\t\t\t\t\t\t\t<\/div>\n\t\t\t\t\t\t<div class=\"sow-accordion-open-close-button\">\n\t\t\t\t\t\t\t<div class=\"sow-accordion-open-button\">\n\t\t\t\t\t\t\t\t<span class=\"sow-icon-ionicons\" data-sow-icon=\"&#xf218;\"\n\t\t \n\t\taria-hidden=\"true\"><\/span>\t\t\t\t\t\t\t<\/div>\n\t\t\t\t\t\t\t<div class=\"sow-accordion-close-button\">\n\t\t\t\t\t\t\t\t<span class=\"sow-icon-ionicons\" data-sow-icon=\"&#xf209;\"\n\t\t \n\t\taria-hidden=\"true\"><\/span>\t\t\t\t\t\t\t<\/div>\n\t\t\t\t\t\t<\/div>\n\t\t\t\t\t<\/div>\n\t\t\t\t<\/div>\n\n\t\t\t<div\n\t\t\t\tclass=\"sow-accordion-panel-content\"\n\t\t\t\trole=\"region\"\n\t\t\t\taria-labelledby=\"accordion-label-empresas\"\n\t\t\t\tid=\"accordion-content-empresas\"\n\t\t\t\tstyle=\"display: none;\"\t\t\t>\n\t\t\t\t<div class=\"sow-accordion-panel-border\">\n\t\t\t\t\t<p>Las estancias permiten a las entidades colaboradoras:<\/p>\n<p>- Establecer relaciones con los centros educativos.<\/p>\n<p>- Promocionar su actividad profesional como una opci\u00f3n de futuro para los j\u00f3venes.<\/p>\n<p>- Mejorar las destrezas y la motivaci\u00f3n de los empleados que acompa\u00f1en a los estudiantes.<\/p>\n<p>- Tomar contacto con los j\u00f3venes que ser\u00e1n sus gerentes y empleados de ma\u00f1ana.<\/p>\n<p>- Difundir la actividad profesional de la entidad a la sociedad ya que los j\u00f3venes son los dominadores absolutos de las redes sociales y con expectativas de crecimiento exponencial.<\/p>\n<p>- Generar identidad corporativa y acci\u00f3n social estatutaria.<\/p>\n<p>Pueden participar en este programa tanto empresas privadas, como ONGso instituciones p\u00fablicas. Ejemplo de estas \u00faltimas son: Polic\u00eda, Fuerzas Armadas, hospitales, universidades, centros de investigaci\u00f3n\u2026<\/p>\n\t\t\t\t<\/div>\n\t\t\t<\/div>\n\t\t<\/div>\n\t\t<\/div>\n<\/div>\n<\/div><\/div><\/div><\/div><\/div>","protected":false},"excerpt":{"rendered":"<p>4\u00ba+EMPRESA EL PROGRAMA 4\u00ba+EMPRESA Este programa, que tiene el estatus de actividad complementaria, se desarrolla de forma voluntaria con el fin de acercar el sistema educativo y el mundo laboral. &#8230;<\/p>\n","protected":false},"author":7,"featured_media":0,"parent":0,"menu_order":0,"comment_status":"closed","ping_status":"closed","template":"","meta":{"footnotes":""},"folder":[],"class_list":["post-5596","page","type-page","status-publish","hentry"],"rttpg_featured_image_url":null,"rttpg_author":{"display_name":"Gema","author_link":"https:\/\/site.educa.madrid.org\/ies.calderondelabar.madrid\/index.php\/author\/gema-mara_parras-serradilla\/"},"rttpg_comment":0,"rttpg_category":false,"rttpg_excerpt":"4\u00ba+EMPRESA EL PROGRAMA 4\u00ba+EMPRESA Este programa, que tiene el estatus de actividad complementaria, se desarrolla de forma voluntaria con el fin de acercar el sistema educativo y el mundo laboral. ...","post_mailing_queue_ids":[],"_links":{"self":[{"href":"https:\/\/site.educa.madrid.org\/ies.calderondelabar.madrid\/index.php\/wp-json\/wp\/v2\/pages\/5596","targetHints":{"allow":["GET"]}}],"collection":[{"href":"https:\/\/site.educa.madrid.org\/ies.calderondelabar.madrid\/index.php\/wp-json\/wp\/v2\/pages"}],"about":[{"href":"https:\/\/site.educa.madrid.org\/ies.calderondelabar.madrid\/index.php\/wp-json\/wp\/v2\/types\/page"}],"author":[{"embeddable":true,"href":"https:\/\/site.educa.madrid.org\/ies.calderondelabar.madrid\/index.php\/wp-json\/wp\/v2\/users\/7"}],"replies":[{"embeddable":true,"href":"https:\/\/site.educa.madrid.org\/ies.calderondelabar.madrid\/index.php\/wp-json\/wp\/v2\/comments?post=5596"}],"version-history":[{"count":2,"href":"https:\/\/site.educa.madrid.org\/ies.calderondelabar.madrid\/index.php\/wp-json\/wp\/v2\/pages\/5596\/revisions"}],"predecessor-version":[{"id":5601,"href":"https:\/\/site.educa.madrid.org\/ies.calderondelabar.madrid\/index.php\/wp-json\/wp\/v2\/pages\/5596\/revisions\/5601"}],"wp:attachment":[{"href":"https:\/\/site.educa.madrid.org\/ies.calderondelabar.madrid\/index.php\/wp-json\/wp\/v2\/media?parent=5596"}],"wp:term":[{"taxonomy":"folder","embeddable":true,"href":"https:\/\/site.educa.madrid.org\/ies.calderondelabar.madrid\/index.php\/wp-json\/wp\/v2\/folder?post=5596"}],"curies":[{"name":"wp","href":"https:\/\/api.w.org\/{rel}","templated":true}]}}