{"id":5666,"date":"2024-01-30T19:59:41","date_gmt":"2024-01-30T18:59:41","guid":{"rendered":"https:\/\/site.educa.madrid.org\/ies.calderondelabar.madrid\/?page_id=5666"},"modified":"2024-01-30T19:59:41","modified_gmt":"2024-01-30T18:59:41","slug":"stem","status":"publish","type":"page","link":"https:\/\/site.educa.madrid.org\/ies.calderondelabar.madrid\/index.php\/stem\/","title":{"rendered":"PROYECTO STEM"},"content":{"rendered":"<div id=\"pl-5666\"  class=\"panel-layout\" ><div id=\"pg-5666-0\"  class=\"panel-grid panel-no-style\" ><div id=\"pgc-5666-0-0\"  class=\"panel-grid-cell\" ><div id=\"panel-5666-0-0-0\" class=\"so-panel widget widget_sow-accordion panel-first-child panel-last-child\" data-index=\"0\" ><div\n\t\t\t\n\t\t\tclass=\"so-widget-sow-accordion so-widget-sow-accordion-default-7fbe5dc8509d-5666\"\n\t\t\t data-max-open-panels=\"0\" data-initial-scroll-panel=\"0\"\n\t\t><h3 class=\"widget-title\">STEM<\/h3><div>\n\t<div class=\"sow-accordion\">\n\t\t\t<div class=\"sow-accordion-panel\"\n\t\t\t data-anchor=\"qu%c3%a9-es-stemadrid\">\n\t\t\t\t<div class=\"sow-accordion-panel-header-container\" role=\"heading\" aria-level=\"2\">\n\t\t\t\t\t<div class=\"sow-accordion-panel-header\" tabindex=\"0\" role=\"button\" id=\"accordion-label-qu%c3%a9-es-stemadrid\" aria-controls=\"accordion-content-qu%c3%a9-es-stemadrid\" aria-expanded=\"false\">\n\t\t\t\t\t\t<div class=\"sow-accordion-title sow-accordion-title-icon-left\">\n\t\t\t\t\t\t\t\t\t\t\t\t\t\tQU\u00c9 ES STEMADRID\t\t\t\t\t\t\t\t\t\t\t\t\t<\/div>\n\t\t\t\t\t\t<div class=\"sow-accordion-open-close-button\">\n\t\t\t\t\t\t\t<div class=\"sow-accordion-open-button\">\n\t\t\t\t\t\t\t\t<span class=\"sow-icon-ionicons\" data-sow-icon=\"&#xf218;\"\n\t\t \n\t\taria-hidden=\"true\"><\/span>\t\t\t\t\t\t\t<\/div>\n\t\t\t\t\t\t\t<div class=\"sow-accordion-close-button\">\n\t\t\t\t\t\t\t\t<span class=\"sow-icon-ionicons\" data-sow-icon=\"&#xf209;\"\n\t\t \n\t\taria-hidden=\"true\"><\/span>\t\t\t\t\t\t\t<\/div>\n\t\t\t\t\t\t<\/div>\n\t\t\t\t\t<\/div>\n\t\t\t\t<\/div>\n\n\t\t\t<div\n\t\t\t\tclass=\"sow-accordion-panel-content\"\n\t\t\t\trole=\"region\"\n\t\t\t\taria-labelledby=\"accordion-label-qu%c3%a9-es-stemadrid\"\n\t\t\t\tid=\"accordion-content-qu%c3%a9-es-stemadrid\"\n\t\t\t\tstyle=\"display: none;\"\t\t\t>\n\t\t\t\t<div class=\"sow-accordion-panel-border\">\n\t\t\t\t\t<p style=\"background: white;\"><span style=\"font-size: 14.0pt; font-family: 'Bookman Old Style',serif; color: #333333;\"><strong>STEMadrid<\/strong> es el<\/span><img loading=\"lazy\" decoding=\"async\" class=\"size-full wp-image-5667 alignleft\" src=\"https:\/\/site.educa.madrid.org\/ies.calderondelabar.madrid\/\/wp-content\/uploads\/ies.calderondelabar.madrid\/2024\/01\/Logo_STEMadrid_.png\" alt=\"\" width=\"229\" height=\"200\" \/><span style=\"font-size: 14.0pt; font-family: 'Bookman Old Style',serif; color: #333333;\"> Plan de la Comunidad de Madrid para fomentar el estudio de las disciplinas STEM entre el alumnado madrile\u00f1o.<\/span><\/p>\n<p style=\"background: white;\"><span style=\"font-size: 14.0pt; font-family: 'Bookman Old Style',serif; color: #333333;\">Este programa impulsa las vocaciones cient\u00edficas y tecnol\u00f3gicas a trav\u00e9s de acciones que faciliten el proceso de aprendizaje desde la propia experiencia del alumnado.<\/span><\/p>\n<p style=\"background: white;\"><span style=\"font-size: 14.0pt; font-family: 'Bookman Old Style',serif; color: #333333;\">Se trata de potenciar la curiosidad, acercando la tecnolog\u00eda a nuestros estudiantes de forma creativa e incorporando experiencias que aseguran la equidad e inclusi\u00f3n en el campo STEM. <\/span><\/p>\n<p style=\"background: white;\"><span style=\"font-size: 14.0pt; font-family: 'Bookman Old Style',serif; color: #333333;\">STEM es el acr\u00f3nimo en ingl\u00e9s para referirse a las carreras, las materias o las \u00e1reas de conocimiento y de trabajo relacionadas con las ciencias, la tecnolog\u00eda, la ingenier\u00eda y las matem\u00e1ticas. La Educaci\u00f3n STEM combina las \u00e1reas de ciencias, tecnolog\u00eda, ingenier\u00eda y matem\u00e1ticas creando un m\u00e9todo integrador e ilustrativo que facilita el aprendizaje en estas cuatro disciplinas. <\/span><\/p>\n<p style=\"background: white;\"><span style=\"font-size: 14.0pt; font-family: 'Bookman Old Style',serif; color: #333333;\">Este enfoque logra que el estudiante explore las Matem\u00e1ticas y la Ciencia a trav\u00e9s de la experiencia, ayud\u00e1ndole a desarrollar el pensamiento cr\u00edtico y creativo. El componente de Ingenier\u00eda hace \u00e9nfasis en el proceso y el dise\u00f1o de soluciones. Con ello, los j\u00f3venes aprenden t\u00e9cnicas de descubrimiento y soluci\u00f3n de problemas. Asimismo, el componente de la Tecnolog\u00eda facilita el entendimiento de las tres \u00e1reas anteriores, ayuda a los estudiantes a aplicar sus conocimientos de manera pr\u00e1ctica a trav\u00e9s del uso de los ordenadores y otros dispositivos electr\u00f3nicos, dise\u00f1ando y manejando herramientas f\u00edsicas y digitales. <\/span><\/p>\n<p style=\"background: white;\"><span style=\"font-size: 14.0pt; font-family: 'Bookman Old Style',serif; color: #333333;\">Nuestro mundo avanza tecnol\u00f3gicamente a pasos agigantados. Por ello, es necesario que reforcemos las habilidades matem\u00e1ticas, cient\u00edficas y tecnol\u00f3gicas de nuestro alumnado, sin renunciar a la imprescindible formaci\u00f3n en humanidades.<br \/>\n<\/span><\/p>\n<p>&nbsp;<\/p>\n<p>&nbsp;<\/p>\n\t\t\t\t<\/div>\n\t\t\t<\/div>\n\t\t<\/div>\n\t\t\t<div class=\"sow-accordion-panel\"\n\t\t\t data-anchor=\"objetivos\">\n\t\t\t\t<div class=\"sow-accordion-panel-header-container\" role=\"heading\" aria-level=\"2\">\n\t\t\t\t\t<div class=\"sow-accordion-panel-header\" tabindex=\"0\" role=\"button\" id=\"accordion-label-objetivos\" aria-controls=\"accordion-content-objetivos\" aria-expanded=\"false\">\n\t\t\t\t\t\t<div class=\"sow-accordion-title sow-accordion-title-icon-left\">\n\t\t\t\t\t\t\t\t\t\t\t\t\t\tOBJETIVOS\t\t\t\t\t\t\t\t\t\t\t\t\t<\/div>\n\t\t\t\t\t\t<div class=\"sow-accordion-open-close-button\">\n\t\t\t\t\t\t\t<div class=\"sow-accordion-open-button\">\n\t\t\t\t\t\t\t\t<span class=\"sow-icon-ionicons\" data-sow-icon=\"&#xf218;\"\n\t\t \n\t\taria-hidden=\"true\"><\/span>\t\t\t\t\t\t\t<\/div>\n\t\t\t\t\t\t\t<div class=\"sow-accordion-close-button\">\n\t\t\t\t\t\t\t\t<span class=\"sow-icon-ionicons\" data-sow-icon=\"&#xf209;\"\n\t\t \n\t\taria-hidden=\"true\"><\/span>\t\t\t\t\t\t\t<\/div>\n\t\t\t\t\t\t<\/div>\n\t\t\t\t\t<\/div>\n\t\t\t\t<\/div>\n\n\t\t\t<div\n\t\t\t\tclass=\"sow-accordion-panel-content\"\n\t\t\t\trole=\"region\"\n\t\t\t\taria-labelledby=\"accordion-label-objetivos\"\n\t\t\t\tid=\"accordion-content-objetivos\"\n\t\t\t\tstyle=\"display: none;\"\t\t\t>\n\t\t\t\t<div class=\"sow-accordion-panel-border\">\n\t\t\t\t\t<p><img loading=\"lazy\" decoding=\"async\" class=\"alignnone size-medium wp-image-5668\" src=\"https:\/\/site.educa.madrid.org\/ies.calderondelabar.madrid\/\/wp-content\/uploads\/ies.calderondelabar.madrid\/2024\/01\/stem_significado-300x188.png\" alt=\"\" width=\"300\" height=\"188\" srcset=\"https:\/\/site.educa.madrid.org\/ies.calderondelabar.madrid\/\/wp-content\/uploads\/ies.calderondelabar.madrid\/2024\/01\/stem_significado-300x188.png 300w, https:\/\/site.educa.madrid.org\/ies.calderondelabar.madrid\/\/wp-content\/uploads\/ies.calderondelabar.madrid\/2024\/01\/stem_significado.png 467w\" sizes=\"auto, (max-width: 300px) 100vw, 300px\" \/><\/p>\n<h5>- Consolidar la metodolog\u00eda STEM y ofrecer formaci\u00f3n adecuada al profesorado para su implantaci\u00f3n.<\/h5>\n<h5>\n- Fomentar el desarrollo de la competencia STEM entre los alumnos y el inter\u00e9s por dichas \u00e1reas cient\u00edfico-tecnol\u00f3gicas.<\/h5>\n<h5>\n- Promocionar las vocaciones STEM, especialmente entre nuestras alumnas donde hay un mayor d\u00e9ficit de vocaciones.<\/h5>\n<h5>\n- Afianzar las actitudes como el trabajo cooperativo, la utilizaci\u00f3n de la informaci\u00f3n, la creatividad, el emprendimiento y el autoaprendizaje a trav\u00e9s de la metodolog\u00eda STEM.<\/h5>\n\t\t\t\t<\/div>\n\t\t\t<\/div>\n\t\t<\/div>\n\t\t\t<div class=\"sow-accordion-panel\"\n\t\t\t data-anchor=\"centros-stem\">\n\t\t\t\t<div class=\"sow-accordion-panel-header-container\" role=\"heading\" aria-level=\"2\">\n\t\t\t\t\t<div class=\"sow-accordion-panel-header\" tabindex=\"0\" role=\"button\" id=\"accordion-label-centros-stem\" aria-controls=\"accordion-content-centros-stem\" aria-expanded=\"false\">\n\t\t\t\t\t\t<div class=\"sow-accordion-title sow-accordion-title-icon-left\">\n\t\t\t\t\t\t\t\t\t\t\t\t\t\tCENTROS STEM\t\t\t\t\t\t\t\t\t\t\t\t\t<\/div>\n\t\t\t\t\t\t<div class=\"sow-accordion-open-close-button\">\n\t\t\t\t\t\t\t<div class=\"sow-accordion-open-button\">\n\t\t\t\t\t\t\t\t<span class=\"sow-icon-ionicons\" data-sow-icon=\"&#xf218;\"\n\t\t \n\t\taria-hidden=\"true\"><\/span>\t\t\t\t\t\t\t<\/div>\n\t\t\t\t\t\t\t<div class=\"sow-accordion-close-button\">\n\t\t\t\t\t\t\t\t<span class=\"sow-icon-ionicons\" data-sow-icon=\"&#xf209;\"\n\t\t \n\t\taria-hidden=\"true\"><\/span>\t\t\t\t\t\t\t<\/div>\n\t\t\t\t\t\t<\/div>\n\t\t\t\t\t<\/div>\n\t\t\t\t<\/div>\n\n\t\t\t<div\n\t\t\t\tclass=\"sow-accordion-panel-content\"\n\t\t\t\trole=\"region\"\n\t\t\t\taria-labelledby=\"accordion-label-centros-stem\"\n\t\t\t\tid=\"accordion-content-centros-stem\"\n\t\t\t\tstyle=\"display: none;\"\t\t\t>\n\t\t\t\t<div class=\"sow-accordion-panel-border\">\n\t\t\t\t\t<p>Son centros seleccionados a trav\u00e9s de la correspondiente convocatoria oficial. En el curso 2018-2019 nuestro centro fue seleccionado a trav\u00e9s de una convocatoria que determin\u00f3 qu\u00e9 centros p\u00fablicos formar\u00edan parte del proyecto piloto. Este es nuestro sexto a\u00f1o como centro STEMADRID.<\/p>\n<p>Como centro seleccionados tenemos las siguientes caracter\u00edsticas distintivas:<\/p>\n<ul>\n<li>Incluimos en Programaci\u00f3n General Anual un Plan de Centro para el fomento STEM que defina anualmente una l\u00ednea o tem\u00e1tica de trabajo para todo el centro. Este Plan recoge medidas espec\u00edficas dirigidas a la promoci\u00f3n de vocaciones tecnol\u00f3gicas entre las alumnas.<\/li>\n<li>Potenciamos el conocimiento del ingl\u00e9s cient\u00edfico, a trav\u00e9s de diferentes iniciativas.<\/li>\n<li>Conocemos las propuestas a nivel europeo que existen sobre STEM para incluirlas en las actividades anuales del centro: Scientix, Code Week, etc.<\/li>\n<li>Participamos en el Congreso STEMADRID.<\/li>\n<li>Participamos en las actividades programadas en STEMadrid.<\/li>\n<li>Implicamos a la comunidad educativa, brindando a las familias la posibilidad de participar en actividades STEM en el centro.<\/li>\n<li>Nos identificamos mediante el distintivo de STEMadrid.<\/li>\n<\/ul>\n\t\t\t\t<\/div>\n\t\t\t<\/div>\n\t\t<\/div>\n\t\t<\/div>\n<\/div>\n<\/div><\/div><\/div><\/div><\/div>","protected":false},"excerpt":{"rendered":"<p>STEM QU\u00c9 ES STEMADRID STEMadrid es el Plan de la Comunidad de Madrid para fomentar el estudio de las disciplinas STEM entre el alumnado madrile\u00f1o. Este programa impulsa las vocaciones &#8230;<\/p>\n","protected":false},"author":7,"featured_media":0,"parent":0,"menu_order":0,"comment_status":"closed","ping_status":"closed","template":"","meta":{"footnotes":""},"folder":[110],"class_list":["post-5666","page","type-page","status-publish","hentry"],"rttpg_featured_image_url":null,"rttpg_author":{"display_name":"Gema","author_link":"https:\/\/site.educa.madrid.org\/ies.calderondelabar.madrid\/index.php\/author\/gema-mara_parras-serradilla\/"},"rttpg_comment":0,"rttpg_category":" <a href=\"https:\/\/site.educa.madrid.org\/ies.calderondelabar.madrid\/?taxonomy=folder&#038;term=stem\" rel=\"tag\">STEM<\/a>","rttpg_excerpt":"STEM QU\u00c9 ES STEMADRID STEMadrid es el Plan de la Comunidad de Madrid para fomentar el estudio de las disciplinas STEM entre el alumnado madrile\u00f1o. Este programa impulsa las vocaciones ...","post_mailing_queue_ids":[],"_links":{"self":[{"href":"https:\/\/site.educa.madrid.org\/ies.calderondelabar.madrid\/index.php\/wp-json\/wp\/v2\/pages\/5666","targetHints":{"allow":["GET"]}}],"collection":[{"href":"https:\/\/site.educa.madrid.org\/ies.calderondelabar.madrid\/index.php\/wp-json\/wp\/v2\/pages"}],"about":[{"href":"https:\/\/site.educa.madrid.org\/ies.calderondelabar.madrid\/index.php\/wp-json\/wp\/v2\/types\/page"}],"author":[{"embeddable":true,"href":"https:\/\/site.educa.madrid.org\/ies.calderondelabar.madrid\/index.php\/wp-json\/wp\/v2\/users\/7"}],"replies":[{"embeddable":true,"href":"https:\/\/site.educa.madrid.org\/ies.calderondelabar.madrid\/index.php\/wp-json\/wp\/v2\/comments?post=5666"}],"version-history":[{"count":2,"href":"https:\/\/site.educa.madrid.org\/ies.calderondelabar.madrid\/index.php\/wp-json\/wp\/v2\/pages\/5666\/revisions"}],"predecessor-version":[{"id":5670,"href":"https:\/\/site.educa.madrid.org\/ies.calderondelabar.madrid\/index.php\/wp-json\/wp\/v2\/pages\/5666\/revisions\/5670"}],"wp:attachment":[{"href":"https:\/\/site.educa.madrid.org\/ies.calderondelabar.madrid\/index.php\/wp-json\/wp\/v2\/media?parent=5666"}],"wp:term":[{"taxonomy":"folder","embeddable":true,"href":"https:\/\/site.educa.madrid.org\/ies.calderondelabar.madrid\/index.php\/wp-json\/wp\/v2\/folder?post=5666"}],"curies":[{"name":"wp","href":"https:\/\/api.w.org\/{rel}","templated":true}]}}