{"id":6262,"date":"2024-04-18T20:44:53","date_gmt":"2024-04-18T18:44:53","guid":{"rendered":"https:\/\/site.educa.madrid.org\/ies.calderondelabar.madrid\/?page_id=6262"},"modified":"2024-04-18T20:50:57","modified_gmt":"2024-04-18T18:50:57","slug":"revision-de-las-calificaciones-finales-bachillerato","status":"publish","type":"page","link":"https:\/\/site.educa.madrid.org\/ies.calderondelabar.madrid\/index.php\/revision-de-las-calificaciones-finales-bachillerato\/","title":{"rendered":"REVISI\u00d3N DE LAS CALIFICACIONES FINALES BACHILLERATO"},"content":{"rendered":"<div id=\"pl-6262\"  class=\"panel-layout\" ><div id=\"pg-6262-0\"  class=\"panel-grid panel-no-style\" ><div id=\"pgc-6262-0-0\"  class=\"panel-grid-cell\" ><div id=\"panel-6262-0-0-0\" class=\"so-panel widget widget_sow-accordion panel-first-child\" data-index=\"0\" ><div\n\t\t\t\n\t\t\tclass=\"so-widget-sow-accordion so-widget-sow-accordion-default-de2674e66e50-6262\"\n\t\t\t data-max-open-panels=\"0\" data-initial-scroll-panel=\"0\"\n\t\t><h3 class=\"widget-title\">PROCEDIMIENTO DE RECLAMACI\u00d3N EN EL CENTRO DE LOS RESULTADOS DE LAS EVALUACIONES FINALES<\/h3><div>\n\t<div class=\"sow-accordion\">\n\t\t\t<div class=\"sow-accordion-panel\"\n\t\t\t data-anchor=\"desacuerdo-con-la-calificaci%c3%b3n-final-obtenida-en-una-o-m%c3%a1s-materias\">\n\t\t\t\t<div class=\"sow-accordion-panel-header-container\" role=\"heading\" aria-level=\"2\">\n\t\t\t\t\t<div class=\"sow-accordion-panel-header\" tabindex=\"0\" role=\"button\" id=\"accordion-label-desacuerdo-con-la-calificaci%c3%b3n-final-obtenida-en-una-o-m%c3%a1s-materias\" aria-controls=\"accordion-content-desacuerdo-con-la-calificaci%c3%b3n-final-obtenida-en-una-o-m%c3%a1s-materias\" aria-expanded=\"false\">\n\t\t\t\t\t\t<div class=\"sow-accordion-title sow-accordion-title-icon-left\">\n\t\t\t\t\t\t\t\t\t\t\t\t\t\tDESACUERDO CON LA CALIFICACI\u00d3N FINAL OBTENIDA EN UNA O M\u00c1S MATERIAS\t\t\t\t\t\t\t\t\t\t\t\t\t<\/div>\n\t\t\t\t\t\t<div class=\"sow-accordion-open-close-button\">\n\t\t\t\t\t\t\t<div class=\"sow-accordion-open-button\">\n\t\t\t\t\t\t\t\t<span class=\"sow-icon-ionicons\" data-sow-icon=\"&#xf218;\"\n\t\t \n\t\taria-hidden=\"true\"><\/span>\t\t\t\t\t\t\t<\/div>\n\t\t\t\t\t\t\t<div class=\"sow-accordion-close-button\">\n\t\t\t\t\t\t\t\t<span class=\"sow-icon-ionicons\" data-sow-icon=\"&#xf209;\"\n\t\t \n\t\taria-hidden=\"true\"><\/span>\t\t\t\t\t\t\t<\/div>\n\t\t\t\t\t\t<\/div>\n\t\t\t\t\t<\/div>\n\t\t\t\t<\/div>\n\n\t\t\t<div\n\t\t\t\tclass=\"sow-accordion-panel-content\"\n\t\t\t\trole=\"region\"\n\t\t\t\taria-labelledby=\"accordion-label-desacuerdo-con-la-calificaci%c3%b3n-final-obtenida-en-una-o-m%c3%a1s-materias\"\n\t\t\t\tid=\"accordion-content-desacuerdo-con-la-calificaci%c3%b3n-final-obtenida-en-una-o-m%c3%a1s-materias\"\n\t\t\t\tstyle=\"display: none;\"\t\t\t>\n\t\t\t\t<div class=\"sow-accordion-panel-border\">\n\t\t\t\t\t<p>En este supuesto, los padres o tutores legales, o el propio alumnado, si es mayor de edad, podr\u00e1n presentar en la secretar\u00eda del centro la solicitud de revisi\u00f3n de dicha calificaci\u00f3n, por escrito y el el plazo de <strong>DOS D\u00cdAS LECTIVOS<\/strong> a partir de aquel en el que se produjo la comunicaci\u00f3n de dicha calificaci\u00f3n (publicaci\u00f3n en la aplicaci\u00f3n ROBLE).<\/p>\n<p>La solicitud de revisi\u00f3n contendr\u00e1 cuantas\u00a0 alegaciones justifiquen la disconformidad con la calificaci\u00f3n final y ser\u00e1 dirigida a la jefatura de estudios, quien la trasladar\u00e1 al departamento did\u00e1ctico correspondiente.<\/p>\n<p>Finalizado el plazo para la presentaci\u00f3n de solicitudes de revisi\u00f3n, cada departamento did\u00e1ctico proceder\u00e1 al estudio de las solicitudes recibidas, lo que dispondr\u00e1n de <strong>DOS D\u00cdAS H\u00c1BILES<\/strong>.<\/p>\n<p>Transcurrido dicho plazo, Jefatura de estudios comunicar\u00e1 <strong>el d\u00eda h\u00e1bil siguiente<\/strong>, por escrito, al alumnado y a sus padres o tutores legales la decisi\u00f3n razonada de ratificaci\u00f3n o modificaci\u00f3n de la calificaci\u00f3n objeto de revisi\u00f3n.<\/p>\n<p><a href=\"https:\/\/site.educa.madrid.org\/ies.calderondelabar.madrid\/\/wp-content\/uploads\/ies.calderondelabar.madrid\/2024\/04\/Solicitud-revision-nota-final-Centro.pdf\" target=\"_blank\" rel=\"noopener\"><span style=\"color: #0000ff;\"><strong>SOLICITUD<\/strong><\/span><\/a><\/p>\n<p>En el procedimiento de revisi\u00f3n de las calificaciones finales de las materias, los padres o tutores legales podr\u00e1n obtener, previa solicitud a la directora del centro, copia de las pruebas u otros instrumentos de evaluaci\u00f3n escritos realizados por el\/la alumno\/a que hayan dado lugar a la calificaci\u00f3n correspondiente.<\/p>\n\t\t\t\t<\/div>\n\t\t\t<\/div>\n\t\t<\/div>\n\t\t\t<div class=\"sow-accordion-panel\"\n\t\t\t data-anchor=\"desacuerdo-con-la-decisi%c3%b3n-de-promoci%c3%b3n-titulaci%c3%b3n-u-otras-adoptadas-por-el-equipo-docente\">\n\t\t\t\t<div class=\"sow-accordion-panel-header-container\" role=\"heading\" aria-level=\"2\">\n\t\t\t\t\t<div class=\"sow-accordion-panel-header\" tabindex=\"0\" role=\"button\" id=\"accordion-label-desacuerdo-con-la-decisi%c3%b3n-de-promoci%c3%b3n-titulaci%c3%b3n-u-otras-adoptadas-por-el-equipo-docente\" aria-controls=\"accordion-content-desacuerdo-con-la-decisi%c3%b3n-de-promoci%c3%b3n-titulaci%c3%b3n-u-otras-adoptadas-por-el-equipo-docente\" aria-expanded=\"false\">\n\t\t\t\t\t\t<div class=\"sow-accordion-title sow-accordion-title-icon-left\">\n\t\t\t\t\t\t\t\t\t\t\t\t\t\tDESACUERDO CON LA DECISI\u00d3N DE PROMOCI\u00d3N, TITULACI\u00d3N U OTRAS ADOPTADAS POR  EL EQUIPO DOCENTE\t\t\t\t\t\t\t\t\t\t\t\t\t<\/div>\n\t\t\t\t\t\t<div class=\"sow-accordion-open-close-button\">\n\t\t\t\t\t\t\t<div class=\"sow-accordion-open-button\">\n\t\t\t\t\t\t\t\t<span class=\"sow-icon-ionicons\" data-sow-icon=\"&#xf218;\"\n\t\t \n\t\taria-hidden=\"true\"><\/span>\t\t\t\t\t\t\t<\/div>\n\t\t\t\t\t\t\t<div class=\"sow-accordion-close-button\">\n\t\t\t\t\t\t\t\t<span class=\"sow-icon-ionicons\" data-sow-icon=\"&#xf209;\"\n\t\t \n\t\taria-hidden=\"true\"><\/span>\t\t\t\t\t\t\t<\/div>\n\t\t\t\t\t\t<\/div>\n\t\t\t\t\t<\/div>\n\t\t\t\t<\/div>\n\n\t\t\t<div\n\t\t\t\tclass=\"sow-accordion-panel-content\"\n\t\t\t\trole=\"region\"\n\t\t\t\taria-labelledby=\"accordion-label-desacuerdo-con-la-decisi%c3%b3n-de-promoci%c3%b3n-titulaci%c3%b3n-u-otras-adoptadas-por-el-equipo-docente\"\n\t\t\t\tid=\"accordion-content-desacuerdo-con-la-decisi%c3%b3n-de-promoci%c3%b3n-titulaci%c3%b3n-u-otras-adoptadas-por-el-equipo-docente\"\n\t\t\t\tstyle=\"display: none;\"\t\t\t>\n\t\t\t\t<div class=\"sow-accordion-panel-border\">\n\t\t\t\t\t<p>En este supuesto, los padres o tutores legales, o el propio alumnado, si es mayor de edad, podr\u00e1n presentar en la secretar\u00eda del centro la solicitud de revisi\u00f3n de dicha calificaci\u00f3n, por escrito y el el plazo de <strong>DOS D\u00cdAS LECTIVOS<\/strong> a partir de aquel en el que se produjo la comunicaci\u00f3n de dicha decisi\u00f3n (publicaci\u00f3n en la aplicaci\u00f3n ROBLE).<\/p>\n<p>La solicitud de revisi\u00f3n contendr\u00e1 cuantas\u00a0 alegaciones justifiquen la disconformidad con la decisi\u00f3n y ser\u00e1 dirigida a la jefatura de estudios, quien la trasladar\u00e1 al\/la profesor\/a tutor\/a del alumno\/a. A la vista de las alegaciones presentadas se celebrar\u00e1 una reuni\u00f3n en la que el equipo docente revisar\u00e1 la decisi\u00f3n adoptada.<\/p>\n<p>Tras dicha reuni\u00f3n, la jefatura de estudios comunicar\u00e1 por escrito al alumnado y a sus padres o tutores legales la ratificaci\u00f3n o modificaci\u00f3n razonada de la decisi\u00f3n del equipo docente, lo que pondr\u00e1 t\u00e9rmino al procedimiento de revisi\u00f3n.<\/p>\n<p><a href=\"https:\/\/site.educa.madrid.org\/ies.calderondelabar.madrid\/\/wp-content\/uploads\/ies.calderondelabar.madrid\/2024\/04\/Solicitud-revision-de-promocion-o-titulacion.pdf\" target=\"_blank\" rel=\"noopener\"><strong><span style=\"color: #0000ff;\">SOLICITUD<\/span><\/strong><\/a><\/p>\n\t\t\t\t<\/div>\n\t\t\t<\/div>\n\t\t<\/div>\n\t\t<\/div>\n<\/div>\n<\/div><\/div><div id=\"panel-6262-0-0-1\" class=\"so-panel widget widget_sow-accordion panel-last-child\" data-index=\"1\" ><div\n\t\t\t\n\t\t\tclass=\"so-widget-sow-accordion so-widget-sow-accordion-default-de2674e66e50-6262\"\n\t\t\t data-max-open-panels=\"0\" data-initial-scroll-panel=\"0\"\n\t\t><h3 class=\"widget-title\">PROCEDIMIENTO DE RECLAMACI\u00d3N DE LAS CALIFICACIONES Y DECISIONES DEL EQUIPO DOCENTE ANTE LA DIRECC\u00d3N DE \u00c1REA TERRITORIAL<\/h3><div>\n\t<div class=\"sow-accordion\">\n\t\t\t<div class=\"sow-accordion-panel\"\n\t\t\t data-anchor=\"desacuerdo-con-la-calificaci%c3%b3n-final-obtenida-en-una-materia-o-con-la-decisi%c3%b3n-de-promoci%c3%b3n-o-titulaci%c3%b3n\">\n\t\t\t\t<div class=\"sow-accordion-panel-header-container\" role=\"heading\" aria-level=\"2\">\n\t\t\t\t\t<div class=\"sow-accordion-panel-header\" tabindex=\"0\" role=\"button\" id=\"accordion-label-desacuerdo-con-la-calificaci%c3%b3n-final-obtenida-en-una-materia-o-con-la-decisi%c3%b3n-de-promoci%c3%b3n-o-titulaci%c3%b3n\" aria-controls=\"accordion-content-desacuerdo-con-la-calificaci%c3%b3n-final-obtenida-en-una-materia-o-con-la-decisi%c3%b3n-de-promoci%c3%b3n-o-titulaci%c3%b3n\" aria-expanded=\"false\">\n\t\t\t\t\t\t<div class=\"sow-accordion-title sow-accordion-title-icon-left\">\n\t\t\t\t\t\t\t\t\t\t\t\t\t\tDESACUERDO CON LA CALIFICACI\u00d3N FINAL OBTENIDA EN UNA MATERIA O CON LA DECISI\u00d3N DE PROMOCI\u00d3N O TITULACI\u00d3N\t\t\t\t\t\t\t\t\t\t\t\t\t<\/div>\n\t\t\t\t\t\t<div class=\"sow-accordion-open-close-button\">\n\t\t\t\t\t\t\t<div class=\"sow-accordion-open-button\">\n\t\t\t\t\t\t\t\t<span class=\"sow-icon-ionicons\" data-sow-icon=\"&#xf218;\"\n\t\t \n\t\taria-hidden=\"true\"><\/span>\t\t\t\t\t\t\t<\/div>\n\t\t\t\t\t\t\t<div class=\"sow-accordion-close-button\">\n\t\t\t\t\t\t\t\t<span class=\"sow-icon-ionicons\" data-sow-icon=\"&#xf209;\"\n\t\t \n\t\taria-hidden=\"true\"><\/span>\t\t\t\t\t\t\t<\/div>\n\t\t\t\t\t\t<\/div>\n\t\t\t\t\t<\/div>\n\t\t\t\t<\/div>\n\n\t\t\t<div\n\t\t\t\tclass=\"sow-accordion-panel-content\"\n\t\t\t\trole=\"region\"\n\t\t\t\taria-labelledby=\"accordion-label-desacuerdo-con-la-calificaci%c3%b3n-final-obtenida-en-una-materia-o-con-la-decisi%c3%b3n-de-promoci%c3%b3n-o-titulaci%c3%b3n\"\n\t\t\t\tid=\"accordion-content-desacuerdo-con-la-calificaci%c3%b3n-final-obtenida-en-una-materia-o-con-la-decisi%c3%b3n-de-promoci%c3%b3n-o-titulaci%c3%b3n\"\n\t\t\t\tstyle=\"display: none;\"\t\t\t>\n\t\t\t\t<div class=\"sow-accordion-panel-border\">\n\t\t\t\t\t<p>En el caso de que, tras el procedimiento de revisi\u00f3n en el centro, persista el desacuerdo con la calificaci\u00f3n final de curso obtenida en una materia o con la decisi\u00f3n sobre la promoci\u00f3n, titulaci\u00f3n u otras decisiones adoptadas por el equipo docente, los padres o tutores legales, o el\/la alumno\/a si este\/a es mayor de edad, podr\u00e1n presentar en la secretar\u00eda del centro en el plazo de DOS D\u00cdAS H\u00c1BILES a partir de la \u00faltima comunicaci\u00f3n, mediante escrito dirigido a la Direcci\u00f3n del centro docente, una solicitud para que se eleve reclamaci\u00f3n ante la Direcci\u00f3n de \u00c1rea Territorial.<\/p>\n<p>&nbsp;<\/p>\n\t\t\t\t<\/div>\n\t\t\t<\/div>\n\t\t<\/div>\n\t\t\t<div class=\"sow-accordion-panel\"\n\t\t\t data-anchor=\"solicitud\">\n\t\t\t\t<div class=\"sow-accordion-panel-header-container\" role=\"heading\" aria-level=\"2\">\n\t\t\t\t\t<div class=\"sow-accordion-panel-header\" tabindex=\"0\" role=\"button\" id=\"accordion-label-solicitud\" aria-controls=\"accordion-content-solicitud\" aria-expanded=\"false\">\n\t\t\t\t\t\t<div class=\"sow-accordion-title sow-accordion-title-icon-left\">\n\t\t\t\t\t\t\t\t\t\t\t\t\t\tSOLICITUD\t\t\t\t\t\t\t\t\t\t\t\t\t<\/div>\n\t\t\t\t\t\t<div class=\"sow-accordion-open-close-button\">\n\t\t\t\t\t\t\t<div class=\"sow-accordion-open-button\">\n\t\t\t\t\t\t\t\t<span class=\"sow-icon-ionicons\" data-sow-icon=\"&#xf218;\"\n\t\t \n\t\taria-hidden=\"true\"><\/span>\t\t\t\t\t\t\t<\/div>\n\t\t\t\t\t\t\t<div class=\"sow-accordion-close-button\">\n\t\t\t\t\t\t\t\t<span class=\"sow-icon-ionicons\" data-sow-icon=\"&#xf209;\"\n\t\t \n\t\taria-hidden=\"true\"><\/span>\t\t\t\t\t\t\t<\/div>\n\t\t\t\t\t\t<\/div>\n\t\t\t\t\t<\/div>\n\t\t\t\t<\/div>\n\n\t\t\t<div\n\t\t\t\tclass=\"sow-accordion-panel-content\"\n\t\t\t\trole=\"region\"\n\t\t\t\taria-labelledby=\"accordion-label-solicitud\"\n\t\t\t\tid=\"accordion-content-solicitud\"\n\t\t\t\tstyle=\"display: none;\"\t\t\t>\n\t\t\t\t<div class=\"sow-accordion-panel-border\">\n\t\t\t\t\t<p>Pulse en el siguiente <a href=\"https:\/\/site.educa.madrid.org\/ies.calderondelabar.madrid\/\/wp-content\/uploads\/ies.calderondelabar.madrid\/2024\/04\/SOLICITUD_RECLAMACION_NOTA_FINAL_EN_LA_DAT.pdf\" target=\"_blank\" rel=\"noopener\"><strong><span style=\"color: #0000ff;\">enlace<\/span><\/strong><\/a> para descargar la solicitud.<\/p>\n\t\t\t\t<\/div>\n\t\t\t<\/div>\n\t\t<\/div>\n\t\t<\/div>\n<\/div>\n<\/div><\/div><\/div><\/div><\/div>","protected":false},"excerpt":{"rendered":"<p>PROCEDIMIENTO DE RECLAMACI\u00d3N EN EL CENTRO DE LOS RESULTADOS DE LAS EVALUACIONES FINALES DESACUERDO CON LA CALIFICACI\u00d3N FINAL OBTENIDA EN UNA O M\u00c1S MATERIAS En este supuesto, los padres o &#8230;<\/p>\n","protected":false},"author":7,"featured_media":6265,"parent":0,"menu_order":0,"comment_status":"closed","ping_status":"closed","template":"","meta":{"footnotes":""},"folder":[103],"class_list":["post-6262","page","type-page","status-publish","has-post-thumbnail","hentry"],"rttpg_featured_image_url":{"full":["https:\/\/site.educa.madrid.org\/ies.calderondelabar.madrid\/\/wp-content\/uploads\/ies.calderondelabar.madrid\/2024\/04\/reclamaciones.jpg",1800,1200,false],"landscape":["https:\/\/site.educa.madrid.org\/ies.calderondelabar.madrid\/\/wp-content\/uploads\/ies.calderondelabar.madrid\/2024\/04\/reclamaciones.jpg",1800,1200,false],"portraits":["https:\/\/site.educa.madrid.org\/ies.calderondelabar.madrid\/\/wp-content\/uploads\/ies.calderondelabar.madrid\/2024\/04\/reclamaciones.jpg",1800,1200,false],"thumbnail":["https:\/\/site.educa.madrid.org\/ies.calderondelabar.madrid\/\/wp-content\/uploads\/ies.calderondelabar.madrid\/2024\/04\/reclamaciones-150x150.jpg",150,150,true],"medium":["https:\/\/site.educa.madrid.org\/ies.calderondelabar.madrid\/\/wp-content\/uploads\/ies.calderondelabar.madrid\/2024\/04\/reclamaciones-300x200.jpg",300,200,true],"large":["https:\/\/site.educa.madrid.org\/ies.calderondelabar.madrid\/\/wp-content\/uploads\/ies.calderondelabar.madrid\/2024\/04\/reclamaciones-1024x683.jpg",800,534,true],"thumblist":["https:\/\/site.educa.madrid.org\/ies.calderondelabar.madrid\/\/wp-content\/uploads\/ies.calderondelabar.madrid\/2024\/04\/reclamaciones-300x300.jpg",300,300,true],"thumbrelated":["https:\/\/site.educa.madrid.org\/ies.calderondelabar.madrid\/\/wp-content\/uploads\/ies.calderondelabar.madrid\/2024\/04\/reclamaciones.jpg",500,333,false],"meccarouselthumb":["https:\/\/site.educa.madrid.org\/ies.calderondelabar.madrid\/\/wp-content\/uploads\/ies.calderondelabar.madrid\/2024\/04\/reclamaciones-474x324.jpg",474,324,true],"gridsquare":["https:\/\/site.educa.madrid.org\/ies.calderondelabar.madrid\/\/wp-content\/uploads\/ies.calderondelabar.madrid\/2024\/04\/reclamaciones-391x260.jpg",391,260,true],"tileview":["https:\/\/site.educa.madrid.org\/ies.calderondelabar.madrid\/\/wp-content\/uploads\/ies.calderondelabar.madrid\/2024\/04\/reclamaciones-300x400.jpg",300,400,true],"1536x1536":["https:\/\/site.educa.madrid.org\/ies.calderondelabar.madrid\/\/wp-content\/uploads\/ies.calderondelabar.madrid\/2024\/04\/reclamaciones-1536x1024.jpg",1536,1024,true],"2048x2048":["https:\/\/site.educa.madrid.org\/ies.calderondelabar.madrid\/\/wp-content\/uploads\/ies.calderondelabar.madrid\/2024\/04\/reclamaciones.jpg",1800,1200,false],"onepress-blog-small":["https:\/\/site.educa.madrid.org\/ies.calderondelabar.madrid\/\/wp-content\/uploads\/ies.calderondelabar.madrid\/2024\/04\/reclamaciones-300x150.jpg",300,150,true],"onepress-small":["https:\/\/site.educa.madrid.org\/ies.calderondelabar.madrid\/\/wp-content\/uploads\/ies.calderondelabar.madrid\/2024\/04\/reclamaciones-480x300.jpg",480,300,true],"onepress-medium":["https:\/\/site.educa.madrid.org\/ies.calderondelabar.madrid\/\/wp-content\/uploads\/ies.calderondelabar.madrid\/2024\/04\/reclamaciones-640x400.jpg",640,400,true],"sow-carousel-default":["https:\/\/site.educa.madrid.org\/ies.calderondelabar.madrid\/\/wp-content\/uploads\/ies.calderondelabar.madrid\/2024\/04\/reclamaciones-272x182.jpg",272,182,true],"sow-post-carousel-overlay-theme":["https:\/\/site.educa.madrid.org\/ies.calderondelabar.madrid\/\/wp-content\/uploads\/ies.calderondelabar.madrid\/2024\/04\/reclamaciones.jpg",360,240,false],"sow-post-carousel-cards-theme":["https:\/\/site.educa.madrid.org\/ies.calderondelabar.madrid\/\/wp-content\/uploads\/ies.calderondelabar.madrid\/2024\/04\/reclamaciones.jpg",360,240,false],"rt_custom":["https:\/\/site.educa.madrid.org\/ies.calderondelabar.madrid\/\/wp-content\/uploads\/ies.calderondelabar.madrid\/2024\/04\/reclamaciones.jpg",1800,1200,false]},"rttpg_author":{"display_name":"Gema","author_link":"https:\/\/site.educa.madrid.org\/ies.calderondelabar.madrid\/index.php\/author\/gema-mara_parras-serradilla\/"},"rttpg_comment":0,"rttpg_category":" <a href=\"https:\/\/site.educa.madrid.org\/ies.calderondelabar.madrid\/?taxonomy=folder&#038;term=secretaria\" rel=\"tag\">SECRETAR\u00cdA<\/a>","rttpg_excerpt":"PROCEDIMIENTO DE RECLAMACI\u00d3N EN EL CENTRO DE LOS RESULTADOS DE LAS EVALUACIONES FINALES DESACUERDO CON LA CALIFICACI\u00d3N FINAL OBTENIDA EN UNA O M\u00c1S MATERIAS En este supuesto, los padres o ...","post_mailing_queue_ids":[],"_links":{"self":[{"href":"https:\/\/site.educa.madrid.org\/ies.calderondelabar.madrid\/index.php\/wp-json\/wp\/v2\/pages\/6262","targetHints":{"allow":["GET"]}}],"collection":[{"href":"https:\/\/site.educa.madrid.org\/ies.calderondelabar.madrid\/index.php\/wp-json\/wp\/v2\/pages"}],"about":[{"href":"https:\/\/site.educa.madrid.org\/ies.calderondelabar.madrid\/index.php\/wp-json\/wp\/v2\/types\/page"}],"author":[{"embeddable":true,"href":"https:\/\/site.educa.madrid.org\/ies.calderondelabar.madrid\/index.php\/wp-json\/wp\/v2\/users\/7"}],"replies":[{"embeddable":true,"href":"https:\/\/site.educa.madrid.org\/ies.calderondelabar.madrid\/index.php\/wp-json\/wp\/v2\/comments?post=6262"}],"version-history":[{"count":5,"href":"https:\/\/site.educa.madrid.org\/ies.calderondelabar.madrid\/index.php\/wp-json\/wp\/v2\/pages\/6262\/revisions"}],"predecessor-version":[{"id":6273,"href":"https:\/\/site.educa.madrid.org\/ies.calderondelabar.madrid\/index.php\/wp-json\/wp\/v2\/pages\/6262\/revisions\/6273"}],"wp:featuredmedia":[{"embeddable":true,"href":"https:\/\/site.educa.madrid.org\/ies.calderondelabar.madrid\/index.php\/wp-json\/wp\/v2\/media\/6265"}],"wp:attachment":[{"href":"https:\/\/site.educa.madrid.org\/ies.calderondelabar.madrid\/index.php\/wp-json\/wp\/v2\/media?parent=6262"}],"wp:term":[{"taxonomy":"folder","embeddable":true,"href":"https:\/\/site.educa.madrid.org\/ies.calderondelabar.madrid\/index.php\/wp-json\/wp\/v2\/folder?post=6262"}],"curies":[{"name":"wp","href":"https:\/\/api.w.org\/{rel}","templated":true}]}}