{"id":1319,"date":"2020-12-17T23:01:49","date_gmt":"2020-12-17T23:01:49","guid":{"rendered":"https:\/\/site.educa.madrid.org\/ies.cardenalherrera.madrid\/?page_id=1319"},"modified":"2026-02-19T11:49:59","modified_gmt":"2026-02-19T10:49:59","slug":"titulos","status":"publish","type":"page","link":"https:\/\/site.educa.madrid.org\/ies.cardenalherrera.madrid\/index.php\/secretaria\/titulos\/","title":{"rendered":"T\u00edtulos"},"content":{"rendered":"\t\t\t<!-- Flexy Breadcrumb -->\n\t\t\t<div class=\"fbc fbc-page\">\n\n\t\t\t\t<!-- Breadcrumb wrapper -->\n\t\t\t\t<div class=\"fbc-wrap\">\n\n\t\t\t\t\t<!-- Ordered list-->\n\t\t\t\t\t<ol class=\"fbc-items\" itemscope itemtype=\"https:\/\/schema.org\/BreadcrumbList\">\n\t\t\t\t\t\t            <li itemprop=\"itemListElement\" itemscope itemtype=\"https:\/\/schema.org\/ListItem\">\n                <span itemprop=\"name\">\n                    <!-- Home Link -->\n                    <a itemprop=\"item\" href=\"https:\/\/site.educa.madrid.org\/ies.cardenalherrera.madrid\">\n                    \n                                                    <i class=\"fa fa-home\" aria-hidden=\"true\"><\/i>Inicio                    <\/a>\n                <\/span>\n                <meta itemprop=\"position\" content=\"1\" \/><!-- Meta Position-->\n             <\/li><li><span class=\"fbc-separator\">\/<\/span><\/li><li class=\"active\" itemprop=\"itemListElement\" itemscope itemtype=\"https:\/\/schema.org\/ListItem\"><span itemprop=\"name\" title=\"Entradas\">Entradas<\/span><meta itemprop=\"position\" content=\"2\" \/><\/li>\t\t\t\t\t<\/ol>\n\t\t\t\t\t<div class=\"clearfix\"><\/div>\n\t\t\t\t<\/div>\n\t\t\t<\/div>\n\t\t\t\n\n\n\n<h1 class=\"wp-block-heading\">T\u00edtulos curso 2025\/2026<\/h1>\n\n\n\n<h4 class=\"wp-block-heading has-black-color has-text-color\">T\u00edtulo de Bachiller<\/h4>\n\n\n\n<p class=\"has-black-color has-text-color\">Todos los alumnos que aprueben 2\u00ba de Bachillerato TIENEN LA OBLIGACI\u00d3N de solicitar el T\u00cdTULO DE BACHILLER, se presenten o no a las Pruebas de Acceso a Estudios Universitarios.<\/p>\n\n\n\n<p class=\"has-text-align-center has-black-color has-text-color has-link-color wp-elements-d908af4b5eab4d954cba256b6fede11c\">&#8212;-IMPORTANTE: No se pueden realizar el pago de las tasas del t\u00edtulo antes del 14 de mayo de 2026&#8212;&#8212;<\/p>\n\n\n\n<h4 class=\"wp-block-heading has-black-color has-text-color\">Informaci\u00f3n tasas:<\/h4>\n\n\n\n<figure class=\"wp-block-table is-style-regular\"><table class=\"has-black-color has-text-color has-link-color has-fixed-layout\"><thead><tr><th class=\"has-text-align-right\" data-align=\"right\">Tipo de matr\u00edcula<\/th><th class=\"has-text-align-left\" data-align=\"left\">Tasa<\/th><\/tr><\/thead><tbody><tr><td class=\"has-text-align-right\" data-align=\"right\">Matr\u00edcula ordinaria<\/td><td class=\"has-text-align-left\" data-align=\"left\">51,49 \u20ac<\/td><\/tr><tr><td class=\"has-text-align-right\" data-align=\"right\">Familia Numerosa General<\/td><td class=\"has-text-align-left\" data-align=\"left\">25,74 \u20ac<\/td><\/tr><tr><td class=\"has-text-align-right\" data-align=\"right\">Familia Numerosa Especial<\/td><td class=\"has-text-align-left\" data-align=\"left\">0 \u20ac<\/td><\/tr><tr><td class=\"has-text-align-right\" data-align=\"right\">V\u00edctimas del Terrorismo<\/td><td class=\"has-text-align-left\" data-align=\"left\">0 \u20ac<\/td><\/tr><\/tbody><\/table><\/figure>\n\n\n\n<hr class=\"wp-block-separator has-css-opacity\"\/>\n\n\n\n<h2 class=\"wp-block-heading has-text-align-center\">Instrucciones<\/h2>\n\n\n\n<div class=\"wp-block-group has-black-color has-text-color has-background\" style=\"background-color:#dfe2e4\"><div class=\"wp-block-group__inner-container is-layout-flow wp-block-group-is-layout-flow\">\n<h4 class=\"wp-block-heading has-black-color has-text-color\">Recogida de impresos:<\/h4>\n\n\n\n<p><strong>Lugar<\/strong>: Secretar\u00eda del centro.<br><strong>Fecha<\/strong>: 14 de mayo de 2026<br><strong>Hora<\/strong>: 9:00<br><strong>Documentos que los alumnos deben RECOGER<\/strong>:<br>&#8211; Impreso de solicitud.<br>&#8211; Dos copias del modelo 030 para el pago de la tasa correspondiente (para el pago en efectivo). En caso de pago telem\u00e1tico el interesado genera autom\u00e1ticamente el modelo 030 a trav\u00e9s de la plataforma de pago y se realiza el pago autom\u00e1ticamente por tarjeta siguiendo las instrucciones explicadas a continuaci\u00f3n.<\/p>\n<\/div><\/div>\n\n\n\n<div class=\"wp-block-group has-black-color has-text-color has-background\" style=\"background-color:#f6ebcb\"><div class=\"wp-block-group__inner-container is-layout-flow wp-block-group-is-layout-flow\">\n<h4 class=\"wp-block-heading has-black-color has-text-color\">Entrega de documentaci\u00f3n:<\/h4>\n\n\n\n<p><strong>Lugar<\/strong>: Secretar\u00eda del centro.<br><strong>Fecha<\/strong>: 14 de mayo de 2026<br><strong>Hora<\/strong>: Hasta las 12:00<br><strong>Documentos que los alumnos deben ENTREGAR<\/strong>:<br>&#8211; Impreso de solicitud.<br>&#8211; La copia del modelo 030 marcada con el texto \u00abEjemplar para el interesado\/Administraci\u00f3n\u00bb (pago presencial).<\/p>\n\n\n\n<p>&#8211; El justificante de pago en formato pdf generado en el portal de pago telem\u00e1tico (pago telem\u00e1tico).<br>&#8211; Fotocopia de DNI.<br>&#8211; Los alumnos que pertenezcan a Familia Numerosa adjuntar\u00e1n adem\u00e1s fotocopia del carnet correspondiente, vigente durante el curso acad\u00e9mico 2025\/2026.<\/p>\n<\/div><\/div>\n\n\n\n<h2 class=\"wp-block-heading has-text-align-center\">Modalidades de pago<\/h2>\n\n\n\n<div class=\"wp-block-columns is-layout-flex wp-container-core-columns-is-layout-9d6595d7 wp-block-columns-is-layout-flex\">\n<div class=\"wp-block-column is-layout-flow wp-block-column-is-layout-flow\">\n<h4 class=\"wp-block-heading has-luminous-vivid-amber-background-color has-background\">Pago presencial en efectivo<\/h4>\n\n\n\n<div class=\"wp-block-group has-black-color has-text-color has-background\" style=\"background-color:#dfe2e4\"><div class=\"wp-block-group__inner-container is-layout-flow wp-block-group-is-layout-flow\">\n<h4 class=\"wp-block-heading has-black-color has-text-color\">Entidades bancarias:<\/h4>\n\n\n\n<p class=\"has-black-color has-text-color\">El pago se podr\u00e1 realizar en cualquiera de las siguientes entidades:<br>&#8211; BBVA.<br>&#8211; CAIXABANK<br>&#8211; SABADELL.<br>&#8211; CAJAMAR.<\/p>\n<\/div><\/div>\n<\/div>\n\n\n\n<div class=\"wp-block-column is-layout-flow wp-block-column-is-layout-flow\">\n<h4 class=\"wp-block-heading has-luminous-vivid-amber-background-color has-background\">Pago telem\u00e1tico<\/h4>\n\n\n\n<div class=\"wp-block-group has-background\" style=\"background-color:#dfe2e4\"><div class=\"wp-block-group__inner-container is-layout-flow wp-block-group-is-layout-flow\"><div class=\"wp-block-image\">\n<figure class=\"aligncenter size-large is-resized\"><a href=\"https:\/\/gestiona7.madrid.org\/rtas_webapp_pagotasas\/#!\/main\" target=\"_blank\" rel=\"noopener\"><img loading=\"lazy\" decoding=\"async\" width=\"112\" height=\"112\" src=\"https:\/\/site.educa.madrid.org\/ies.cardenalherrera.madrid\/\/wp-content\/uploads\/ies.cardenalherrera.madrid\/2021\/08\/link.png\" alt=\"\" class=\"wp-image-11046\" style=\"width:28px;height:28px\"\/><\/a><\/figure>\n<\/div>\n\n\n<h3 class=\"wp-block-heading has-text-align-center\"><a rel=\"noreferrer noopener\" href=\"https:\/\/gestiona7.madrid.org\/rtas_webapp_pagotasas\/#!\/main\" target=\"_blank\"><mark style=\"background-color:rgba(0, 0, 0, 0)\" class=\"has-inline-color has-vivid-cyan-blue-color\">Enlace al portal de pago telem\u00e1tico<\/mark><\/a><\/h3>\n\n\n\n<div class=\"wp-block-group has-black-color has-text-color has-background\" style=\"background-color:#dfe2e4\"><div class=\"wp-block-group__inner-container is-layout-flow wp-block-group-is-layout-flow\">\n<h4 class=\"wp-block-heading\">Instrucciones:<\/h4>\n\n\n\n<ol start=\"1\" class=\"wp-block-list\">\n<li>Iniciar.<\/li>\n\n\n\n<li>Aceptar.<\/li>\n\n\n\n<li>Pagar tasa o precio p\u00fablico.<\/li>\n\n\n\n<li>En b\u00fasqueda teclear: T\u00edtulo Bachillerato IES CARDENAL HERRERA ORIA.<\/li>\n\n\n\n<li>Elegir 2\u00aa opci\u00f3n: \u00abExpedici\u00f3n de T\u00edtulos o Certificados\u00bb.<\/li>\n\n\n\n<li>Cumplimentar los datos (especial atenci\u00f3n los que sean familia numerosa general, marcar la opci\u00f3n).<\/li>\n\n\n\n<li>Continuar.<\/li>\n\n\n\n<li>Elegir pago con tarjeta de cr\u00e9dito o cargo en cuenta.<\/li>\n\n\n\n<li>Imprimir el documento PDF de justificaci\u00f3n de pago.<\/li>\n<\/ol>\n<\/div><\/div>\n<\/div><\/div>\n<\/div>\n<\/div>\n\n\n\n<hr class=\"wp-block-separator has-css-opacity is-style-wide\"\/>\n\n\n\n<div style=\"height:81px\" aria-hidden=\"true\" class=\"wp-block-spacer\"><\/div>\n\n\n\n<h2 class=\"wp-block-heading\">Duplicado de T\u00edtulos<\/h2>\n\n\n\n<p class=\"has-black-color has-text-color has-link-color wp-elements-0f9ca624248727e7e3f3fa059471bd77\">Antes de realizar las gestiones para la solicitud del duplicado de un T\u00edtulo se deber\u00e1 consultar en la secretar\u00eda del centro si se recogi\u00f3 el original.<\/p>\n\n\n\n<p class=\"has-black-color has-text-color has-link-color wp-elements-bef301eece503502ad1e7d9a367a6585\">Para solicitar un duplicado del T\u00edtulo (LOGSE-LOE-LOMCE) se deber\u00e1 entregar en la secretaria del centro la siguiente documentaci\u00f3n:<\/p>\n\n\n\n<div class=\"wp-block-columns has-black-color has-text-color has-link-color wp-elements-3ed69cb55d450ad20d7f85e6109cd68f is-layout-flex wp-container-core-columns-is-layout-9d6595d7 wp-block-columns-is-layout-flex\">\n<div class=\"wp-block-column is-layout-flow wp-block-column-is-layout-flow\" style=\"flex-basis:100%\">\n<ul class=\"wp-block-list\">\n<li>Solicitud de duplicado del t\u00edtulo.<\/li>\n<\/ul>\n\n\n\n<div class=\"wp-block-file aligncenter\"><a id=\"wp-block-file--media-cce8b7d4-1369-459e-8dc2-e95a92dce201\" href=\"https:\/\/site.educa.madrid.org\/ies.cardenalherrera.madrid\/\/wp-content\/uploads\/ies.cardenalherrera.madrid\/2023\/03\/Solicitud-Duplicado-Titulo-Bachillerato-1.pdf\" target=\"_blank\" rel=\"noreferrer noopener\"><mark style=\"background-color:rgba(0, 0, 0, 0)\" class=\"has-inline-color has-vivid-cyan-blue-color\"><em>Impreso<\/em><\/mark><\/a><\/div>\n\n\n\n<div class=\"wp-block-group\"><div class=\"wp-block-group__inner-container is-layout-flow wp-block-group-is-layout-flow\">\n<div class=\"wp-block-columns is-not-stacked-on-mobile is-layout-flex wp-container-core-columns-is-layout-9d6595d7 wp-block-columns-is-layout-flex\">\n<div class=\"wp-block-column is-layout-flow wp-block-column-is-layout-flow\" style=\"flex-basis:100%\">\n<div class=\"wp-block-group\"><div class=\"wp-block-group__inner-container is-layout-flow wp-block-group-is-layout-flow\">\n<div class=\"wp-block-columns is-layout-flex wp-container-core-columns-is-layout-9d6595d7 wp-block-columns-is-layout-flex\">\n<div class=\"wp-block-column is-layout-flow wp-block-column-is-layout-flow\" style=\"flex-basis:100%\">\n<div class=\"wp-block-group\"><div class=\"wp-block-group__inner-container is-layout-flow wp-block-group-is-layout-flow\">\n<ul class=\"wp-block-list\">\n<li>Fotocopia del documento de identidad<\/li>\n\n\n\n<li>Justificante del <a rel=\"noreferrer noopener\" href=\"https:\/\/gestiona7.madrid.org\/rtas_webapp_pagotasas\/#!\/main\" data-type=\"URL\" data-id=\"https:\/\/gestiona7.madrid.org\/rtas_webapp_pagotasas\/#!\/main\" target=\"_blank\"><mark style=\"background-color:rgba(0, 0, 0, 0)\" class=\"has-inline-color has-vivid-cyan-blue-color\"><em>pago de las tasas<\/em><\/mark><\/a> (Nombre tasa: Expedici\u00f3n duplicado t\u00edtulo IES Cardenal Herrera Oria o N\u00ba QR 4036) <\/li>\n\n\n\n<li>Documento acreditativo de reducci\u00f3n de la tasa (en caso que se aplique)<\/li>\n\n\n\n<li>El t\u00edtulo a duplicar (excepto caso de extrav\u00edo).<\/li>\n<\/ul>\n\n\n\n<p><\/p>\n\n\n\n<p>Para planes de estudio anteriores a la LOGSE (BUP, Bachillerato elemental o  Bachillerato superior) consultar en secretaria<\/p>\n<\/div><\/div>\n<\/div>\n<\/div>\n<\/div><\/div>\n<\/div>\n<\/div>\n<\/div><\/div>\n\n\n\n<div class=\"wp-block-group\"><div class=\"wp-block-group__inner-container is-layout-flow wp-block-group-is-layout-flow\"><\/div><\/div>\n<\/div>\n<\/div>\n\n\n\n<p><\/p>\n","protected":false},"excerpt":{"rendered":"<p>T\u00edtulos curso 2025\/2026 T\u00edtulo de Bachiller Todos los alumnos que aprueben 2\u00ba de Bachillerato TIENEN LA OBLIGACI\u00d3N de solicitar el T\u00cdTULO DE BACHILLER, se presenten o no a las Pruebas &#8230;<\/p>\n","protected":false},"author":2,"featured_media":0,"parent":491,"menu_order":60,"comment_status":"closed","ping_status":"closed","template":"","meta":{"footnotes":""},"folder":[],"class_list":["post-1319","page","type-page","status-publish","hentry"],"rttpg_featured_image_url":null,"rttpg_author":{"display_name":"TIC I.E.S. Cardenal Herrera Oria","author_link":"https:\/\/site.educa.madrid.org\/ies.cardenalherrera.madrid\/index.php\/author\/cuenta_tic-ies-cardenalherrera-madrid\/"},"rttpg_comment":0,"rttpg_category":false,"rttpg_excerpt":"T\u00edtulos curso 2025\/2026 T\u00edtulo de Bachiller Todos los alumnos que aprueben 2\u00ba de Bachillerato TIENEN LA OBLIGACI\u00d3N de solicitar el T\u00cdTULO DE BACHILLER, se presenten o no a las Pruebas ...","post_mailing_queue_ids":[],"_links":{"self":[{"href":"https:\/\/site.educa.madrid.org\/ies.cardenalherrera.madrid\/index.php\/wp-json\/wp\/v2\/pages\/1319","targetHints":{"allow":["GET"]}}],"collection":[{"href":"https:\/\/site.educa.madrid.org\/ies.cardenalherrera.madrid\/index.php\/wp-json\/wp\/v2\/pages"}],"about":[{"href":"https:\/\/site.educa.madrid.org\/ies.cardenalherrera.madrid\/index.php\/wp-json\/wp\/v2\/types\/page"}],"author":[{"embeddable":true,"href":"https:\/\/site.educa.madrid.org\/ies.cardenalherrera.madrid\/index.php\/wp-json\/wp\/v2\/users\/2"}],"replies":[{"embeddable":true,"href":"https:\/\/site.educa.madrid.org\/ies.cardenalherrera.madrid\/index.php\/wp-json\/wp\/v2\/comments?post=1319"}],"version-history":[{"count":43,"href":"https:\/\/site.educa.madrid.org\/ies.cardenalherrera.madrid\/index.php\/wp-json\/wp\/v2\/pages\/1319\/revisions"}],"predecessor-version":[{"id":18343,"href":"https:\/\/site.educa.madrid.org\/ies.cardenalherrera.madrid\/index.php\/wp-json\/wp\/v2\/pages\/1319\/revisions\/18343"}],"up":[{"embeddable":true,"href":"https:\/\/site.educa.madrid.org\/ies.cardenalherrera.madrid\/index.php\/wp-json\/wp\/v2\/pages\/491"}],"wp:attachment":[{"href":"https:\/\/site.educa.madrid.org\/ies.cardenalherrera.madrid\/index.php\/wp-json\/wp\/v2\/media?parent=1319"}],"wp:term":[{"taxonomy":"folder","embeddable":true,"href":"https:\/\/site.educa.madrid.org\/ies.cardenalherrera.madrid\/index.php\/wp-json\/wp\/v2\/folder?post=1319"}],"curies":[{"name":"wp","href":"https:\/\/api.w.org\/{rel}","templated":true}]}}