{"id":16491,"date":"2024-10-13T22:17:08","date_gmt":"2024-10-13T20:17:08","guid":{"rendered":"https:\/\/site.educa.madrid.org\/ies.cardenalherrera.madrid\/?page_id=16491"},"modified":"2025-09-30T13:41:18","modified_gmt":"2025-09-30T11:41:18","slug":"codigoescuela4-0_madrid","status":"publish","type":"page","link":"https:\/\/site.educa.madrid.org\/ies.cardenalherrera.madrid\/index.php\/planes-y-proyectos\/codigoescuela4-0_madrid\/","title":{"rendered":"C\u00f3digoEscuela4.0_Madrid"},"content":{"rendered":"\t\t\t<!-- Flexy Breadcrumb -->\n\t\t\t<div class=\"fbc fbc-page\">\n\n\t\t\t\t<!-- Breadcrumb wrapper -->\n\t\t\t\t<div class=\"fbc-wrap\">\n\n\t\t\t\t\t<!-- Ordered list-->\n\t\t\t\t\t<ol class=\"fbc-items\" itemscope itemtype=\"https:\/\/schema.org\/BreadcrumbList\">\n\t\t\t\t\t\t            <li itemprop=\"itemListElement\" itemscope itemtype=\"https:\/\/schema.org\/ListItem\">\n                <span itemprop=\"name\">\n                    <!-- Home Link -->\n                    <a itemprop=\"item\" href=\"https:\/\/site.educa.madrid.org\/ies.cardenalherrera.madrid\">\n                    \n                                                    <i class=\"fa fa-home\" aria-hidden=\"true\"><\/i>Inicio                    <\/a>\n                <\/span>\n                <meta itemprop=\"position\" content=\"1\" \/><!-- Meta Position-->\n             <\/li><li><span class=\"fbc-separator\">\/<\/span><\/li><li class=\"active\" itemprop=\"itemListElement\" itemscope itemtype=\"https:\/\/schema.org\/ListItem\"><span itemprop=\"name\" title=\"Entradas\">Entradas<\/span><meta itemprop=\"position\" content=\"2\" \/><\/li>\t\t\t\t\t<\/ol>\n\t\t\t\t\t<div class=\"clearfix\"><\/div>\n\t\t\t\t<\/div>\n\t\t\t<\/div>\n\t\t\t\n\n\n<h1 class=\"wp-block-post-title\">C\u00f3digoEscuela4.0_Madrid<\/h1>\n\n\n<div style=\"height:25px\" aria-hidden=\"true\" class=\"wp-block-spacer\"><\/div>\n\n\n\n<div class=\"wp-block-group\"><div class=\"wp-block-group__inner-container is-layout-constrained wp-block-group-is-layout-constrained\"><div\n\t\t\t\n\t\t\tclass=\"so-widget-sow-image so-widget-sow-image-default-113ccd71f3e6\"\n\t\t\t\n\t\t>\n\n<div class=\"sow-image-container\">\n\t\t\t<a href=\"https:\/\/site.educa.madrid.org\/ies.cardenalherrera.madrid\/\/wp-content\/uploads\/ies.cardenalherrera.madrid\/2025\/09\/CODIGO-ESCUELA-40-IES-HERRERA-ORIA-25-26.pdf\"\n\t\t\ttarget=\"_blank\" rel=\"noopener noreferrer\" \t\t>\n\t\t\t<img loading=\"lazy\" decoding=\"async\" src=\"https:\/\/site.educa.madrid.org\/ies.cardenalherrera.madrid\/\/wp-content\/uploads\/ies.cardenalherrera.madrid\/2020\/12\/file-pdf.png\" width=\"57\" height=\"76\" sizes=\"auto, (max-width: 57px) 100vw, 57px\" alt=\"\" \t\tclass=\"so-widget-image\"\/>\n\t<\/a><\/div>\n\n<\/div>\n\n\n<div class=\"wp-block-group is-vertical is-content-justification-center is-layout-flex wp-container-core-group-is-layout-4b2eccd6 wp-block-group-is-layout-flex\">\n<h3 class=\"wp-block-heading has-text-align-center\"><a href=\"https:\/\/site.educa.madrid.org\/ies.cardenalherrera.madrid\/\/wp-content\/uploads\/ies.cardenalherrera.madrid\/2025\/09\/CODIGO-ESCUELA-40-IES-HERRERA-ORIA-25-26.pdf\" target=\"_blank\" rel=\"noreferrer noopener\">Descargar<\/a><\/h3>\n<\/div>\n<\/div><\/div>\n\n\n\n<div style=\"height:22px\" aria-hidden=\"true\" class=\"wp-block-spacer\"><\/div>\n\n\n\n<hr class=\"wp-block-separator has-text-color has-cyan-bluish-gray-color has-alpha-channel-opacity has-cyan-bluish-gray-background-color has-background is-style-wide\"\/>\n\n\n\n<p class=\"has-text-align-left has-black-color has-text-color has-link-color wp-elements-e65f7aac6e3b892fcebdc5b8e68756bf\">En este curso escolar 2024\/2025 se ha iniciado un nuevo programa denominado <strong>C\u00f3digo Escuela 4.0_Madrid<\/strong>, que tendr\u00e1 una duraci\u00f3n de dos cursos escolares.<\/p>\n\n\n\n<p class=\"has-text-align-left has-black-color has-text-color has-link-color wp-elements-4498f29d0131c4489f59fcd4a8e4fb1e\">Una iniciativa dise\u00f1ada para mejorar las competencias digitales del alumnado y asegurar que los profesores est\u00e9n bien equipados para ense\u00f1ar estas habilidades, impulsando un proceso de ense\u00f1anza y aprendizaje m\u00e1s interactivo, aut\u00f3nomo y motivador.<\/p>\n\n\n\n<p class=\"has-text-align-left has-black-color has-text-color has-link-color wp-elements-51685e87763738a7e93df5b778046f49\">Los <strong>objetivos del Programa<\/strong> son:<\/p>\n\n\n\n<p class=\"has-black-color has-text-color has-link-color wp-elements-927ceb051918e5ece3d35b6770227823\">1. Mejorar las competencias digitales del alumnado, especialmente las referidas al pensamiento computacional y a la programaci\u00f3n.<\/p>\n\n\n\n<p class=\"has-text-align-left has-black-color has-text-color has-link-color wp-elements-006b1e7fa0433baf8cc9aebc7b4b7646\">2. Implementar competencias digitales en el aula, a trav\u00e9s de la formaci\u00f3n del profesorado, de su acompa\u00f1amiento y de la elaboraci\u00f3n de recursos educativos digitales.<\/p>\n\n\n\n<p class=\"has-text-align-left has-black-color has-text-color has-link-color wp-elements-8ca692106e2a80a4a42a8273ea7a40ba\">3. Dotar al centro educativo del equipamiento necesario para desarrollar las competencias digitales del alumnado.<\/p>\n\n\n\n<p class=\"has-text-align-left has-black-color has-text-color has-link-color wp-elements-aa0d0b3e969d0287db804463ced81a9d\">Durante todo este proceso, el centro educativo contar\u00e1 con el apoyo de un <strong>Mentor de Rob\u00f3tica<\/strong>, quien ayudar\u00e1 a organizar, acompa\u00f1ar y formar al equipo docente para el mejor desarrollo de este Programa. El claustro de profesores trabajar\u00e1 de forma coordinada y tomar\u00e1 decisiones de forma consensuada para implantar\/impulsar\/asentar los contenidos de rob\u00f3tica y tecnolog\u00eda en el proceso de ense\u00f1anza y aprendizaje, enriqueciendo las competencias de nuestros alumnos.<\/p>\n\n\n\n<p class=\"has-text-align-left has-black-color has-text-color has-link-color wp-elements-aaecacb86366bed17ae8947aac6eb613\">El profesor <strong>Rafael Gonz\u00e1lez del Pozo<\/strong> ser\u00e1 el <strong>Coordinador de Rob\u00f3tica<\/strong> de nuestro Centro. Es el encargado de ayudar a implantar y a desarrollar este Programa, impulsando la competencia digital de nuestros alumnos.<\/p>\n\n\n\n<hr class=\"wp-block-separator has-alpha-channel-opacity is-style-wide\"\/>\n\n\n\n<div class=\"wp-block-columns is-layout-flex wp-container-core-columns-is-layout-9d6595d7 wp-block-columns-is-layout-flex\">\n<div class=\"wp-block-column is-layout-flow wp-block-column-is-layout-flow\" style=\"flex-basis:33.33%\">\n<figure class=\"wp-block-image size-full\"><img loading=\"lazy\" decoding=\"async\" width=\"558\" height=\"581\" src=\"https:\/\/site.educa.madrid.org\/ies.cardenalherrera.madrid\/\/wp-content\/uploads\/ies.cardenalherrera.madrid\/2025\/04\/Robotica2.png\" alt=\"\" class=\"wp-image-17380\" srcset=\"https:\/\/site.educa.madrid.org\/ies.cardenalherrera.madrid\/\/wp-content\/uploads\/ies.cardenalherrera.madrid\/2025\/04\/Robotica2.png 558w, https:\/\/site.educa.madrid.org\/ies.cardenalherrera.madrid\/\/wp-content\/uploads\/ies.cardenalherrera.madrid\/2025\/04\/Robotica2-288x300.png 288w\" sizes=\"auto, (max-width: 558px) 100vw, 558px\" \/><\/figure>\n<\/div>\n\n\n\n<div class=\"wp-block-column is-layout-flow wp-block-column-is-layout-flow\" style=\"flex-basis:66.66%\">\n<figure class=\"wp-block-video\"><video height=\"1080\" style=\"aspect-ratio: 1920 \/ 1080;\" width=\"1920\" controls muted src=\"https:\/\/site.educa.madrid.org\/ies.cardenalherrera.madrid\/\/wp-content\/uploads\/ies.cardenalherrera.madrid\/2025\/04\/Robotica3.mp4\"><\/video><\/figure>\n<\/div>\n<\/div>\n\n\n\n<p><\/p>\n","protected":false},"excerpt":{"rendered":"<p>Descargar En este curso escolar 2024\/2025 se ha iniciado un nuevo programa denominado C\u00f3digo Escuela 4.0_Madrid, que tendr\u00e1 una duraci\u00f3n de dos cursos escolares. Una iniciativa dise\u00f1ada para mejorar las &#8230;<\/p>\n","protected":false},"author":2,"featured_media":0,"parent":691,"menu_order":50,"comment_status":"closed","ping_status":"closed","template":"","meta":{"footnotes":""},"folder":[],"class_list":["post-16491","page","type-page","status-publish","hentry"],"rttpg_featured_image_url":null,"rttpg_author":{"display_name":"TIC I.E.S. Cardenal Herrera Oria","author_link":"https:\/\/site.educa.madrid.org\/ies.cardenalherrera.madrid\/index.php\/author\/cuenta_tic-ies-cardenalherrera-madrid\/"},"rttpg_comment":0,"rttpg_category":false,"rttpg_excerpt":"Descargar En este curso escolar 2024\/2025 se ha iniciado un nuevo programa denominado C\u00f3digo Escuela 4.0_Madrid, que tendr\u00e1 una duraci\u00f3n de dos cursos escolares. Una iniciativa dise\u00f1ada para mejorar las ...","post_mailing_queue_ids":[],"_links":{"self":[{"href":"https:\/\/site.educa.madrid.org\/ies.cardenalherrera.madrid\/index.php\/wp-json\/wp\/v2\/pages\/16491","targetHints":{"allow":["GET"]}}],"collection":[{"href":"https:\/\/site.educa.madrid.org\/ies.cardenalherrera.madrid\/index.php\/wp-json\/wp\/v2\/pages"}],"about":[{"href":"https:\/\/site.educa.madrid.org\/ies.cardenalherrera.madrid\/index.php\/wp-json\/wp\/v2\/types\/page"}],"author":[{"embeddable":true,"href":"https:\/\/site.educa.madrid.org\/ies.cardenalherrera.madrid\/index.php\/wp-json\/wp\/v2\/users\/2"}],"replies":[{"embeddable":true,"href":"https:\/\/site.educa.madrid.org\/ies.cardenalherrera.madrid\/index.php\/wp-json\/wp\/v2\/comments?post=16491"}],"version-history":[{"count":20,"href":"https:\/\/site.educa.madrid.org\/ies.cardenalherrera.madrid\/index.php\/wp-json\/wp\/v2\/pages\/16491\/revisions"}],"predecessor-version":[{"id":17869,"href":"https:\/\/site.educa.madrid.org\/ies.cardenalherrera.madrid\/index.php\/wp-json\/wp\/v2\/pages\/16491\/revisions\/17869"}],"up":[{"embeddable":true,"href":"https:\/\/site.educa.madrid.org\/ies.cardenalherrera.madrid\/index.php\/wp-json\/wp\/v2\/pages\/691"}],"wp:attachment":[{"href":"https:\/\/site.educa.madrid.org\/ies.cardenalherrera.madrid\/index.php\/wp-json\/wp\/v2\/media?parent=16491"}],"wp:term":[{"taxonomy":"folder","embeddable":true,"href":"https:\/\/site.educa.madrid.org\/ies.cardenalherrera.madrid\/index.php\/wp-json\/wp\/v2\/folder?post=16491"}],"curies":[{"name":"wp","href":"https:\/\/api.w.org\/{rel}","templated":true}]}}