{"id":492,"date":"2020-11-20T11:07:45","date_gmt":"2020-11-20T11:07:45","guid":{"rendered":"https:\/\/site.educa.madrid.org\/ies.cardenalherrera.madrid\/?page_id=492"},"modified":"2025-02-08T11:31:52","modified_gmt":"2025-02-08T10:31:52","slug":"quienes-somos","status":"publish","type":"page","link":"https:\/\/site.educa.madrid.org\/ies.cardenalherrera.madrid\/index.php\/el-instituto\/quienes-somos\/","title":{"rendered":"Qui\u00e9nes somos"},"content":{"rendered":"\t\t\t<!-- Flexy Breadcrumb -->\n\t\t\t<div class=\"fbc fbc-page\">\n\n\t\t\t\t<!-- Breadcrumb wrapper -->\n\t\t\t\t<div class=\"fbc-wrap\">\n\n\t\t\t\t\t<!-- Ordered list-->\n\t\t\t\t\t<ol class=\"fbc-items\" itemscope itemtype=\"https:\/\/schema.org\/BreadcrumbList\">\n\t\t\t\t\t\t            <li itemprop=\"itemListElement\" itemscope itemtype=\"https:\/\/schema.org\/ListItem\">\n                <span itemprop=\"name\">\n                    <!-- Home Link -->\n                    <a itemprop=\"item\" href=\"https:\/\/site.educa.madrid.org\/ies.cardenalherrera.madrid\">\n                    \n                                                    <i class=\"fa fa-home\" aria-hidden=\"true\"><\/i>Inicio                    <\/a>\n                <\/span>\n                <meta itemprop=\"position\" content=\"1\" \/><!-- Meta Position-->\n             <\/li><li><span class=\"fbc-separator\">\/<\/span><\/li><li class=\"active\" itemprop=\"itemListElement\" itemscope itemtype=\"https:\/\/schema.org\/ListItem\"><span itemprop=\"name\" title=\"Entradas\">Entradas<\/span><meta itemprop=\"position\" content=\"2\" \/><\/li>\t\t\t\t\t<\/ol>\n\t\t\t\t\t<div class=\"clearfix\"><\/div>\n\t\t\t\t<\/div>\n\t\t\t<\/div>\n\t\t\t\n\n\n\n<h1 class=\"wp-block-heading\">Qui\u00e9nes somos<\/h1>\n\n\n\n<iframe loading=\"lazy\" src=\"https:\/\/mediateca.educa.madrid.org\/video\/kn3rsgr6fjnw4ngq\/fs\" width=\"100%\" height=\"400\" frameborder=\"0\" scrolling=\"no\" style=\"border:0;overflow:hidden\" allowfullscreen><\/iframe>\n\n\n\n<p class=\"has-black-color has-text-color has-link-color wp-elements-6d54696c9996b4362eea3c2e9f906fca\">El I.E.S. Cardenal Herrera Oria es&nbsp;un prestigioso centro educativo de Madrid, con bien ganada fama de instituci\u00f3n avanzada en t\u00e9cnicas y medios educativos.<\/p>\n\n\n\n<p class=\"has-black-color has-text-color has-link-color wp-elements-f3f9afa8730f1c3467524e672c296a90\"><strong>Historia<\/strong><br>Fue creado en 1974 como Instituto Piloto dependiente del Instituto de Ciencias de la Educaci\u00f3n de la Universidad Aut\u00f3noma de Madrid. Ahora es un Instituto de Educaci\u00f3n Secundaria con una excelente dotaci\u00f3n de medios educativos y un Claustro de Profesores con una amplia experiencia docente.<\/p>\n\n\n\n<p class=\"has-black-color has-text-color has-link-color wp-elements-6ca16b998c46814d712f0c725a3923c4\"><strong>Proyecto Educativo del Centro<\/strong><br>El Instituto de Educaci\u00f3n Secundaria Cardenal Herrera Oria es un centro educativo de la red p\u00fablica, en el que se imparten las ense\u00f1anzas de Educaci\u00f3n Secundaria Obligatoria Biling\u00fce en Ingl\u00e9s y Bachillerato en las modalidades de Ciencias Sociales y Humanidades y de Ciencia y Tecnolog\u00eda.<\/p>\n\n\n\n<p class=\"has-black-color has-text-color has-link-color wp-elements-5f6b5dd053edb51c6e4b82c79b2756d7\">Los objetivos b\u00e1sicos que perseguimos son:<\/p>\n\n\n\n<ul class=\"has-black-color has-text-color has-link-color wp-block-list wp-elements-64a4c0d21484216dffb8f6535efe3208\">\n<li>Ofrecer una atenci\u00f3n individualizada a los alumnos.<\/li>\n\n\n\n<li>Ofrecer una formaci\u00f3n humana a nuestros alumnos, que les ayude a desenvolverse en su vida cotidiana y a ganar en autonom\u00eda personal en su toma de decisiones.<\/li>\n\n\n\n<li>Potenciar el conocimiento human\u00edstico. Acercar al alumnado a la vertiente experimental de la ciencia, de forma que les permita iniciarse en la metodolog\u00eda del trabajo cient\u00edfico.<\/li>\n\n\n\n<li>Apoyar la realizaci\u00f3n de actividades complementarias y extraescolares relacionadas con organismos del \u00e1mbito de la investigaci\u00f3n y divulgaci\u00f3n cient\u00edfica; tales como visitas, conferencias, estancias o talleres.<\/li>\n\n\n\n<li>Apoyar las ense\u00f1anzas art\u00edsticas y tecnol\u00f3gicas y STEM.<\/li>\n\n\n\n<li>Favorecer la pr\u00e1ctica deportiva.<\/li>\n\n\n\n<li>Favorecer el uso del ingl\u00e9s, el franc\u00e9s y el alem\u00e1n como lenguas de comunicaci\u00f3n en el Instituto. Potenciar los intercambios.<\/li>\n\n\n\n<li>Favorecer todas aquellas actividades curriculares o extraescolares que desarrollen la capacidad de comunicaci\u00f3n de los alumnos como, exposiciones, torneos de debate, etc.<\/li>\n\n\n\n<li>La b\u00fasqueda de la calidad y la excelencia, consiguiendo logros de los alumnos en titulaci\u00f3n y acceso a la universidad.<\/li>\n\n\n\n<li>Conectar el Instituto con centros de la Uni\u00f3n Europea mediante la participaci\u00f3n en los programas europeos ERASMUS+, adherirnos a la comunidad de centros escolares de Europa eTwinnig, y participar en las actividades con modelo de Naciones Unidas de las Global Classrooms.<\/li>\n<\/ul>\n\n\n\n<p class=\"has-black-color has-text-color has-link-color wp-elements-b5a200481a423f469d2f7e4feae5854c\">Bas\u00e1ndonos en unos principios:<\/p>\n\n\n\n<ul class=\"wp-block-list\">\n<li><mark style=\"background-color:rgba(0, 0, 0, 0)\" class=\"has-inline-color has-black-color\">La educaci\u00f3n como la principal herramienta para hacer efectiva la igualdad de oportunidades.<\/mark><\/li>\n\n\n\n<li><mark style=\"background-color:rgba(0, 0, 0, 0)\" class=\"has-inline-color has-black-color\">La diferencia enriquece, por eso se busca una educaci\u00f3n inclusiva construyendo entornos seguros y acogedores para todos, bajo los principios del respeto, la tolerancia, y la igualdad.<\/mark><\/li>\n\n\n\n<li><mark style=\"background-color:rgba(0, 0, 0, 0)\" class=\"has-inline-color has-black-color\">La participaci\u00f3n, colaboraci\u00f3n y desarrollo del sentido cr\u00edtico.<\/mark><\/li>\n\n\n\n<li><mark style=\"background-color:rgba(0, 0, 0, 0)\" class=\"has-inline-color has-black-color\">El esfuerzo, la motivaci\u00f3n personal, el trabajo en equipo y la autonom\u00eda.<\/mark><\/li>\n\n\n\n<li><mark style=\"background-color:rgba(0, 0, 0, 0)\" class=\"has-inline-color has-black-color\">La colaboraci\u00f3n con las familias y el AMPA, juntos formamos un equipo.<\/mark><\/li>\n\n\n\n<li><mark style=\"background-color:rgba(0, 0, 0, 0)\" class=\"has-inline-color has-black-color\">La orientaci\u00f3n, la b\u00fasqueda de aquellos intereses que mejor se adapten a cada alumno.<\/mark><\/li>\n\n\n\n<li><mark style=\"background-color:rgba(0, 0, 0, 0)\" class=\"has-inline-color has-black-color\">La prevenci\u00f3n de conflictos y la mediaci\u00f3n para solucionarlos.<\/mark><\/li>\n<\/ul>\n\n\n<div class=\"wp-block-image\">\n<figure class=\"aligncenter size-large is-resized\"><img loading=\"lazy\" decoding=\"async\" width=\"1024\" height=\"768\" src=\"https:\/\/site.educa.madrid.org\/ies.cardenalherrera.madrid\/\/wp-content\/uploads\/ies.cardenalherrera.madrid\/2020\/12\/fachada-patio-central-1024x768.jpg\" alt=\"\" class=\"wp-image-1344\" style=\"width:512px;height:384px\" srcset=\"https:\/\/site.educa.madrid.org\/ies.cardenalherrera.madrid\/\/wp-content\/uploads\/ies.cardenalherrera.madrid\/2020\/12\/fachada-patio-central-1024x768.jpg 1024w, https:\/\/site.educa.madrid.org\/ies.cardenalherrera.madrid\/\/wp-content\/uploads\/ies.cardenalherrera.madrid\/2020\/12\/fachada-patio-central-300x225.jpg 300w, https:\/\/site.educa.madrid.org\/ies.cardenalherrera.madrid\/\/wp-content\/uploads\/ies.cardenalherrera.madrid\/2020\/12\/fachada-patio-central-768x576.jpg 768w, https:\/\/site.educa.madrid.org\/ies.cardenalherrera.madrid\/\/wp-content\/uploads\/ies.cardenalherrera.madrid\/2020\/12\/fachada-patio-central-1536x1152.jpg 1536w, https:\/\/site.educa.madrid.org\/ies.cardenalherrera.madrid\/\/wp-content\/uploads\/ies.cardenalherrera.madrid\/2020\/12\/fachada-patio-central-2048x1536.jpg 2048w\" sizes=\"auto, (max-width: 1024px) 100vw, 1024px\" \/><\/figure>\n<\/div>","protected":false},"excerpt":{"rendered":"<p>Qui\u00e9nes somos El I.E.S. Cardenal Herrera Oria es&nbsp;un prestigioso centro educativo de Madrid, con bien ganada fama de instituci\u00f3n avanzada en t\u00e9cnicas y medios educativos. HistoriaFue creado en 1974 como &#8230;<\/p>\n","protected":false},"author":2,"featured_media":0,"parent":141,"menu_order":10,"comment_status":"closed","ping_status":"closed","template":"","meta":{"footnotes":""},"folder":[],"class_list":["post-492","page","type-page","status-publish","hentry"],"rttpg_featured_image_url":null,"rttpg_author":{"display_name":"TIC I.E.S. Cardenal Herrera Oria","author_link":"https:\/\/site.educa.madrid.org\/ies.cardenalherrera.madrid\/index.php\/author\/cuenta_tic-ies-cardenalherrera-madrid\/"},"rttpg_comment":0,"rttpg_category":false,"rttpg_excerpt":"Qui\u00e9nes somos El I.E.S. Cardenal Herrera Oria es&nbsp;un prestigioso centro educativo de Madrid, con bien ganada fama de instituci\u00f3n avanzada en t\u00e9cnicas y medios educativos. HistoriaFue creado en 1974 como ...","post_mailing_queue_ids":[],"_links":{"self":[{"href":"https:\/\/site.educa.madrid.org\/ies.cardenalherrera.madrid\/index.php\/wp-json\/wp\/v2\/pages\/492","targetHints":{"allow":["GET"]}}],"collection":[{"href":"https:\/\/site.educa.madrid.org\/ies.cardenalherrera.madrid\/index.php\/wp-json\/wp\/v2\/pages"}],"about":[{"href":"https:\/\/site.educa.madrid.org\/ies.cardenalherrera.madrid\/index.php\/wp-json\/wp\/v2\/types\/page"}],"author":[{"embeddable":true,"href":"https:\/\/site.educa.madrid.org\/ies.cardenalherrera.madrid\/index.php\/wp-json\/wp\/v2\/users\/2"}],"replies":[{"embeddable":true,"href":"https:\/\/site.educa.madrid.org\/ies.cardenalherrera.madrid\/index.php\/wp-json\/wp\/v2\/comments?post=492"}],"version-history":[{"count":15,"href":"https:\/\/site.educa.madrid.org\/ies.cardenalherrera.madrid\/index.php\/wp-json\/wp\/v2\/pages\/492\/revisions"}],"predecessor-version":[{"id":16974,"href":"https:\/\/site.educa.madrid.org\/ies.cardenalherrera.madrid\/index.php\/wp-json\/wp\/v2\/pages\/492\/revisions\/16974"}],"up":[{"embeddable":true,"href":"https:\/\/site.educa.madrid.org\/ies.cardenalherrera.madrid\/index.php\/wp-json\/wp\/v2\/pages\/141"}],"wp:attachment":[{"href":"https:\/\/site.educa.madrid.org\/ies.cardenalherrera.madrid\/index.php\/wp-json\/wp\/v2\/media?parent=492"}],"wp:term":[{"taxonomy":"folder","embeddable":true,"href":"https:\/\/site.educa.madrid.org\/ies.cardenalherrera.madrid\/index.php\/wp-json\/wp\/v2\/folder?post=492"}],"curies":[{"name":"wp","href":"https:\/\/api.w.org\/{rel}","templated":true}]}}