{"id":61,"date":"2018-10-16T07:20:19","date_gmt":"2018-10-16T07:20:19","guid":{"rendered":"https:\/\/site.educa.madrid.org\/centro.nuevadinamicas10\/?page_id=61"},"modified":"2026-04-24T10:42:12","modified_gmt":"2026-04-24T08:42:12","slug":"biblioteca","status":"publish","type":"page","link":"https:\/\/site.educa.madrid.org\/ies.cardenalherrera.madrid\/index.php\/servicios-y-actividades\/biblioteca\/","title":{"rendered":"Biblioteca"},"content":{"rendered":"\t\t\t<!-- Flexy Breadcrumb -->\n\t\t\t<div class=\"fbc fbc-page\">\n\n\t\t\t\t<!-- Breadcrumb wrapper -->\n\t\t\t\t<div class=\"fbc-wrap\">\n\n\t\t\t\t\t<!-- Ordered list-->\n\t\t\t\t\t<ol class=\"fbc-items\" itemscope itemtype=\"https:\/\/schema.org\/BreadcrumbList\">\n\t\t\t\t\t\t            <li itemprop=\"itemListElement\" itemscope itemtype=\"https:\/\/schema.org\/ListItem\">\n                <span itemprop=\"name\">\n                    <!-- Home Link -->\n                    <a itemprop=\"item\" href=\"https:\/\/site.educa.madrid.org\/ies.cardenalherrera.madrid\">\n                    \n                                                    <i class=\"fa fa-home\" aria-hidden=\"true\"><\/i>Inicio                    <\/a>\n                <\/span>\n                <meta itemprop=\"position\" content=\"1\" \/><!-- Meta Position-->\n             <\/li><li><span class=\"fbc-separator\">\/<\/span><\/li><li class=\"active\" itemprop=\"itemListElement\" itemscope itemtype=\"https:\/\/schema.org\/ListItem\"><span itemprop=\"name\" title=\"Entradas\">Entradas<\/span><meta itemprop=\"position\" content=\"2\" \/><\/li>\t\t\t\t\t<\/ol>\n\t\t\t\t\t<div class=\"clearfix\"><\/div>\n\t\t\t\t<\/div>\n\t\t\t<\/div>\n\t\t\t\n\n\n\n<h1 class=\"wp-block-heading\">Biblioteca<\/h1>\n\n\n\n<h3 class=\"wp-block-heading\">Horario<\/h3>\n\n\n\n<p class=\"has-black-color has-text-color has-link-color wp-elements-d6dee16bc20102cb4348c72f09ff1181\">MA\u00d1ANAS:<br>La biblioteca del centro est\u00e1 abierta y disponible todas las ma\u00f1anas para que los profesores realicen actividades durante sus clases con los alumnos y alumnas del centro.<br>Para los alumnos de 2\u00ba de bachillerato, despu\u00e9s de acabar el curso, tambi\u00e9n est\u00e1 disponible por las ma\u00f1anas si quieren venir a preparar la prueba de acceso a la universidad.<\/p>\n\n\n\n<p class=\"has-black-color has-text-color has-link-color wp-elements-fe255bd7e9885907d512aeed8d2abc79\">RECREOS:<br>Tambi\u00e9n esta abierta durante los recreos para que los alumnos y alumnas lean o realicen trabajos en grupo.<\/p>\n\n\n\n<p class=\"has-black-color has-text-color has-link-color wp-elements-53500480add89c2ecd9cfdf915b856c0\">TARDES:<br>Desde octubre a mayo, incluidos, la biblioteca abrir\u00e1 de 16:00 a 18:00 de lunes a jueves.<\/p>\n\n\n\n<hr class=\"wp-block-separator has-alpha-channel-opacity is-style-wide\"\/>\n\n\n\n<h3 class=\"wp-block-heading\">Club de lectura del Herrera<\/h3>\n\n\n\n<h3 class=\"wp-block-heading has-text-align-center\"><a href=\"https:\/\/site.educa.madrid.org\/ies.cardenalherrera.madrid\/index.php\/servicios-y-actividades\/biblioteca\/club-de-lectura-cho\/\"><img loading=\"lazy\" decoding=\"async\" width=\"31\" height=\"31\" class=\"alignnone  wp-image-11046\" src=\"https:\/\/site.educa.madrid.org\/ies.cardenalherrera.madrid\/\/wp-content\/uploads\/ies.cardenalherrera.madrid\/2021\/08\/link.png\" alt=\"\"><\/a> <a href=\"https:\/\/site.educa.madrid.org\/ies.cardenalherrera.madrid\/index.php\/servicios-y-actividades\/biblioteca\/club-de-lectura-cho\/\">Entra y lee<\/a><\/h3>\n\n\n\n<hr class=\"wp-block-separator has-alpha-channel-opacity is-style-wide\"\/>\n\n\n\n<h3 class=\"wp-block-heading\">Lecturas para la convivencia<\/h3>\n\n\n\n<h3 class=\"wp-block-heading has-text-align-center\"><a href=\"https:\/\/madreadclublectura.educa.madrid.org\/clubs\/join-experience\/BDX9ERZB\" target=\"_blank\" rel=\"noreferrer noopener\"><img loading=\"lazy\" decoding=\"async\" width=\"31\" height=\"31\" class=\"alignnone  wp-image-11046\" src=\"https:\/\/site.educa.madrid.org\/ies.cardenalherrera.madrid\/\/wp-content\/uploads\/ies.cardenalherrera.madrid\/2021\/08\/link.png\" alt=\"\"> Entra y lee<\/a><\/h3>\n\n\n\n<hr class=\"wp-block-separator has-alpha-channel-opacity is-style-wide\"\/>\n\n\n\n<h3 class=\"wp-block-heading\">Cat\u00e1logo<\/h3>\n\n\n\n<div class=\"wp-block-group\"><div class=\"wp-block-group__inner-container is-layout-flow wp-block-group-is-layout-flow\"><div class=\"wp-block-image\">\n<figure class=\"aligncenter size-large is-resized\"><a href=\"https:\/\/abiesweb.educa.madrid.org\/signin\" target=\"_blank\" rel=\"noopener noreferrer\"><img loading=\"lazy\" decoding=\"async\" width=\"423\" height=\"100\" src=\"https:\/\/site.educa.madrid.org\/ies.cardenalherrera.madrid\/\/wp-content\/uploads\/ies.cardenalherrera.madrid\/2020\/12\/abies_web_md.jpg\" alt=\"\" class=\"wp-image-9927\" style=\"width:212px;height:50px\" srcset=\"https:\/\/site.educa.madrid.org\/ies.cardenalherrera.madrid\/\/wp-content\/uploads\/ies.cardenalherrera.madrid\/2020\/12\/abies_web_md.jpg 423w, https:\/\/site.educa.madrid.org\/ies.cardenalherrera.madrid\/\/wp-content\/uploads\/ies.cardenalherrera.madrid\/2020\/12\/abies_web_md-300x71.jpg 300w\" sizes=\"auto, (max-width: 423px) 100vw, 423px\" \/><\/a><\/figure>\n<\/div>\n\n\n<p class=\"has-text-align-center\">Acceso al cat\u00e1logo de la biblioteca del centro<\/p>\n<\/div><\/div>\n\n\n\n<hr class=\"wp-block-separator has-alpha-channel-opacity is-style-wide\"\/>\n\n\n\n<h3 class=\"wp-block-heading\">MadREAD<\/h3>\n\n\n\n<div style=\"height:30px\" aria-hidden=\"true\" class=\"wp-block-spacer\"><\/div>\n\n\n\n<div class=\"wp-block-media-text alignwide is-stacked-on-mobile\" style=\"grid-template-columns:39% auto\"><figure class=\"wp-block-media-text__media\"><a href=\"https:\/\/madread.educa.madrid.org\/\" target=\"_blank\" rel=\"noreferrer noopener\"><img loading=\"lazy\" decoding=\"async\" width=\"470\" height=\"180\" src=\"https:\/\/site.educa.madrid.org\/ies.cardenalherrera.madrid\/\/wp-content\/uploads\/ies.cardenalherrera.madrid\/2024\/02\/MadREAD.png\" alt=\"\" class=\"wp-image-15851 size-full\" srcset=\"https:\/\/site.educa.madrid.org\/ies.cardenalherrera.madrid\/\/wp-content\/uploads\/ies.cardenalherrera.madrid\/2024\/02\/MadREAD.png 470w, https:\/\/site.educa.madrid.org\/ies.cardenalherrera.madrid\/\/wp-content\/uploads\/ies.cardenalherrera.madrid\/2024\/02\/MadREAD-300x115.png 300w\" sizes=\"auto, (max-width: 470px) 100vw, 470px\" \/><\/a><\/figure><div class=\"wp-block-media-text__content\">\n<p><a href=\"https:\/\/madread.educa.madrid.org\/\" target=\"_blank\" rel=\"noreferrer noopener\">MadREAD<\/a> es una biblioteca digital disponible para todos los estudiantes y docentes de la Comunidad de Madrid. En ella vas a poder pedir en pr\u00e9stamo libros electr\u00f3nicos, audios, v\u00eddeos, p\u00edldoras educativas&#8230; sin tener que desplazarte hasta la biblioteca.<\/p>\n\n\n\n<p>MadREAD permite acceder al cat\u00e1logo y realizar el pr\u00e9stamo de obras en formato digital para poder leerlas en diferentes dispositivos: tabletas, tel\u00e9fonos inteligentes, ordenadores personales o lectores de libros electr\u00f3nicos compatibles con DRM de Adobe.<\/p>\n<\/div><\/div>\n\n\n\n<hr class=\"wp-block-separator has-alpha-channel-opacity is-style-wide\"\/>\n\n\n\n<h3 class=\"wp-block-heading\">Entra y lee:<\/h3>\n\n\n\n<figure><iframe loading=\"lazy\" src=\"https:\/\/www.google.com\/maps\/embed?pb=!4v1615849683673!6m8!1m7!1sCAoSLEFGMVFpcE9iSnpDX3pEMExjX2RJbUtpR1Q3eDVnVUoybXd3YzBRVkg5MUhn!2m2!1d40.4831772!2d-3.7115924!3f9.542064796018337!4f-7.307051778316534!5f0.7820865974627469\" allowfullscreen=\"\" width=\"100%\" height=\"300\"><\/iframe><\/figure>\n","protected":false},"excerpt":{"rendered":"<p>Biblioteca Horario MA\u00d1ANAS:La biblioteca del centro est\u00e1 abierta y disponible todas las ma\u00f1anas para que los profesores realicen actividades durante sus clases con los alumnos y alumnas del centro.Para los &#8230;<\/p>\n","protected":false},"author":4,"featured_media":0,"parent":742,"menu_order":30,"comment_status":"closed","ping_status":"closed","template":"","meta":{"footnotes":""},"folder":[],"class_list":["post-61","page","type-page","status-publish","hentry"],"rttpg_featured_image_url":null,"rttpg_author":{"display_name":"Enrique Garc\u00eda de Bustos Sierra","author_link":"https:\/\/site.educa.madrid.org\/ies.cardenalherrera.madrid\/index.php\/author\/enrique_garca-de-bustos-sierra\/"},"rttpg_comment":0,"rttpg_category":false,"rttpg_excerpt":"Biblioteca Horario MA\u00d1ANAS:La biblioteca del centro est\u00e1 abierta y disponible todas las ma\u00f1anas para que los profesores realicen actividades durante sus clases con los alumnos y alumnas del centro.Para los ...","post_mailing_queue_ids":[],"_links":{"self":[{"href":"https:\/\/site.educa.madrid.org\/ies.cardenalherrera.madrid\/index.php\/wp-json\/wp\/v2\/pages\/61","targetHints":{"allow":["GET"]}}],"collection":[{"href":"https:\/\/site.educa.madrid.org\/ies.cardenalherrera.madrid\/index.php\/wp-json\/wp\/v2\/pages"}],"about":[{"href":"https:\/\/site.educa.madrid.org\/ies.cardenalherrera.madrid\/index.php\/wp-json\/wp\/v2\/types\/page"}],"author":[{"embeddable":true,"href":"https:\/\/site.educa.madrid.org\/ies.cardenalherrera.madrid\/index.php\/wp-json\/wp\/v2\/users\/4"}],"replies":[{"embeddable":true,"href":"https:\/\/site.educa.madrid.org\/ies.cardenalherrera.madrid\/index.php\/wp-json\/wp\/v2\/comments?post=61"}],"version-history":[{"count":18,"href":"https:\/\/site.educa.madrid.org\/ies.cardenalherrera.madrid\/index.php\/wp-json\/wp\/v2\/pages\/61\/revisions"}],"predecessor-version":[{"id":18594,"href":"https:\/\/site.educa.madrid.org\/ies.cardenalherrera.madrid\/index.php\/wp-json\/wp\/v2\/pages\/61\/revisions\/18594"}],"up":[{"embeddable":true,"href":"https:\/\/site.educa.madrid.org\/ies.cardenalherrera.madrid\/index.php\/wp-json\/wp\/v2\/pages\/742"}],"wp:attachment":[{"href":"https:\/\/site.educa.madrid.org\/ies.cardenalherrera.madrid\/index.php\/wp-json\/wp\/v2\/media?parent=61"}],"wp:term":[{"taxonomy":"folder","embeddable":true,"href":"https:\/\/site.educa.madrid.org\/ies.cardenalherrera.madrid\/index.php\/wp-json\/wp\/v2\/folder?post=61"}],"curies":[{"name":"wp","href":"https:\/\/api.w.org\/{rel}","templated":true}]}}