{"id":702,"date":"2020-11-23T10:01:30","date_gmt":"2020-11-23T10:01:30","guid":{"rendered":"https:\/\/site.educa.madrid.org\/ies.cardenalherrera.madrid\/?page_id=702"},"modified":"2025-10-01T10:16:39","modified_gmt":"2025-10-01T08:16:39","slug":"bilinguismo","status":"publish","type":"page","link":"https:\/\/site.educa.madrid.org\/ies.cardenalherrera.madrid\/index.php\/planes-y-proyectos\/bilinguismo\/","title":{"rendered":"Biling\u00fcismo"},"content":{"rendered":"\t\t\t<!-- Flexy Breadcrumb -->\n\t\t\t<div class=\"fbc fbc-page\">\n\n\t\t\t\t<!-- Breadcrumb wrapper -->\n\t\t\t\t<div class=\"fbc-wrap\">\n\n\t\t\t\t\t<!-- Ordered list-->\n\t\t\t\t\t<ol class=\"fbc-items\" itemscope itemtype=\"https:\/\/schema.org\/BreadcrumbList\">\n\t\t\t\t\t\t            <li itemprop=\"itemListElement\" itemscope itemtype=\"https:\/\/schema.org\/ListItem\">\n                <span itemprop=\"name\">\n                    <!-- Home Link -->\n                    <a itemprop=\"item\" href=\"https:\/\/site.educa.madrid.org\/ies.cardenalherrera.madrid\">\n                    \n                                                    <i class=\"fa fa-home\" aria-hidden=\"true\"><\/i>Inicio                    <\/a>\n                <\/span>\n                <meta itemprop=\"position\" content=\"1\" \/><!-- Meta Position-->\n             <\/li><li><span class=\"fbc-separator\">\/<\/span><\/li><li class=\"active\" itemprop=\"itemListElement\" itemscope itemtype=\"https:\/\/schema.org\/ListItem\"><span itemprop=\"name\" title=\"Entradas\">Entradas<\/span><meta itemprop=\"position\" content=\"2\" \/><\/li>\t\t\t\t\t<\/ol>\n\t\t\t\t\t<div class=\"clearfix\"><\/div>\n\t\t\t\t<\/div>\n\t\t\t<\/div>\n\t\t\t\n\n\n\n<h1 class=\"wp-block-heading\">Biling\u00fcismo<\/h1>\n\n\n\n<ul class=\"wp-block-list has-black-color has-text-color\">\n<li><a href=\"https:\/\/site.educa.madrid.org\/ies.cardenalherrera.madrid\/index.php\/guia-rapida-del-programa-de-bilingue\/\"><mark style=\"background-color:rgba(0, 0, 0, 0)\" class=\"has-inline-color has-vivid-cyan-blue-color\">Gu\u00eda r\u00e1pida del programa biling\u00fce (FAQ).<\/mark><\/a><\/li>\n\n\n\n<li><a href=\"https:\/\/site.educa.madrid.org\/ies.cardenalherrera.madrid\/index.php\/planes-y-proyectos\/bilinguismo\/pruebas-externas-ingles\/\"><mark style=\"background-color:rgba(0, 0, 0, 0)\" class=\"has-inline-color has-vivid-cyan-blue-color\">Informaci\u00f3n sobre las pruebas externas de ingl\u00e9s Curso 24-25.<\/mark><\/a><\/li>\n\n\n\n<li><a href=\"https:\/\/site.educa.madrid.org\/ies.cardenalherrera.madrid\/index.php\/ensenanzas\/resultados-pruebas-externas\/\"><mark style=\"background-color:rgba(0, 0, 0, 0)\" class=\"has-inline-color has-vivid-cyan-blue-color\">Resultados de las pruebas externas de ingl\u00e9s de cursos anteriores.<\/mark><\/a><\/li>\n<\/ul>\n\n\n\n<p class=\"has-black-color has-text-color\">El I.E.S. Cardenal Herrera Oria imparte desde el curso 2017-2018 el programa Biling\u00fce espa\u00f1ol-ingl\u00e9s de la Comunidad de Madrid en sus dos v\u00edas: Secci\u00f3n Biling\u00fce y Programa Biling\u00fce. En el curso 2021-22, con la incorporaci\u00f3n de 1.\u00ba de bachillerato al programa, se extendi\u00f3 a la etapa no obligatoria en nuestro centro.<\/p>\n\n\n\n<p class=\"has-black-color has-text-color\">El equipo biling\u00fce est\u00e1 formado por profesorado de los departamentos de Biolog\u00eda, Dibujo, F\u00edsica y Qu\u00edmica, Geograf\u00eda e Historia, M\u00fasica, Tecnolog\u00eda, Educaci\u00f3n F\u00edsica e Ingl\u00e9s; los auxiliares de conversaci\u00f3n en lengua inglesa y el Coordinador del Programa Biling\u00fce.<\/p>\n\n\n\n<div style=\"text-align:center\"><iframe loading=\"lazy\" src=\"https:\/\/mediateca.educa.madrid.org\/video\/wylppuuxj3ty9qdi\/fs\" scrolling=\"no\" style=\"border:0;overflow:hidden;\" allowfullscreen=\"\" width=\"420\" height=\"236\" frameborder=\"0\"><\/iframe><\/div>\n\n\n\n<hr class=\"wp-block-separator has-css-opacity\"\/>\n\n\n\n<ol start=\"0\" class=\"wp-block-list has-black-color has-text-color\">\n<li><strong>LEGISLACI\u00d3N<\/strong><\/li>\n<\/ol>\n\n\n\n<p class=\"has-black-color has-text-color\"><a href=\"https:\/\/www.bocm.es\/boletin\/CM_Orden_BOCM\/2017\/04\/27\/BOCM-20170427-11.PDF\" target=\"_blank\" rel=\"noreferrer noopener\"><mark style=\"background-color:rgba(0, 0, 0, 0)\" class=\"has-inline-color has-vivid-cyan-blue-color\"><strong>Orden 972\/2017<\/strong><\/mark><\/a>, de 7 de abril, de la Consejer\u00eda de Educaci\u00f3n, Juventud y Deporte, por la que se regulan los institutos biling\u00fces espa\u00f1ol-ingl\u00e9s de la Comunidad de Madrid. BOCM jueves 27 de abril de 2017.<\/p>\n\n\n\n<p class=\"has-black-color has-text-color has-link-color wp-elements-9fc7b67bc111c1a91e02d253e9130ab3\"><a href=\"https:\/\/www.comunidad.madrid\/transparencia\/sites\/default\/files\/9._decreto_bocm.pdf\" target=\"_blank\" rel=\"noreferrer noopener\"><mark style=\"background-color:rgba(0, 0, 0, 0)\" class=\"has-inline-color has-vivid-cyan-blue-color\"><strong>DECRETO 59\/2024<\/strong><\/mark><\/a>, de 12 de junio, del Consejo de Gobierno, por el que se modifica el Decreto 61\/2022, de 13 de julio, del Consejo de Gobierno, por el que se establece para la Comunidad de Madrid la ordenaci\u00f3n y el curr\u00edculo de la etapa de Educaci\u00f3n Primaria, el Decreto 65\/2022, de 20 de julio, del Consejo de Gobierno, por el que se establecen para la Comunidad de Madrid la ordenaci\u00f3n y el curr\u00edculo de la Educaci\u00f3n Secundaria Obligatoria, y el Decreto 64\/2022, de 20 de julio, del Consejo de Gobierno, por el que se establecen para la Comunidad de Madrid la ordenaci\u00f3n y el curr\u00edculo del Bachillerato.<\/p>\n\n\n\n<ol class=\"wp-block-list has-black-color has-text-color\">\n<li><strong>PROGRAMA BILING\u00dcE ESPA\u00d1OL-INGL\u00c9S<\/strong><\/li>\n<\/ol>\n\n\n\n<p class=\"has-black-color has-text-color\">En el Programa Biling\u00fce el alumnado cursa una hora diaria de la materia de Ingl\u00e9s los cinco d\u00edas de la semana, adem\u00e1s de recibir ense\u00f1anza de otras materias en ingl\u00e9s.<\/p>\n\n\n\n<p class=\"has-black-color has-text-color\">En <strong>ESO<\/strong>, las ense\u00f1anzas se estructuran en dos modalidades o v\u00edas: V\u00eda Secci\u00f3n Biling\u00fce y V\u00eda Programa Biling\u00fce:<\/p>\n\n\n\n<figure class=\"wp-block-table is-style-regular\"><table class=\"has-black-color has-text-color has-fixed-layout\"><tbody><tr><td class=\"has-text-align-left\" data-align=\"left\"><strong>V\u00cdA SECCI\u00d3N BILING\u00dcE<\/strong><\/td><td><strong>V\u00cdA PROGRAMA BILING\u00dcE<\/strong><\/td><\/tr><tr><td class=\"has-text-align-left\" data-align=\"left\">&#8211; Se cursa la asignatura \u201cIngl\u00e9s Avanzado\u201d como Primera Lengua Extranjera.<br>&#8211; Al menos un tercio del horario lectivo semanal se imparte en ingl\u00e9s (con la excepci\u00f3n de Matem\u00e1ticas y Lengua Castellana y Literatura).<\/td><td>&#8211; Se cursa la asignatura Primera Lengua Extranjera: Ingl\u00e9s.<br>&#8211; Se imparte, al menos, otra materia en ingl\u00e9s.<\/td><\/tr><\/tbody><\/table><\/figure>\n\n\n\n<p class=\"has-black-color has-text-color\">En <strong>bachillerato<\/strong>, se puede cursar Ingl\u00e9s Avanzado (equivalente a Secci\u00f3n) o Primera Lengua Extranjera (equivalente a Programa). Ambas asignaturas se imparten cinco d\u00edas a la semana.<\/p>\n\n\n\n<ol start=\"2\" class=\"wp-block-list has-black-color has-text-color\">\n<li><strong>ACCESO AL PROGRAMA BILING\u00dcE ESPA\u00d1OL-INGL\u00c9S<\/strong><\/li>\n<\/ol>\n\n\n\n<div class=\"wp-block-columns is-layout-flex wp-container-core-columns-is-layout-9d6595d7 wp-block-columns-is-layout-flex\">\n<div class=\"wp-block-column is-layout-flow wp-block-column-is-layout-flow\" style=\"flex-basis:100%\">\n<div class=\"wp-block-group\"><div class=\"wp-block-group__inner-container is-layout-constrained wp-block-group-is-layout-constrained\">\n<figure class=\"wp-block-table is-style-regular\"><table class=\"has-black-color has-text-color has-fixed-layout\"><tbody><tr><td><strong>V\u00cdA SECCI\u00d3N BILING\u00dcE<\/strong><\/td><td><strong>V\u00cdA PROGRAMA BILING\u00dcE<\/strong><\/td><\/tr><tr><td><strong>Acceso desde centros biling\u00fces<\/strong><\/td><td>Los alumnos admitidos en un instituto biling\u00fce cursar\u00e1n sus estudios, con car\u00e1cter general, en la v\u00eda Programa.<\/td><\/tr><tr><td>De acuerdo con el expediente acad\u00e9mico, el informe de final de etapa y el resultado de la prueba de evaluaci\u00f3n externa de ingl\u00e9s de sexto curso de primaria o certificado emitido por una instituci\u00f3n de reconocido prestigio que acredite un nivel <strong>A2 (KET)<\/strong> o <strong>B1 (PET) <\/strong>del MCER.<\/td><\/tr><tr><td><strong>Acceso desde centros no biling\u00fces<\/strong><\/td><\/tr><tr><td>&#8211; <strong>1.\u00ba y 2.\u00ba ESO: <\/strong>Deber\u00e1n acreditar un nivel de competencia ling\u00fc\u00edstica comunicativa en lengua inglesa en las cuatro destrezas mediante certificado emitido por una instituci\u00f3n de reconocido prestigio, equivalente a un nivel <strong>B1<\/strong> del MCER <strong>(PET)<\/strong> <strong>antes de realizar la matr\u00edcula<\/strong>.<br>&#8211; <strong>3.\u00ba y 4.\u00ba ESO:<\/strong> Deber\u00e1n acreditar un nivel de competencia ling\u00fc\u00edstica comunicativa en lengua inglesa en las cuatro destrezas mediante certificado emitido por una instituci\u00f3n de reconocido prestigio, equivalente a un nivel <strong>B2<\/strong> del MCER <strong>(FIRST)<\/strong> <strong>antes de realizar la matr\u00edcula<\/strong>.<\/td><\/tr><tr><td>Si no se est\u00e1 en posesi\u00f3n del certificado correspondiente, deben hacer una prueba de nivel<sup>(*)<\/sup> en el centro que acredite el nivel de competencia ling\u00fc\u00edstica. <strong>ESTA PRUEBA NO ES UNA CERTIFICACI\u00d3N OFICIAL<\/strong>.<br><br><sup>(*)<\/sup> <em>Prueba de nivel<\/em>: <em>\u00faltima semana de junio o primera semana de julio.<\/em><\/td><\/tr><\/tbody><\/table><\/figure>\n<\/div><\/div>\n<\/div>\n<\/div>\n\n\n\n<p class=\"has-black-color has-text-color\"><strong>IMPORTANTE<\/strong>: en cualquiera de las situaciones de la <strong>V\u00cdA SECCI\u00d3N BILING\u00dcE<\/strong>, los alumnos deben hacer la solicitud ante la direcci\u00f3n del centro y presentar la certificaci\u00f3n correspondiente o solicitar y superar la prueba de nivel <strong>con anterioridad a la formalizaci\u00f3n de la matr\u00edcula<\/strong>.<\/p>\n\n\n\n<ol start=\"3\" class=\"wp-block-list has-black-color has-text-color\">\n<li><strong>ASIGNATURAS QUE SE IMPARTEN EN INGL\u00c9S EN EL I.E.S. CARDENAL HERRERA ORIA<\/strong><\/li>\n<\/ol>\n\n\n\n<figure class=\"wp-block-table\"><table class=\"has-black-color has-text-color\"><tbody><tr><td><\/td><td><strong>V\u00cdA SECCI\u00d3N BILING\u00dcE<\/strong><\/td><td><strong>V\u00cdA PROGRAMA BILING\u00dcE<\/strong><\/td><\/tr><tr><td><strong>1.\u00ba ESO<\/strong><\/td><td>Ingl\u00e9s Avanzado (5 h)<br>Biolog\u00eda y Geolog\u00eda (3 h)<br>Geograf\u00eda e Historia (3 h)<br>Educaci\u00f3n Pl\u00e1stica, Visual y Audiovisual (2 h)<br>Tutor\u00eda (1 h)<\/td><td>Lengua Extranjera: Ingl\u00e9s (5 h)<br>Educaci\u00f3n Pl\u00e1stica, Visual y Audiovisual (2 h)<\/td><\/tr><tr><td><strong>2.\u00ba ESO<\/strong><\/td><td>Ingl\u00e9s Avanzado (5 h)<br>F\u00edsica y Qu\u00edmica (3 h)<br>Geograf\u00eda e Historia (3 h)<br>Tecnolog\u00eda y Digitalizaci\u00f3n (3 h)<br>Educaci\u00f3n F\u00edsica (3 h)<br>Tutor\u00eda (1 h)<\/td><td>Primera Lengua Extranjera: Ingl\u00e9s (5 h)<br>Tecnolog\u00eda y Digitalizaci\u00f3n (3 h)<br>Educaci\u00f3n F\u00edsica (3 h)<\/td><\/tr><tr><td><strong>3.\u00ba ESO<\/strong><\/td><td>Ingl\u00e9s Avanzado (5 h)<br>Biolog\u00eda y Geolog\u00eda (2 h)<br>F\u00edsica y Qu\u00edmica (3 h)<br>Geograf\u00eda e Historia (3 h)<br>Educaci\u00f3n F\u00edsica (3 h)<br>Tutor\u00eda (1 h)<\/td><td>Lengua Extranjera: Ingl\u00e9s (5 h)<br>Educaci\u00f3n F\u00edsica (3 h)<\/td><\/tr><tr><td><strong>4.\u00ba ESO<\/strong><\/td><td>Ingl\u00e9s Avanzado (5 h)<br>Geograf\u00eda e Historia (3 h)<br>Educaci\u00f3n F\u00edsica (2 h)<br>Tutor\u00eda (1 h)<\/td><td>Primera Lengua Extranjera: Ingl\u00e9s (5 h)<br>Educaci\u00f3n F\u00edsica (2 h)<\/td><\/tr><\/tbody><\/table><\/figure>\n\n\n\n<figure class=\"wp-block-table\"><table class=\"has-black-color has-text-color\"><tbody><tr><td><\/td><td><strong>BACHILLERATO BILING\u00dcE<\/strong><\/td><td><strong>BACHILLERATO NO BILING\u00dcE<\/strong><\/td><\/tr><tr><td><strong>1.\u00ba BACH<\/strong><\/td><td>Ingl\u00e9s Avanzado (5 h)<\/td><td>Primera Lengua Extranjera I: Ingl\u00e9s (5 h)<\/td><\/tr><tr><td><strong>2.\u00ba BACH<\/strong><\/td><td>Ingl\u00e9s Avanzado (5 h)<\/td><td>Primera Lengua Extranjera II: Ingl\u00e9s (5 h)<\/td><\/tr><\/tbody><\/table><\/figure>\n\n\n\n<ol start=\"4\" class=\"wp-block-list has-black-color has-text-color\">\n<li><strong>PRUEBAS EXTERNAS<\/strong><\/li>\n<\/ol>\n\n\n\n<p class=\"has-black-color has-text-color\">Al final de 4.\u00ba ESO, los estudiantes, tanto de la v\u00eda Secci\u00f3n como de la v\u00eda Programa, realizan una prueba de evaluaci\u00f3n externa de nivel ling\u00fc\u00edstico organizada por la Subdirecci\u00f3n General de Biling\u00fcismo y la entidad examinadora elegida por ella.<\/p>\n\n\n\n<figure class=\"wp-block-table\"><table class=\"has-black-color has-text-color has-fixed-layout\"><tbody><tr><td><strong>V\u00cdA SECCI\u00d3N BILING\u00dcE<\/strong><\/td><td><strong>V\u00cdA PROGRAMA BILING\u00dcE<\/strong><\/td><\/tr><tr><td>&#8211; Prueba de nivel <strong>B2<\/strong> para los que ya acrediten nivel B1.<br>&#8211; Prueba de nivel <strong>C1<\/strong> para los que ya acrediten B2. (<strong>Es necesaria la autorizaci\u00f3n previa de<\/strong><br><strong>la Subdirecci\u00f3n General de Biling\u00fcismo<\/strong>).<\/td><td>&#8211; Prueba de nivel <strong>B1<\/strong> para los que ya acrediten A2.<br>&#8211; Prueba de nivel <strong>B2 <\/strong>para los que ya acrediten B1.<\/td><\/tr><\/tbody><\/table><\/figure>\n\n\n\n<ol start=\"5\" class=\"wp-block-list has-black-color has-text-color\">\n<li><strong>ACTIVIDADES<\/strong><\/li>\n<\/ol>\n\n\n\n<p class=\"has-black-color has-text-color\">El I.E.S. Cardenal Herrera Oria participa en diversas actividades y concursos institucionales:<\/p>\n\n\n\n<ul class=\"wp-block-list has-black-color has-text-color\">\n<li>Concurso de Cortometrajes en Lengua Extranjera.<\/li>\n\n\n\n<li>Torneo de Debate.<\/li>\n\n\n\n<li>Juvenes Translatores.<\/li>\n<\/ul>\n\n\n\n<p class=\"has-black-color has-text-color\">Proyectos internos del centro:<\/p>\n\n\n\n<ul class=\"wp-block-list has-black-color has-text-color\">\n<li>Proyecto de centro de mejora de la comprensi\u00f3n y la expresi\u00f3n escritas.<\/li>\n\n\n\n<li>El Impertinente. Revista del centro en la que alumnos y profesores contribuyen al car\u00e1cter biling\u00fce de esta publicaci\u00f3n.<\/li>\n<\/ul>\n\n\n\n<p class=\"has-black-color has-text-color\">Adem\u00e1s, dentro del plan de actividades extraescolares y complementarias, el programa biling\u00fce ofrece:<\/p>\n\n\n\n<ul class=\"wp-block-list has-black-color has-text-color\">\n<li>Summernatura: inmersi\u00f3n ling\u00fc\u00edstica (1.\u00ba ESO).<\/li>\n\n\n\n<li>InterWay: inmersi\u00f3n ling\u00fc\u00edstica al aire libre (2.\u00ba ESO).<\/li>\n\n\n\n<li>Intercambio escolar con Holanda (3.\u00ba ESO).<\/li>\n\n\n\n<li>Science Week.<\/li>\n<\/ul>\n\n\n\n<p class=\"has-black-color has-text-color\">As\u00ed mismo, junto con el resto de departamentos del centro, participa activamente en actividades tem\u00e1ticas relacionadas con la celebraci\u00f3n y conmemoraci\u00f3n de diversas tradiciones, efem\u00e9rides, entre otras:<\/p>\n\n\n\n<ul class=\"wp-block-list has-black-color has-text-color\">\n<li>Halloween.<\/li>\n\n\n\n<li>Thanksgiving Day.<\/li>\n\n\n\n<li>Christmas.<\/li>\n\n\n\n<li>March 8<sup>th<\/sup>: International Women\u2019s Day.<\/li>\n\n\n\n<li>World Book Day.<\/li>\n<\/ul>\n\n\n\n<hr class=\"wp-block-separator has-alpha-channel-opacity\"\/>\n\n\n\n<p class=\"has-black-color has-text-color\"><strong>ENLACES DE INTER\u00c9S<\/strong><\/p>\n\n\n\n<p class=\"has-black-color has-text-color\">Cambridge English new exam names: <a href=\"https:\/\/www.cambridgeenglish.org\/exams-and-tests\/qualifications\/new-exam-names\/\" target=\"_blank\" rel=\"noreferrer noopener\"><mark style=\"background-color:rgba(0, 0, 0, 0)\" class=\"has-inline-color has-vivid-cyan-blue-color\">https:\/\/www.cambridgeenglish.org\/exams-and-tests\/qualifications\/new-exam-names\/<\/mark><\/a><\/p>\n\n\n\n<p class=\"has-black-color has-text-color\">Tabla de equivalencias de ex\u00e1menes Cambridge y MCER: <a href=\"https:\/\/www.cambridgeenglish.org\/es\/Images\/126130-cefr-diagram.pdf\" target=\"_blank\" rel=\"noreferrer noopener\"><mark style=\"background-color:rgba(0, 0, 0, 0)\" class=\"has-inline-color has-vivid-cyan-blue-color\">https:\/\/www.cambridgeenglish.org\/es\/Images\/126130-cefr-diagram.pdf<\/mark><\/a><\/p>\n\n\n\n<p class=\"has-black-color has-text-color\">Cambridge B1 Preliminary (antes llamado PET): <a href=\"https:\/\/www.cambridgeenglish.org\/exams-and-tests\/preliminary-for-schools\/\" target=\"_blank\" rel=\"noreferrer noopener\"><mark style=\"background-color:rgba(0, 0, 0, 0)\" class=\"has-inline-color has-vivid-cyan-blue-color\">https:\/\/www.cambridgeenglish.org\/exams-and-tests\/preliminary-for-schools\/<\/mark><\/a><\/p>\n\n\n\n<p class=\"has-black-color has-text-color\">Cambridge B2 First for Schools (antes llamado First): <a href=\"https:\/\/www.cambridgeenglish.org\/exams-and-tests\/first-for-schools\/\" target=\"_blank\" rel=\"noreferrer noopener\"><mark style=\"background-color:rgba(0, 0, 0, 0)\" class=\"has-inline-color has-vivid-cyan-blue-color\">https:\/\/www.cambridgeenglish.org\/exams-and-tests\/first-for-schools\/<\/mark><\/a><\/p>\n\n\n\n<p class=\"has-black-color has-text-color\">Cambridge C1 Advanced (antes llamado Cambridge English: Advanced (CAE)): <a href=\"https:\/\/www.cambridgeenglish.org\/exams-and-tests\/advanced\/\" target=\"_blank\" rel=\"noreferrer noopener\"><mark style=\"background-color:rgba(0, 0, 0, 0)\" class=\"has-inline-color has-vivid-cyan-blue-color\">https:\/\/www.cambridgeenglish.org\/exams-and-tests\/advanced\/<\/mark><\/a><\/p>\n\n\n\n<p class=\"has-black-color has-text-color\">Comunidad biling\u00fce: <a href=\"https:\/\/www.educa2.madrid.org\/web\/bilinguismoycalidad\/comunidadbilingue\" target=\"_blank\" rel=\"noreferrer noopener\"><mark style=\"background-color:rgba(0, 0, 0, 0)\" class=\"has-inline-color has-vivid-cyan-blue-color\">https:\/\/comunidadbilingue.educa2.madrid.org<\/mark><\/a><\/p>\n","protected":false},"excerpt":{"rendered":"<p>Biling\u00fcismo El I.E.S. Cardenal Herrera Oria imparte desde el curso 2017-2018 el programa Biling\u00fce espa\u00f1ol-ingl\u00e9s de la Comunidad de Madrid en sus dos v\u00edas: Secci\u00f3n Biling\u00fce y Programa Biling\u00fce. En &#8230;<\/p>\n","protected":false},"author":2,"featured_media":0,"parent":691,"menu_order":30,"comment_status":"closed","ping_status":"closed","template":"","meta":{"footnotes":""},"folder":[],"class_list":["post-702","page","type-page","status-publish","hentry"],"rttpg_featured_image_url":null,"rttpg_author":{"display_name":"TIC I.E.S. Cardenal Herrera Oria","author_link":"https:\/\/site.educa.madrid.org\/ies.cardenalherrera.madrid\/index.php\/author\/cuenta_tic-ies-cardenalherrera-madrid\/"},"rttpg_comment":0,"rttpg_category":false,"rttpg_excerpt":"Biling\u00fcismo El I.E.S. Cardenal Herrera Oria imparte desde el curso 2017-2018 el programa Biling\u00fce espa\u00f1ol-ingl\u00e9s de la Comunidad de Madrid en sus dos v\u00edas: Secci\u00f3n Biling\u00fce y Programa Biling\u00fce. En ...","post_mailing_queue_ids":[],"_links":{"self":[{"href":"https:\/\/site.educa.madrid.org\/ies.cardenalherrera.madrid\/index.php\/wp-json\/wp\/v2\/pages\/702","targetHints":{"allow":["GET"]}}],"collection":[{"href":"https:\/\/site.educa.madrid.org\/ies.cardenalherrera.madrid\/index.php\/wp-json\/wp\/v2\/pages"}],"about":[{"href":"https:\/\/site.educa.madrid.org\/ies.cardenalherrera.madrid\/index.php\/wp-json\/wp\/v2\/types\/page"}],"author":[{"embeddable":true,"href":"https:\/\/site.educa.madrid.org\/ies.cardenalherrera.madrid\/index.php\/wp-json\/wp\/v2\/users\/2"}],"replies":[{"embeddable":true,"href":"https:\/\/site.educa.madrid.org\/ies.cardenalherrera.madrid\/index.php\/wp-json\/wp\/v2\/comments?post=702"}],"version-history":[{"count":48,"href":"https:\/\/site.educa.madrid.org\/ies.cardenalherrera.madrid\/index.php\/wp-json\/wp\/v2\/pages\/702\/revisions"}],"predecessor-version":[{"id":17871,"href":"https:\/\/site.educa.madrid.org\/ies.cardenalherrera.madrid\/index.php\/wp-json\/wp\/v2\/pages\/702\/revisions\/17871"}],"up":[{"embeddable":true,"href":"https:\/\/site.educa.madrid.org\/ies.cardenalherrera.madrid\/index.php\/wp-json\/wp\/v2\/pages\/691"}],"wp:attachment":[{"href":"https:\/\/site.educa.madrid.org\/ies.cardenalherrera.madrid\/index.php\/wp-json\/wp\/v2\/media?parent=702"}],"wp:term":[{"taxonomy":"folder","embeddable":true,"href":"https:\/\/site.educa.madrid.org\/ies.cardenalherrera.madrid\/index.php\/wp-json\/wp\/v2\/folder?post=702"}],"curies":[{"name":"wp","href":"https:\/\/api.w.org\/{rel}","templated":true}]}}