{"id":9893,"date":"2020-12-21T09:41:45","date_gmt":"2020-12-21T09:41:45","guid":{"rendered":"https:\/\/site.educa.madrid.org\/ies.cardenalherrera.madrid\/?page_id=9893"},"modified":"2024-02-13T08:48:23","modified_gmt":"2024-02-13T07:48:23","slug":"protagonistas-del-manana","status":"publish","type":"page","link":"https:\/\/site.educa.madrid.org\/ies.cardenalherrera.madrid\/index.php\/planes-y-proyectos\/protagonistas-del-manana\/","title":{"rendered":"Protagonistas del ma\u00f1ana"},"content":{"rendered":"\t\t\t<!-- Flexy Breadcrumb -->\n\t\t\t<div class=\"fbc fbc-page\">\n\n\t\t\t\t<!-- Breadcrumb wrapper -->\n\t\t\t\t<div class=\"fbc-wrap\">\n\n\t\t\t\t\t<!-- Ordered list-->\n\t\t\t\t\t<ol class=\"fbc-items\" itemscope itemtype=\"https:\/\/schema.org\/BreadcrumbList\">\n\t\t\t\t\t\t            <li itemprop=\"itemListElement\" itemscope itemtype=\"https:\/\/schema.org\/ListItem\">\n                <span itemprop=\"name\">\n                    <!-- Home Link -->\n                    <a itemprop=\"item\" href=\"https:\/\/site.educa.madrid.org\/ies.cardenalherrera.madrid\">\n                    \n                                                    <i class=\"fa fa-home\" aria-hidden=\"true\"><\/i>Inicio                    <\/a>\n                <\/span>\n                <meta itemprop=\"position\" content=\"1\" \/><!-- Meta Position-->\n             <\/li><li><span class=\"fbc-separator\">\/<\/span><\/li><li class=\"active\" itemprop=\"itemListElement\" itemscope itemtype=\"https:\/\/schema.org\/ListItem\"><span itemprop=\"name\" title=\"Entradas\">Entradas<\/span><meta itemprop=\"position\" content=\"2\" \/><\/li>\t\t\t\t\t<\/ol>\n\t\t\t\t\t<div class=\"clearfix\"><\/div>\n\t\t\t\t<\/div>\n\t\t\t<\/div>\n\t\t\t\n\n\n\n<h1 class=\"wp-block-heading\">Protagonistas del ma\u00f1ana<\/h1>\n\n\n\n<p>En nuestro centro somos plenamente conscientes de la necesidad de valorar no solo las capacidades intelectuales y el rendimiento acad\u00e9mico de nuestros alumnos, sino tambi\u00e9n de apreciar esas otras aptitudes e iniciativas personales, esas otras que estiman valores m\u00e1s humanos y filantr\u00f3picos y por las que nuestros adolescentes desprenden luz cuando las situaciones cotidianas parecen oscuras. Pero resulta f\u00e1cil hallar entre los nuestros esos esfuerzos desinteresados de quienes se plantean proyectos futuros, de quienes tienen una visi\u00f3n de la vida m\u00e1s profunda y de quienes trascienden la inmediatez del d\u00eda a d\u00eda.<\/p>\n\n\n\n<p>Todos estos motivos nos han animado a participar en un proyecto innovador convocado por la Comunidad de Madrid y dirigido a j\u00f3venes de Bachillerato que reflejan su particular visi\u00f3n de la vida describiendo c\u00f3mo es su entorno cercano y presentando sus perspectivas y proyectos de futuro. As\u00ed, desde la materia de Filosof\u00eda se incita a todos los alumnos de primero de bachillerato a tener el arrojo de escribir sobre su ideal de vida dando rienda suelta a su imaginaci\u00f3n. Sirva este proyecto de escritura creativa para mostrar nuestro agradecimiento m\u00e1s sincero a los alumnos del Herrera Oria, as\u00ed como nuestro \u00e1nimo para que sigan luchando contra la indiferencia y tambi\u00e9n contra los c\u00f3mplices de las injusticias.<\/p>\n\n\n\n<p>Enlace a la p\u00e1gina de la convocatoria:<br><a href=\"http:\/\/innovacion.educa.madrid.org\/rotary\/\" target=\"_blank\" rel=\"noreferrer noopener\">http:\/\/innovacion.educa.madrid.org\/rotary\/<\/a><\/p>\n\n\n\n<hr class=\"wp-block-separator has-css-opacity\"\/>\n\n\n\n<h3 class=\"wp-block-heading has-text-align-center\">Entradas del blog:<\/h3>\n\n\n<style type='text\/css' media='all'>#rt-tpg-container-2299041835 .rt-holder .rt-woo-info .price{color:#1e73be;}body .rt-tpg-container .rt-tpg-isotope-buttons .selected,\n\t\t\t\t\t#rt-tpg-container-2299041835 .layout12 .rt-holder:hover .rt-detail,\n\t\t\t\t\t#rt-tpg-container-2299041835 .isotope8 .rt-holder:hover .rt-detail,\n\t\t\t\t\t#rt-tpg-container-2299041835 .carousel8 .rt-holder:hover .rt-detail,\n\t\t\t\t\t#rt-tpg-container-2299041835 .layout13 .rt-holder .overlay .post-info,\n\t\t\t\t\t#rt-tpg-container-2299041835 .isotope9 .rt-holder .overlay .post-info,\n\t\t\t\t\t#rt-tpg-container-2299041835.rt-tpg-container .layout4 .rt-holder .rt-detail,\n\t\t\t\t\t.rt-modal-2299041835 .md-content,\n\t\t\t\t\t.rt-modal-2299041835 .md-content > .rt-md-content-holder .rt-md-content,\n\t\t\t\t\t.rt-popup-wrap-2299041835.rt-popup-wrap .rt-popup-navigation-wrap,\n\t\t\t\t\t#rt-tpg-container-2299041835 .carousel9 .rt-holder .overlay .post-info{background-color:#1e73be;}#rt-tpg-container-2299041835 .layout5 .rt-holder .overlay, #rt-tpg-container-2299041835 .isotope2 .rt-holder .overlay, #rt-tpg-container-2299041835 .carousel2 .rt-holder .overlay,#rt-tpg-container-2299041835 .layout15 .rt-holder h3, #rt-tpg-container-2299041835 .isotope11 .rt-holder h3, #rt-tpg-container-2299041835 .carousel11 .rt-holder h3, #rt-tpg-container-2299041835 .layout16 .rt-holder h3,\n\t\t\t\t\t#rt-tpg-container-2299041835 .isotope12 .rt-holder h3, #rt-tpg-container-2299041835 .carousel12 .rt-holder h3 {background-color:rgba(30,115,190,0.8);}#rt-tpg-container-2299041835 .pagination-list li a,\n\t\t\t\t\trt-tpg-container-2299041835 .pagination-list li span,\n\t\t\t\t\trt-tpg-container-2299041835 .pagination li a,\n\t\t\t\t\t#rt-tpg-container-2299041835 .rt-tpg-isotope-buttons button,\n\t\t\t\t\t#rt-tpg-container-2299041835 .rt-tpg-utility .rt-tpg-load-more button,\n\t\t\t\t\t#rt-tpg-container-2299041835.rt-tpg-container .swiper-navigation .slider-btn,\n\t\t\t\t\t#rt-tpg-container-2299041835.rt-tpg-container .swiper-pagination-bullet,\n\t\t\t\t\t#rt-tpg-container-2299041835 .wc1 .rt-holder .rt-img-holder .overlay .product-more ul li a,\n\t\t\t\t\t#rt-tpg-container-2299041835 .wc2 .rt-detail .rt-wc-add-to-cart,\n\t\t\t\t\t#rt-tpg-container-2299041835 .wc3 .rt-detail .rt-wc-add-to-cart,\n\t\t\t\t\t#rt-tpg-container-2299041835 .wc4 .rt-detail .rt-wc-add-to-cart,\n\t\t\t\t\t#rt-tpg-container-2299041835 .wc-carousel2 .rt-detail .rt-wc-add-to-cart,\n\t\t\t\t\t#rt-tpg-container-2299041835 .wc-isotope2 .rt-detail .rt-wc-add-to-cart,\n\t\t\t\t\t#rt-tpg-container-2299041835 .rt-layout-filter-container .rt-filter-wrap .rt-filter-item-wrap.rt-filter-dropdown-wrap .rt-filter-dropdown,\n\t\t\t\t\t#rt-tpg-container-2299041835 .rt-layout-filter-container .rt-filter-sub-tax.sub-button-group .rt-filter-button-item,\n\t\t\t\t\t#rt-tpg-container-2299041835.rt-tpg-container .rt-pagination-wrap .rt-page-numbers .paginationjs .paginationjs-pages ul li>a,\n\t\t\t\t\t#rt-tpg-container-2299041835 .rt-filter-item-wrap.rt-filter-button-wrap span.rt-filter-button-item,\n\t\t\t\t\t#rt-tpg-container-2299041835.rt-tpg-container .rt-pagination-wrap  .rt-loadmore-btn,\n\t\t\t\t\t#rt-tpg-container-2299041835.rt-tpg-container .rt-pagination-wrap .rt-cb-page-prev-next > *,\n\t\t\t\t\t#rt-tpg-container-2299041835 .rt-read-more,\n\t\t\t\t\t#rt-tooltip-2299041835, #rt-tooltip-2299041835 .rt-tooltip-bottom:after{background-color:#1e73be;}#rt-tpg-container-2299041835 .rt-filter-item-wrap.rt-filter-button-wrap span.rt-filter-button-item,\n\t\t\t\t\t#rt-tpg-container-2299041835 .rt-layout-filter-container .rt-filter-sub-tax.sub-button-group .rt-filter-button-item{border-color:#1e73be;}#rt-tpg-container-2299041835.rt-tpg-container .layout17 .rt-holder .overlay a.tpg-zoom .fa{color:#1e73be;}#rt-tpg-container-2299041835 .rt-holder .read-more a {background-color:#1e73be;padding: 8px 15px;}#rt-tpg-container-2299041835 .pagination li.active span,\n\t\t\t\t\t#rt-tpg-container-2299041835 .pagination-list li.active span,\n\t\t\t\t\t#rt-tpg-container-2299041835 .rt-tpg-isotope-buttons button.selected,\n\t\t\t\t\t#rt-tpg-container-2299041835 .rt-filter-item-wrap.rt-filter-button-wrap span.rt-filter-button-item.selected,\n\t\t\t\t\t#rt-tpg-container-2299041835 .rt-layout-filter-container .rt-filter-sub-tax.sub-button-group .rt-filter-button-item.selected,\n\t\t\t\t\t#rt-tpg-container-2299041835.rt-tpg-container .rt-pagination-wrap .rt-page-numbers .paginationjs .paginationjs-pages ul li.active>a,\n\t\t\t\t\t#rt-tpg-container-2299041835.rt-tpg-container .swiper-pagination-bullet.swiper-pagination-bullet-active-main{background-color:#ffffff;}#rt-tpg-container-2299041835 .rt-filter-item-wrap.rt-filter-button-wrap span.rt-filter-button-item.selected,\n\t\t\t\t\t#rt-tpg-container-2299041835 .rt-layout-filter-container .rt-filter-sub-tax.sub-button-group .rt-filter-button-item.selected,\n\t\t\t\t\t#rt-tpg-container-2299041835.rt-tpg-container .rt-pagination-wrap .rt-page-numbers .paginationjs .paginationjs-pages ul li.active>a{border-color:#ffffff;}#rt-tpg-container-2299041835 .pagination-list li a:hover,\n\t\t\t\t\t#rt-tpg-container-2299041835 .pagination li a:hover,\n\t\t\t\t\t#rt-tpg-container-2299041835 .rt-tpg-isotope-buttons button:hover,\n\t\t\t\t\t#rt-tpg-container-2299041835 .rt-holder .read-more a:hover,\n\t\t\t\t\t#rt-tpg-container-2299041835 .rt-tpg-utility .rt-tpg-load-more button:hover,\n\t\t\t\t\t#rt-tpg-container-2299041835.rt-tpg-container .swiper-pagination-bullet:hover,\n\t\t\t\t\t#rt-tpg-container-2299041835.rt-tpg-container .swiper-navigation .slider-btn:hover,\n\t\t\t\t\t#rt-tpg-container-2299041835 .wc1 .rt-holder .rt-img-holder .overlay .product-more ul li a:hover,\n\t\t\t\t\t#rt-tpg-container-2299041835 .wc2 .rt-detail .rt-wc-add-to-cart:hover,\n\t\t\t\t\t#rt-tpg-container-2299041835 .wc3 .rt-detail .rt-wc-add-to-cart:hover,\n\t\t\t\t\t#rt-tpg-container-2299041835 .wc4 .rt-detail .rt-wc-add-to-cart:hover,\n\t\t\t\t\t#rt-tpg-container-2299041835 .wc-carousel2 .rt-detail .rt-wc-add-to-cart:hover,\n\t\t\t\t\t#rt-tpg-container-2299041835 .wc-isotope2 .rt-detail .rt-wc-add-to-cart:hover,\n\t\t\t\t\t#rt-tpg-container-2299041835 .rt-layout-filter-container .rt-filter-wrap .rt-filter-item-wrap.rt-filter-dropdown-wrap .rt-filter-dropdown .rt-filter-dropdown-item:hover,\n\t\t\t\t\t#rt-tpg-container-2299041835 .rt-layout-filter-container .rt-filter-wrap .rt-filter-item-wrap.rt-filter-dropdown-wrap .rt-filter-dropdown .rt-filter-dropdown-item.selected,\n\t\t\t\t\t#rt-tpg-container-2299041835 .rt-filter-item-wrap.rt-filter-button-wrap span.rt-filter-button-item:hover,\n\t\t\t\t\t#rt-tpg-container-2299041835 .rt-layout-filter-container .rt-filter-sub-tax.sub-button-group .rt-filter-button-item:hover,\n\t\t\t\t\t#rt-tpg-container-2299041835.rt-tpg-container .rt-pagination-wrap .rt-page-numbers .paginationjs .paginationjs-pages ul li>a:hover,\n\t\t\t\t\t#rt-tpg-container-2299041835.rt-tpg-container .rt-pagination-wrap .rt-cb-page-prev-next > *:hover,\n\t\t\t\t\t#rt-tpg-container-2299041835.rt-tpg-container .rt-pagination-wrap  .rt-loadmore-btn:hover,\n\t\t\t\t\t#rt-tpg-container-2299041835 .rt-read-more:hover,\n\t\t\t\t\t#rt-tpg-container-2299041835 .rt-tpg-utility .rt-tpg-load-more button:hover{background-color:#1e73be;}#rt-tpg-container-2299041835 .rt-filter-item-wrap.rt-filter-button-wrap span.rt-filter-button-item:hover,\n\t\t\t\t\t\t#rt-tpg-container-2299041835 .rt-layout-filter-container .rt-filter-sub-tax.sub-button-group .rt-filter-button-item:hover,\n\t\t\t\t\t\t#rt-tpg-container-2299041835.rt-tpg-container .swiper-navigation .slider-btn:hover,\n\t\t\t\t\t\t#rt-tpg-container-2299041835.rt-tpg-container .rt-pagination-wrap .rt-page-numbers .paginationjs .paginationjs-pages ul li>a:hover{border-color:#1e73be;}#rt-tpg-container-2299041835.rt-tpg-container .layout17 .rt-holder .overlay a.tpg-zoom:hover .fa{color:#1e73be;}#rt-tpg-container-2299041835 .pagination-list li a,\n\t\t\t\t\t#rt-tpg-container-2299041835 .pagination li a,\n\t\t\t\t\t#rt-tpg-container-2299041835 .rt-tpg-isotope-buttons button,\n\t\t\t\t\t#rt-tpg-container-2299041835 .rt-holder .read-more a,\n\t\t\t\t\t#rt-tpg-container-2299041835 .rt-tpg-utility .rt-tpg-load-more button,\n\t\t\t\t\t#rt-tpg-container-2299041835.rt-tpg-container .swiper-navigation .slider-btn,\n\t\t\t\t\t#rt-tpg-container-2299041835 .wc1 .rt-holder .rt-img-holder .overlay .product-more ul li a,\n\t\t\t\t\t#rt-tpg-container-2299041835 .edd1 .rt-holder .rt-img-holder .overlay .product-more ul li a,\n\t\t\t\t\t#rt-tpg-container-2299041835 .wc2 .rt-detail .rt-wc-add-to-cart,\n\t\t\t\t\t#rt-tpg-container-2299041835 .wc3 .rt-detail .rt-wc-add-to-cart,\n\t\t\t\t\t#rt-tpg-container-2299041835 .edd2 .rt-detail .rt-wc-add-to-cart,\n\t\t\t\t\t#rt-tpg-container-2299041835 .wc4 .rt-detail .rt-wc-add-to-cart,\n\t\t\t\t\t#rt-tpg-container-2299041835 .edd3 .rt-detail .rt-wc-add-to-cart,\n\t\t\t\t\t#rt-tpg-container-2299041835 .wc-carousel2 .rt-detail .rt-wc-add-to-cart,\n\t\t\t\t\t#rt-tpg-container-2299041835 .wc-isotope2 .rt-detail .rt-wc-add-to-cart,\n\t\t\t\t\t#rt-tpg-container-2299041835 .rt-tpg-utility .rt-tpg-load-more button,\n\t\t\t\t\t#rt-tooltip-2299041835,\n\t\t\t\t\t#rt-tpg-container-2299041835 .rt-filter-item-wrap.rt-filter-button-wrap span.rt-filter-button-item,\n\t\t\t\t\t#rt-tpg-container-2299041835 .rt-layout-filter-container .rt-filter-sub-tax.sub-button-group .rt-filter-button-item,\n\t\t\t\t\t#rt-tpg-container-2299041835 .rt-layout-filter-container .rt-filter-wrap .rt-filter-item-wrap.rt-sort-order-action,\n\t\t\t\t\t#rt-tpg-container-2299041835 .rt-layout-filter-container .rt-filter-wrap .rt-filter-item-wrap.rt-filter-dropdown-wrap .rt-filter-dropdown .rt-filter-dropdown-item,\n\t\t\t\t\t#rt-tpg-container-2299041835.rt-tpg-container .rt-pagination-wrap .rt-page-numbers .paginationjs .paginationjs-pages ul li>a,\n\t\t\t\t\t#rt-tpg-container-2299041835.rt-tpg-container .rt-pagination-wrap .rt-cb-page-prev-next > *,\n\t\t\t\t\t#rt-tpg-container-2299041835.rt-tpg-container .rt-pagination-wrap  .rt-loadmore-btn,\n\t\t\t\t\t#rt-tpg-container-2299041835 .rt-read-more,\n\t\t\t\t\t#rt-tooltip-2299041835 .rt-tooltip-bottom:after{color:#ffffff;}#rt-tpg-container-2299041835 .read-more a{border-radius:px;}#rt-tpg-container-2299041835 .rt-img-holder img.rt-img-responsive,#rt-tpg-container-2299041835 .rt-img-holder,\n\t\t\t\t\t#rt-tpg-container-2299041835 .rt-post-overlay .post-img,\n\t\t\t\t\t#rt-tpg-container-2299041835 .post-sm .post-img,\n\t\t\t\t\t#rt-tpg-container-2299041835 .rt-post-grid .post-img,\n\t\t\t\t\t#rt-tpg-container-2299041835 .post-img img {border-radius:px;}<\/style><div class='rt-container-fluid rt-tpg-container tpg-shortcode-main-wrapper ' id='rt-tpg-container-2299041835'   data-layout='layout2' data-grid-style='even' data-desktop-col='1'  data-tab-col='2'  data-mobile-col='1' data-sc-id='11040'><div data-title='Loading ...' class='rt-row rt-content-loader   layout2 tpg-even '><div class=\"rt-col-md-12 rt-col-sm-6 rt-col-xs-12 even-grid-item rt-grid-item\" data-id=\"17449\"><div class=\"rt-holder\"><div class=\"rt-row\"><div class='rt-col-sm-2 rt-col-xs-12 '><div class=\"rt-img-holder\"><a data-id='17449' class=' tpg-single-popup' href='https:\/\/site.educa.madrid.org\/ies.cardenalherrera.madrid\/index.php\/2025\/05\/05\/protagonistas-del-manana-inmersion-jovenes-talentos\/'><img loading=\"lazy\" decoding=\"async\" width=\"150\" height=\"128\" src=\"https:\/\/site.educa.madrid.org\/ies.cardenalherrera.madrid\/\/wp-content\/uploads\/ies.cardenalherrera.madrid\/2025\/02\/Logo_Protagonistas_Manana-e1739904606522-150x128.png\" class=\"rt-img-responsive \" alt=\"\" \/><\/a><\/div><\/div><div class='rt-col-sm-10 rt-col-xs-12 '><div class='rt-detail'><h2 class=\"entry-title\"><a data-id=\"17449\" class=\" tpg-single-popup\" href=\"https:\/\/site.educa.madrid.org\/ies.cardenalherrera.madrid\/index.php\/2025\/05\/05\/protagonistas-del-manana-inmersion-jovenes-talentos\/\">Protagonistas del Ma\u00f1ana: Inmersi\u00f3n J\u00f3venes Talentos<\/a><\/h2><div class='post-meta-user '><span class='date-meta'><i class='far fa-calendar-alt '><\/i>5 mayo, 2025<\/span><\/div><div class='tpg-excerpt'>Fin de Semana de Inmersi\u00f3n para J\u00f3venes Talentos Elena Pozo y Patricia Fern\u00e1ndez-Espina, alumnas de 1.\u00ba de Bachillerato Y, han disfrutado de un fin de semana de inmersi\u00f3n y formaci\u00f3n...<\/div><span class='read-more '><a data-id='17449' class=' tpg-single-popup' href='https:\/\/site.educa.madrid.org\/ies.cardenalherrera.madrid\/index.php\/2025\/05\/05\/protagonistas-del-manana-inmersion-jovenes-talentos\/'>Leer m\u00e1s<\/a><\/span><\/div><\/div><\/div><\/div><\/div><div class=\"rt-col-md-12 rt-col-sm-6 rt-col-xs-12 even-grid-item rt-grid-item\" data-id=\"17341\"><div class=\"rt-holder\"><div class=\"rt-row\"><div class='rt-col-sm-2 rt-col-xs-12 '><div class=\"rt-img-holder\"><a data-id='17341' class=' tpg-single-popup' href='https:\/\/site.educa.madrid.org\/ies.cardenalherrera.madrid\/index.php\/2025\/03\/31\/las-nuevas-protagonistas-del-manana\/'><img loading=\"lazy\" decoding=\"async\" width=\"150\" height=\"128\" src=\"https:\/\/site.educa.madrid.org\/ies.cardenalherrera.madrid\/\/wp-content\/uploads\/ies.cardenalherrera.madrid\/2025\/02\/Logo_Protagonistas_Manana-e1739904606522-150x128.png\" class=\"rt-img-responsive \" alt=\"\" \/><\/a><\/div><\/div><div class='rt-col-sm-10 rt-col-xs-12 '><div class='rt-detail'><h2 class=\"entry-title\"><a data-id=\"17341\" class=\" tpg-single-popup\" href=\"https:\/\/site.educa.madrid.org\/ies.cardenalherrera.madrid\/index.php\/2025\/03\/31\/las-nuevas-protagonistas-del-manana\/\">Las nuevas \u201cProtagonistas del Ma\u00f1ana\u201d<\/a><\/h2><div class='post-meta-user '><span class='date-meta'><i class='far fa-calendar-alt '><\/i>31 marzo, 2025<\/span><\/div><div class='tpg-excerpt'>...<\/div><span class='read-more '><a data-id='17341' class=' tpg-single-popup' href='https:\/\/site.educa.madrid.org\/ies.cardenalherrera.madrid\/index.php\/2025\/03\/31\/las-nuevas-protagonistas-del-manana\/'>Leer m\u00e1s<\/a><\/span><\/div><\/div><\/div><\/div><\/div><div class=\"rt-col-md-12 rt-col-sm-6 rt-col-xs-12 even-grid-item rt-grid-item\" data-id=\"17065\"><div class=\"rt-holder\"><div class=\"rt-row\"><div class='rt-col-sm-2 rt-col-xs-12 '><div class=\"rt-img-holder\"><a data-id='17065' class=' tpg-single-popup' href='https:\/\/site.educa.madrid.org\/ies.cardenalherrera.madrid\/index.php\/2025\/02\/18\/el-ies-herrera-oria-con-nuevas-protagonistas-del-manana\/'><img loading=\"lazy\" decoding=\"async\" width=\"150\" height=\"128\" src=\"https:\/\/site.educa.madrid.org\/ies.cardenalherrera.madrid\/\/wp-content\/uploads\/ies.cardenalherrera.madrid\/2025\/02\/Logo_Protagonistas_Manana-e1739904606522-150x128.png\" class=\"rt-img-responsive \" alt=\"\" \/><\/a><\/div><\/div><div class='rt-col-sm-10 rt-col-xs-12 '><div class='rt-detail'><h2 class=\"entry-title\"><a data-id=\"17065\" class=\" tpg-single-popup\" href=\"https:\/\/site.educa.madrid.org\/ies.cardenalherrera.madrid\/index.php\/2025\/02\/18\/el-ies-herrera-oria-con-nuevas-protagonistas-del-manana\/\">El IES Herrera Oria con nuevas Protagonistas del Ma\u00f1ana<\/a><\/h2><div class='post-meta-user '><span class='date-meta'><i class='far fa-calendar-alt '><\/i>18 febrero, 2025<\/span><\/div><div class='tpg-excerpt'>Nuestro centro vuelve a implicarse en el Certamen de los \u201cProtagonistas del ma\u00f1ana\u201d. Este a\u00f1o han sido dos alumnas de 1.\u00ba de Bachillerato Y,&nbsp;Patricia Fern\u00e1ndez-Espina&nbsp;y&nbsp;Elena Pozo, quienes representar\u00e1n al centro...<\/div><span class='read-more '><a data-id='17065' class=' tpg-single-popup' href='https:\/\/site.educa.madrid.org\/ies.cardenalherrera.madrid\/index.php\/2025\/02\/18\/el-ies-herrera-oria-con-nuevas-protagonistas-del-manana\/'>Leer m\u00e1s<\/a><\/span><\/div><\/div><\/div><\/div><\/div><div class=\"rt-col-md-12 rt-col-sm-6 rt-col-xs-12 even-grid-item rt-grid-item\" data-id=\"14520\"><div class=\"rt-holder\"><div class=\"rt-row\"><div class='rt-col-sm-2 rt-col-xs-12 '><div class=\"rt-img-holder\"><a data-id='14520' class=' tpg-single-popup' href='https:\/\/site.educa.madrid.org\/ies.cardenalherrera.madrid\/index.php\/2023\/03\/24\/asi-ha-sido-la-participacion-de-nuestras-protagonistas-del-manana\/'><img loading=\"lazy\" decoding=\"async\" width=\"150\" height=\"150\" src=\"https:\/\/site.educa.madrid.org\/ies.cardenalherrera.madrid\/\/wp-content\/uploads\/ies.cardenalherrera.madrid\/2023\/03\/Foto-de-grupo-150x150.jpg\" class=\"rt-img-responsive \" alt=\"\" \/><\/a><\/div><\/div><div class='rt-col-sm-10 rt-col-xs-12 '><div class='rt-detail'><h2 class=\"entry-title\"><a data-id=\"14520\" class=\" tpg-single-popup\" href=\"https:\/\/site.educa.madrid.org\/ies.cardenalherrera.madrid\/index.php\/2023\/03\/24\/asi-ha-sido-la-participacion-de-nuestras-protagonistas-del-manana\/\">As\u00ed ha sido la participaci\u00f3n de nuestras \u201cPROTAGONISTAS DEL MA\u00d1ANA\u201d<\/a><\/h2><div class='post-meta-user '><span class='date-meta'><i class='far fa-calendar-alt '><\/i>24 marzo, 2023<\/span><\/div><div class='tpg-excerpt'>Las dos alumnas que se han presentado este curso al premio de Protagonistas del ma\u00f1ana, Elena B. y Mar\u00eda R., de 1\u00ba Bach. Y, han resultado galardonadas con un diploma...<\/div><span class='read-more '><a data-id='14520' class=' tpg-single-popup' href='https:\/\/site.educa.madrid.org\/ies.cardenalherrera.madrid\/index.php\/2023\/03\/24\/asi-ha-sido-la-participacion-de-nuestras-protagonistas-del-manana\/'>Leer m\u00e1s<\/a><\/span><\/div><\/div><\/div><\/div><\/div><div class=\"rt-col-md-12 rt-col-sm-6 rt-col-xs-12 even-grid-item rt-grid-item\" data-id=\"11628\"><div class=\"rt-holder\"><div class=\"rt-row\"><div class='rt-col-sm-2 rt-col-xs-12 '><div class=\"rt-img-holder\"><a data-id='11628' class=' tpg-single-popup' href='https:\/\/site.educa.madrid.org\/ies.cardenalherrera.madrid\/index.php\/2022\/03\/25\/entrega-de-premios-de-la-4a-edicion-de-protagonistas-del-manana\/'><img loading=\"lazy\" decoding=\"async\" width=\"150\" height=\"123\" src=\"https:\/\/site.educa.madrid.org\/ies.cardenalherrera.madrid\/\/wp-content\/uploads\/ies.cardenalherrera.madrid\/2021\/01\/noticia-1-150x123.jpg\" class=\"rt-img-responsive \" alt=\"\" \/><\/a><\/div><\/div><div class='rt-col-sm-10 rt-col-xs-12 '><div class='rt-detail'><h2 class=\"entry-title\"><a data-id=\"11628\" class=\" tpg-single-popup\" href=\"https:\/\/site.educa.madrid.org\/ies.cardenalherrera.madrid\/index.php\/2022\/03\/25\/entrega-de-premios-de-la-4a-edicion-de-protagonistas-del-manana\/\">Entrega de premios de la 4\u00aa edici\u00f3n de \u00abProtagonistas del Ma\u00f1ana\u00bb<\/a><\/h2><div class='post-meta-user '><span class='date-meta'><i class='far fa-calendar-alt '><\/i>25 marzo, 2022<\/span><\/div><div class='tpg-excerpt'>El pasado viernes se celebr\u00f3 la cuarta edici\u00f3n del premio Protagonistas del Ma\u00f1ana, organizado por los Clubes Rotarios de Madrid en colaboraci\u00f3n con el Gobierno regional. Enhorabuena a nuestros alumnos...<\/div><span class='read-more '><a data-id='11628' class=' tpg-single-popup' href='https:\/\/site.educa.madrid.org\/ies.cardenalherrera.madrid\/index.php\/2022\/03\/25\/entrega-de-premios-de-la-4a-edicion-de-protagonistas-del-manana\/'>Leer m\u00e1s<\/a><\/span><\/div><\/div><\/div><\/div><\/div><\/div><\/div>\n","protected":false},"excerpt":{"rendered":"<p>Protagonistas del ma\u00f1ana En nuestro centro somos plenamente conscientes de la necesidad de valorar no solo las capacidades intelectuales y el rendimiento acad\u00e9mico de nuestros alumnos, sino tambi\u00e9n de apreciar &#8230;<\/p>\n","protected":false},"author":2,"featured_media":0,"parent":691,"menu_order":41,"comment_status":"closed","ping_status":"closed","template":"","meta":{"footnotes":""},"folder":[],"class_list":["post-9893","page","type-page","status-publish","hentry"],"rttpg_featured_image_url":null,"rttpg_author":{"display_name":"TIC I.E.S. Cardenal Herrera Oria","author_link":"https:\/\/site.educa.madrid.org\/ies.cardenalherrera.madrid\/index.php\/author\/cuenta_tic-ies-cardenalherrera-madrid\/"},"rttpg_comment":0,"rttpg_category":"","rttpg_excerpt":"Protagonistas del ma\u00f1ana En nuestro centro somos plenamente conscientes de la necesidad de valorar no solo las capacidades intelectuales y el rendimiento acad\u00e9mico de nuestros alumnos, sino tambi\u00e9n de apreciar ...","post_mailing_queue_ids":[],"_links":{"self":[{"href":"https:\/\/site.educa.madrid.org\/ies.cardenalherrera.madrid\/index.php\/wp-json\/wp\/v2\/pages\/9893","targetHints":{"allow":["GET"]}}],"collection":[{"href":"https:\/\/site.educa.madrid.org\/ies.cardenalherrera.madrid\/index.php\/wp-json\/wp\/v2\/pages"}],"about":[{"href":"https:\/\/site.educa.madrid.org\/ies.cardenalherrera.madrid\/index.php\/wp-json\/wp\/v2\/types\/page"}],"author":[{"embeddable":true,"href":"https:\/\/site.educa.madrid.org\/ies.cardenalherrera.madrid\/index.php\/wp-json\/wp\/v2\/users\/2"}],"replies":[{"embeddable":true,"href":"https:\/\/site.educa.madrid.org\/ies.cardenalherrera.madrid\/index.php\/wp-json\/wp\/v2\/comments?post=9893"}],"version-history":[{"count":6,"href":"https:\/\/site.educa.madrid.org\/ies.cardenalherrera.madrid\/index.php\/wp-json\/wp\/v2\/pages\/9893\/revisions"}],"predecessor-version":[{"id":15822,"href":"https:\/\/site.educa.madrid.org\/ies.cardenalherrera.madrid\/index.php\/wp-json\/wp\/v2\/pages\/9893\/revisions\/15822"}],"up":[{"embeddable":true,"href":"https:\/\/site.educa.madrid.org\/ies.cardenalherrera.madrid\/index.php\/wp-json\/wp\/v2\/pages\/691"}],"wp:attachment":[{"href":"https:\/\/site.educa.madrid.org\/ies.cardenalherrera.madrid\/index.php\/wp-json\/wp\/v2\/media?parent=9893"}],"wp:term":[{"taxonomy":"folder","embeddable":true,"href":"https:\/\/site.educa.madrid.org\/ies.cardenalherrera.madrid\/index.php\/wp-json\/wp\/v2\/folder?post=9893"}],"curies":[{"name":"wp","href":"https:\/\/api.w.org\/{rel}","templated":true}]}}