{"id":4788,"date":"2026-08-31T07:56:19","date_gmt":"2026-08-31T05:56:19","guid":{"rendered":"https:\/\/site.educa.madrid.org\/ies.carmenmartingai.moralzarzal\/?page_id=4788"},"modified":"2026-08-31T07:56:28","modified_gmt":"2026-08-31T05:56:28","slug":"comienzo-del-curso-escolar-2026-2027","status":"publish","type":"page","link":"https:\/\/site.educa.madrid.org\/ies.carmenmartingai.moralzarzal\/index.php\/comienzo-del-curso-escolar-2026-2027\/","title":{"rendered":"Comienzo del Curso Escolar 2026\/2027"},"content":{"rendered":"<p data-path-to-node=\"1\">Os informamos sobre la organizaci\u00f3n y el calendario previstos para el inicio del presente curso acad\u00e9mico. Para que la vuelta a las aulas sea lo m\u00e1s fluida y organizada posible, las presentaciones se desarrollar\u00e1n seg\u00fan el siguiente calendario:<\/p>\n<ul data-path-to-node=\"3\">\n<li>\n<p data-path-to-node=\"3,0,0\"><b data-path-to-node=\"3,0,0\" data-index-in-node=\"0\">Martes 8:<\/b><\/p>\n<ul data-path-to-node=\"3,0,1\">\n<li>\n<p data-path-to-node=\"3,0,1,0,0\"><b data-path-to-node=\"3,0,1,0,0\" data-index-in-node=\"0\">10:00 h. \u2013 12:00 h.:<\/b> Recepci\u00f3n exclusiva para los alumnos de <b data-path-to-node=\"3,0,1,0,0\" data-index-in-node=\"61\">1\u00ba de ESO<\/b>.<\/p>\n<\/li>\n<\/ul>\n<\/li>\n<li>\n<p data-path-to-node=\"3,1,0\"><b data-path-to-node=\"3,1,0\" data-index-in-node=\"0\">Mi\u00e9rcoles 9:<\/b><\/p>\n<ul data-path-to-node=\"3,1,1\">\n<li>\n<p data-path-to-node=\"3,1,1,0,0\"><b data-path-to-node=\"3,1,1,0,0\" data-index-in-node=\"0\">10:00 h. \u2013 12:00 h.:<\/b> Recepci\u00f3n de los alumnos de <b data-path-to-node=\"3,1,1,0,0\" data-index-in-node=\"49\">los dem\u00e1s cursos<\/b>.<\/p>\n<\/li>\n<li>\n<p data-path-to-node=\"3,1,1,1,0\"><b data-path-to-node=\"3,1,1,1,0\" data-index-in-node=\"0\">10:00 h. \u2013 12:00 h.:<\/b> Sesiones de informaci\u00f3n para los alumnos de <b data-path-to-node=\"3,1,1,1,0\" data-index-in-node=\"73\">1\u00ba de ESO<\/b>.<\/p>\n<\/li>\n<\/ul>\n<\/li>\n<li>\n<p data-path-to-node=\"3,2,0\"><b data-path-to-node=\"3,2,0\" data-index-in-node=\"0\">Jueves 10:<\/b><\/p>\n<ul data-path-to-node=\"3,2,1\">\n<li>\n<p data-path-to-node=\"3,2,1,0,0\"><b data-path-to-node=\"3,2,1,0,0\" data-index-in-node=\"0\">Comienzo de las clases<\/b> para todos los niveles. A partir de este d\u00eda, se aplicar\u00e1 el horario normal del centro (de <b data-path-to-node=\"3,2,1,0,0\" data-index-in-node=\"114\">08:10 h. a 14:10 h<\/b>).<\/p>\n<\/li>\n<\/ul>\n<\/li>\n<\/ul>\n<p data-path-to-node=\"4\">Os recordamos la importancia de ser puntuales en estos primeros d\u00edas para facilitar la organizaci\u00f3n de los grupos.<\/p>\n<p data-path-to-node=\"6\">\n","protected":false},"excerpt":{"rendered":"<p>Os informamos sobre la organizaci\u00f3n y el calendario previstos para el inicio del presente curso acad\u00e9mico. Para que la vuelta a las aulas sea lo m\u00e1s fluida y organizada posible, las presentaciones se desarrollar\u00e1n seg\u00fan el siguiente calendario: Martes 8: 10:00 h. \u2013 12:00 h.: Recepci\u00f3n exclusiva para los alumnos de 1\u00ba de ESO. Mi\u00e9rcoles [&hellip;]<\/p>\n","protected":false},"author":3,"featured_media":0,"parent":0,"menu_order":0,"comment_status":"closed","ping_status":"closed","template":"","meta":{"footnotes":""},"folder":[],"class_list":["post-4788","page","type-page","status-publish","hentry"],"rttpg_featured_image_url":null,"rttpg_author":{"display_name":"ies.carmenmartingai.moralzarzal","author_link":"https:\/\/site.educa.madrid.org\/ies.carmenmartingai.moralzarzal\/index.php\/author\/cuenta_ies-carmenmartingai-moralzarzal\/"},"rttpg_comment":0,"rttpg_category":false,"rttpg_excerpt":"Os informamos sobre la organizaci\u00f3n y el calendario previstos para el inicio del presente curso acad\u00e9mico. Para que la vuelta a las aulas sea lo m\u00e1s fluida y organizada posible, las presentaciones se desarrollar\u00e1n seg\u00fan el siguiente calendario: Martes 8: 10:00 h. \u2013 12:00 h.: Recepci\u00f3n exclusiva para los alumnos de 1\u00ba de ESO. Mi\u00e9rcoles&hellip;","post_mailing_queue_ids":[],"_links":{"self":[{"href":"https:\/\/site.educa.madrid.org\/ies.carmenmartingai.moralzarzal\/index.php\/wp-json\/wp\/v2\/pages\/4788","targetHints":{"allow":["GET"]}}],"collection":[{"href":"https:\/\/site.educa.madrid.org\/ies.carmenmartingai.moralzarzal\/index.php\/wp-json\/wp\/v2\/pages"}],"about":[{"href":"https:\/\/site.educa.madrid.org\/ies.carmenmartingai.moralzarzal\/index.php\/wp-json\/wp\/v2\/types\/page"}],"author":[{"embeddable":true,"href":"https:\/\/site.educa.madrid.org\/ies.carmenmartingai.moralzarzal\/index.php\/wp-json\/wp\/v2\/users\/3"}],"replies":[{"embeddable":true,"href":"https:\/\/site.educa.madrid.org\/ies.carmenmartingai.moralzarzal\/index.php\/wp-json\/wp\/v2\/comments?post=4788"}],"version-history":[{"count":1,"href":"https:\/\/site.educa.madrid.org\/ies.carmenmartingai.moralzarzal\/index.php\/wp-json\/wp\/v2\/pages\/4788\/revisions"}],"predecessor-version":[{"id":4789,"href":"https:\/\/site.educa.madrid.org\/ies.carmenmartingai.moralzarzal\/index.php\/wp-json\/wp\/v2\/pages\/4788\/revisions\/4789"}],"wp:attachment":[{"href":"https:\/\/site.educa.madrid.org\/ies.carmenmartingai.moralzarzal\/index.php\/wp-json\/wp\/v2\/media?parent=4788"}],"wp:term":[{"taxonomy":"folder","embeddable":true,"href":"https:\/\/site.educa.madrid.org\/ies.carmenmartingai.moralzarzal\/index.php\/wp-json\/wp\/v2\/folder?post=4788"}],"curies":[{"name":"wp","href":"https:\/\/api.w.org\/{rel}","templated":true}]}}

<p data-path-to-node="1">Os informamos sobre la organización y el calendario previstos para el inicio del presente curso académico. Para que la vuelta a las aulas sea lo más fluida y organizada posible, las presentaciones se desarrollarán según el siguiente calendario:</p>
<ul data-path-to-node="3">
<li>
<p data-path-to-node="3,0,0"><b data-path-to-node="3,0,0" data-index-in-node="0">Martes 8:</b></p>
<ul data-path-to-node="3,0,1">
<li>
<p data-path-to-node="3,0,1,0,0"><b data-path-to-node="3,0,1,0,0" data-index-in-node="0">10:00 h. – 12:00 h.:</b> Recepción exclusiva para los alumnos de <b data-path-to-node="3,0,1,0,0" data-index-in-node="61">1º de ESO</b>.</p>
</li>
</ul>
</li>
<li>
<p data-path-to-node="3,1,0"><b data-path-to-node="3,1,0" data-index-in-node="0">Miércoles 9:</b></p>
<ul data-path-to-node="3,1,1">
<li>
<p data-path-to-node="3,1,1,0,0"><b data-path-to-node="3,1,1,0,0" data-index-in-node="0">10:00 h. – 12:00 h.:</b> Recepción de los alumnos de <b data-path-to-node="3,1,1,0,0" data-index-in-node="49">los demás cursos</b>.</p>
</li>
<li>
<p data-path-to-node="3,1,1,1,0"><b data-path-to-node="3,1,1,1,0" data-index-in-node="0">10:00 h. – 12:00 h.:</b> Sesiones de información para los alumnos de <b data-path-to-node="3,1,1,1,0" data-index-in-node="73">1º de ESO</b>.</p>
</li>
</ul>
</li>
<li>
<p data-path-to-node="3,2,0"><b data-path-to-node="3,2,0" data-index-in-node="0">Jueves 10:</b></p>
<ul data-path-to-node="3,2,1">
<li>
<p data-path-to-node="3,2,1,0,0"><b data-path-to-node="3,2,1,0,0" data-index-in-node="0">Comienzo de las clases</b> para todos los niveles. A partir de este día, se aplicará el horario normal del centro (de <b data-path-to-node="3,2,1,0,0" data-index-in-node="114">08:10 h. a 14:10 h</b>).</p>
</li>
</ul>
</li>
</ul>
<p data-path-to-node="4">Os recordamos la importancia de ser puntuales en estos primeros días para facilitar la organización de los grupos.</p>
<p data-path-to-node="6">

<p>Os informamos sobre la organización y el calendario previstos para el inicio del presente curso académico. Para que la vuelta a las aulas sea lo más fluida y organizada posible, las presentaciones se desarrollarán según el siguiente calendario: Martes 8: 10:00 h. – 12:00 h.: Recepción exclusiva para los alumnos de 1º de ESO. Miércoles [&hellip;]</p>

Os informamos sobre la organización y el calendario previstos para el inicio del presente curso académico. Para que la vuelta a las aulas sea lo más fluida y organizada posible, las presentaciones se desarrollarán según el siguiente calendario: Martes 8: 10:00 h. – 12:00 h.: Recepción exclusiva para los alumnos de 1º de ESO. Miércoles&hellip;
