{"id":224,"date":"2021-02-08T17:00:21","date_gmt":"2021-02-08T17:00:21","guid":{"rendered":"https:\/\/site.educa.madrid.org\/ies.churriguera.leganes\/?page_id=224"},"modified":"2025-02-11T16:36:17","modified_gmt":"2025-02-11T15:36:17","slug":"nuestro-centro","status":"publish","type":"page","link":"https:\/\/site.educa.madrid.org\/ies.churriguera.leganes\/index.php\/inicio\/nuestro-centro\/","title":{"rendered":"Nuestro centro"},"content":{"rendered":"\n<p>El\u00a0<strong>I.E.S. \u201cJos\u00e9 de Churriguera\u201d<\/strong>\u00a0de Legan\u00e9s fue creado en el verano de 1976 por el Real Decreto 2227\/76 de 10 de agosto, y comenz\u00f3 sus actividades en el curso 1976-77.<\/p>\n\n\n\n<figure class=\"wp-block-image aligncenter size-large is-resized\"><img loading=\"lazy\" decoding=\"async\" width=\"1002\" height=\"234\" src=\"https:\/\/site.educa.madrid.org\/ies.churriguera.leganes\/\/wp-content\/uploads\/ies.churriguera.leganes\/2021\/02\/IES.png\" alt=\"\" class=\"wp-image-192\" style=\"width:840px;height:auto\" srcset=\"https:\/\/site.educa.madrid.org\/ies.churriguera.leganes\/\/wp-content\/uploads\/ies.churriguera.leganes\/2021\/02\/IES.png 1002w, https:\/\/site.educa.madrid.org\/ies.churriguera.leganes\/\/wp-content\/uploads\/ies.churriguera.leganes\/2021\/02\/IES-300x70.png 300w, https:\/\/site.educa.madrid.org\/ies.churriguera.leganes\/\/wp-content\/uploads\/ies.churriguera.leganes\/2021\/02\/IES-768x179.png 768w\" sizes=\"auto, (max-width: 1002px) 100vw, 1002px\" \/><\/figure>\n\n\n\n<p>Fue el primero en Legan\u00e9s y durante muchos a\u00f1os, mientras tuvimos la sede en lo que hoy es el&nbsp;<strong>\u201cSantiago Am\u00f3n\u201d<\/strong>&nbsp;de la calle Hern\u00e1n Cort\u00e9s, se le conoci\u00f3 como \u201cel uno\u201d. En el curso 1985-86 nos trasladamos a este edificio, donde esperamos continuar mucho tiempo todav\u00eda.<\/p>\n\n\n\n<p>Durante veinte a\u00f1os, se impartieron en sus aulas los estudios de ense\u00f1anza media correspondientes al B.U.P. y al C.O.U. en r\u00e9gimen diurno y en r\u00e9gimen nocturno, lo que le ha hecho rendir un servicio a la comunidad de Legan\u00e9s bien diferenciado del resto de los institutos de la localidad.<\/p>\n\n\n\n<p>A partir del curso 1995-96 comenzaron a implantarse paulatinamente en nuestro centro las ense\u00f1anzas correspondientes al nuevo sistema educativo, aprobado en octubre de 1990 por la Ley Org\u00e1nica de Ordenaci\u00f3n General del Sistema Educativo (LOGSE).<\/p>\n\n\n\n<p>En este momento, el I.E.S. \u201cJos\u00e9 de Churriguera\u201d imparte los cuatro cursos correspondientes a la <a href=\"https:\/\/site.educa.madrid.org\/ies.churriguera.leganes\/index.php\/eso\/\" target=\"_blank\" rel=\"noreferrer noopener\">Educaci\u00f3n Secundaria Obligatoria <\/a>y los dos de <a href=\"https:\/\/site.educa.madrid.org\/ies.churriguera.leganes\/index.php\/bachillerato-diurno\/\" target=\"_blank\" rel=\"noreferrer noopener\">Bachillerato<\/a> en las modalidades de \u201cCiencias y Tecnolog\u00eda\u201d y de \u201cHumanidades y Ciencias Sociales\u201d, en el r\u00e9gimen diurno.<\/p>\n\n\n\n<p>El<a href=\"https:\/\/site.educa.madrid.org\/ies.churriguera.leganes\/index.php\/bachillerato-nocturno\/\" target=\"_blank\" rel=\"noreferrer noopener\"> Bachillerato de Personas Adultas<\/a>, en r\u00e9gimen vespertino, cuenta con el Bachillerato en las mismas modalidades, en el modelo semipresencial vigente desde el curso 2023-24.<\/p>\n\n\n\n<p>En el curso 2020-21 se inici\u00f3 el <a rel=\"noreferrer noopener\" href=\"https:\/\/site.educa.madrid.org\/ies.churriguera.leganes\/index.php\/ciclo-formativo\/\" target=\"_blank\">Ciclo de Grado Superior de Promoci\u00f3n de Igualdad de G\u00e9nero<\/a>, actualmente en r\u00e9gimen diurno. <\/p>\n\n\n\n<p>Ahora, el Instituto es tuyo, est\u00e1 en tus manos. Pasas en \u00e9l algunos a\u00f1os importantes de tu vida y el centro debe ser el marco digno que te mereces. Tr\u00e1talo bien, respeta las instalaciones. Descubre a tu profesorado y a tus compa\u00f1eros y compa\u00f1eras, y haz que se sientan orgullosos de compartir estos a\u00f1os contigo.<\/p>\n\n\n\n<p><\/p>\n","protected":false},"excerpt":{"rendered":"<p>El\u00a0I.E.S. \u201cJos\u00e9 de Churriguera\u201d\u00a0de Legan\u00e9s fue creado en el verano de 1976 por el Real Decreto 2227\/76 de 10 de agosto, y comenz\u00f3 sus actividades en el curso 1976-77. Fue el primero en Legan\u00e9s y durante muchos a\u00f1os, mientras tuvimos la sede en lo que hoy es el&nbsp;\u201cSantiago Am\u00f3n\u201d&nbsp;de la calle Hern\u00e1n Cort\u00e9s, se le [&hellip;]<\/p>\n","protected":false},"author":6,"featured_media":0,"parent":90,"menu_order":0,"comment_status":"closed","ping_status":"closed","template":"","meta":{"footnotes":""},"folder":[],"class_list":["post-224","page","type-page","status-publish","hentry"],"rttpg_featured_image_url":null,"rttpg_author":{"display_name":"Yolanda Magri\u00f1\u00e1 Miguel","author_link":"https:\/\/site.educa.madrid.org\/ies.churriguera.leganes\/index.php\/author\/yolanda_magria-miguel\/"},"rttpg_comment":0,"rttpg_category":false,"rttpg_excerpt":"El\u00a0I.E.S. \u201cJos\u00e9 de Churriguera\u201d\u00a0de Legan\u00e9s fue creado en el verano de 1976 por el Real Decreto 2227\/76 de 10 de agosto, y comenz\u00f3 sus actividades en el curso 1976-77. Fue el primero en Legan\u00e9s y durante muchos a\u00f1os, mientras tuvimos la sede en lo que hoy es el&nbsp;\u201cSantiago Am\u00f3n\u201d&nbsp;de la calle Hern\u00e1n Cort\u00e9s, se le&hellip;","post_mailing_queue_ids":[],"_links":{"self":[{"href":"https:\/\/site.educa.madrid.org\/ies.churriguera.leganes\/index.php\/wp-json\/wp\/v2\/pages\/224","targetHints":{"allow":["GET"]}}],"collection":[{"href":"https:\/\/site.educa.madrid.org\/ies.churriguera.leganes\/index.php\/wp-json\/wp\/v2\/pages"}],"about":[{"href":"https:\/\/site.educa.madrid.org\/ies.churriguera.leganes\/index.php\/wp-json\/wp\/v2\/types\/page"}],"author":[{"embeddable":true,"href":"https:\/\/site.educa.madrid.org\/ies.churriguera.leganes\/index.php\/wp-json\/wp\/v2\/users\/6"}],"replies":[{"embeddable":true,"href":"https:\/\/site.educa.madrid.org\/ies.churriguera.leganes\/index.php\/wp-json\/wp\/v2\/comments?post=224"}],"version-history":[{"count":21,"href":"https:\/\/site.educa.madrid.org\/ies.churriguera.leganes\/index.php\/wp-json\/wp\/v2\/pages\/224\/revisions"}],"predecessor-version":[{"id":7265,"href":"https:\/\/site.educa.madrid.org\/ies.churriguera.leganes\/index.php\/wp-json\/wp\/v2\/pages\/224\/revisions\/7265"}],"up":[{"embeddable":true,"href":"https:\/\/site.educa.madrid.org\/ies.churriguera.leganes\/index.php\/wp-json\/wp\/v2\/pages\/90"}],"wp:attachment":[{"href":"https:\/\/site.educa.madrid.org\/ies.churriguera.leganes\/index.php\/wp-json\/wp\/v2\/media?parent=224"}],"wp:term":[{"taxonomy":"folder","embeddable":true,"href":"https:\/\/site.educa.madrid.org\/ies.churriguera.leganes\/index.php\/wp-json\/wp\/v2\/folder?post=224"}],"curies":[{"name":"wp","href":"https:\/\/api.w.org\/{rel}","templated":true}]}}