{"id":2664,"date":"2023-09-28T11:43:05","date_gmt":"2023-09-28T09:43:05","guid":{"rendered":"https:\/\/site.educa.madrid.org\/ies.churriguera.leganes\/?page_id=2664"},"modified":"2024-07-23T18:11:37","modified_gmt":"2024-07-23T16:11:37","slug":"escuela-de-padres","status":"publish","type":"page","link":"https:\/\/site.educa.madrid.org\/ies.churriguera.leganes\/index.php\/escuela-de-padres\/","title":{"rendered":"Escuela de familias"},"content":{"rendered":"\n<figure class=\"wp-block-image aligncenter size-large is-resized\"><img loading=\"lazy\" decoding=\"async\" width=\"1024\" height=\"925\" src=\"https:\/\/site.educa.madrid.org\/ies.churriguera.leganes\/\/wp-content\/uploads\/ies.churriguera.leganes\/2023\/09\/12699802_Parents-preparing-cute-daughter-to-school-1024x925.jpg\" alt=\"\" class=\"wp-image-2672\" style=\"width:375px;height:auto\" srcset=\"https:\/\/site.educa.madrid.org\/ies.churriguera.leganes\/\/wp-content\/uploads\/ies.churriguera.leganes\/2023\/09\/12699802_Parents-preparing-cute-daughter-to-school-1024x925.jpg 1024w, https:\/\/site.educa.madrid.org\/ies.churriguera.leganes\/\/wp-content\/uploads\/ies.churriguera.leganes\/2023\/09\/12699802_Parents-preparing-cute-daughter-to-school-300x271.jpg 300w, https:\/\/site.educa.madrid.org\/ies.churriguera.leganes\/\/wp-content\/uploads\/ies.churriguera.leganes\/2023\/09\/12699802_Parents-preparing-cute-daughter-to-school-768x694.jpg 768w, https:\/\/site.educa.madrid.org\/ies.churriguera.leganes\/\/wp-content\/uploads\/ies.churriguera.leganes\/2023\/09\/12699802_Parents-preparing-cute-daughter-to-school-1536x1388.jpg 1536w, https:\/\/site.educa.madrid.org\/ies.churriguera.leganes\/\/wp-content\/uploads\/ies.churriguera.leganes\/2023\/09\/12699802_Parents-preparing-cute-daughter-to-school-2048x1850.jpg 2048w\" sizes=\"auto, (max-width: 1024px) 100vw, 1024px\" \/><\/figure>\n\n\n\t\t<div class=\"rttpg-block-postgrid rttpg-block-wrapper rttpg-block-8504d2 tpg-filter-type-dropdown meta-visibility-show section-title-style-style1 img_hover_animation_default title-default title_position_default title_hover_border_default meta_position_default tpg-is-author-icon-default author-image-visibility-icon tpg-category-position-default readmore-btn-default-style grid-hover-overlay-type-always grid-hover-overlay-height-default hover-overlay-height-default tpg-title-border-default filter-nex-prev-btn-visible tpg-cat-style1 slider-scroll-hide act-label-style-inline\">\n\t\t\t<div class=\"rt-container-fluid rt-tpg-container tpg-el-main-wrapper tpg-gutenberg clearfix list-layout1-main\"\n\t\t\t\t id=\"rt-tpg-container-1454488420\"\n\t\t\t\t data-layout=\"list-layout1\"\n\t\t\t\t data-grid-style=\"tpg-even\" data-sc-id=\"elementor\"\n\t\t\t\t data-el-settings=''\n\t\t\t\t data-el-query=''\n\t\t\t\t data-el-path=''>\n\t\t\t\t\t\t\t\t<div class='tpg-header-wrapper '>\n\t\t\t\t\t\t\t\t\t<\/div>\n\t\t\t\t<div class=\"rt-row rt-content-loader gutenberg-inner list-layout1 tpg-even list-behaviour list-layout-wrapper\">\n\t\t\t\t\t\n<div class=\"rt-col-md-12 rt-col-sm-12 rt-col-xs-12 default rt-list-item rt-grid-item\" data-id=\"9796\">\n\t<div class=\"rt-holder tpg-post-holder \">\n\t\t<div class=\"rt-detail rt-el-content-wrapper\">\n\t\t\t\n\t\t\t<div class=\"post-right-content\">\n\n\t\t\t\t<div class=\"entry-title-wrapper\"><h3 class=\"entry-title\"><a data-id=\"9796\" href=\"https:\/\/site.educa.madrid.org\/ies.churriguera.leganes\/index.php\/2026\/03\/02\/puertas-abiertas-curso-25-26\/\" class=\"tpg-post-link\" target=\"_self\">Puertas abiertas Curso 25-26<\/a><\/h3><\/div>\n\t\t\t\t\t\t\t\t\t<div class=\"post-meta-tags rt-el-post-meta\">\n\t\t\t\t\t\t            <span class='date'>\n\t\t\t\t<i class='far fa-calendar-alt '><\/i>\t\t\t\t                    <a href=\"https:\/\/site.educa.madrid.org\/ies.churriguera.leganes\/index.php\/2026\/03\/02\/\">\n\t\t\t\t\t2 marzo, 2026\t\t\t\t<\/a>\n\t\t\t\t\t\t\t<\/span>\n\t\t\t\t\t\t\t\t<\/div>\n\t\t\t\t\n\t\t\t\t\t\t\t\t\t<div class=\"tpg-excerpt tpg-el-excerpt\">\n\t\t\t\t\t\t\t\t\t\t\t\t\t<div class=\"tpg-excerpt-inner\">\n\t\t\t\t\t\t\t\t<p>Estos d\u00edas estamos celebrando las Jornadas de Puertas Abiertas dentro del periodo de admisi\u00f3n para el pr\u00f3ximo curso 26-27. Esperamos que estas sesiones os ayuden a tomar vuestra decisi\u00f3n. Y ante cualquier duda, pod\u00e9is consultar de nuevo toda la informaci\u00f3n en la presentaci\u00f3n que encontrar\u00e9is en el siguiente enlace:<\/p>\n<p><a href=\"https:\/\/site.educa.madrid.org\/ies.churriguera.leganes\/\/wp-content\/uploads\/ies.churriguera.leganes\/2026\/03\/Jornada-de-Puertas-Abiertas-feb.-y-marzo-2026.pdf\">Jornada de Puertas Abiertas &#8211; feb. y marzo 2026<\/a><\/p>\n<p><a href=\"https:\/\/site.educa.madrid.org\/ies.churriguera.leganes\/\/wp-content\/uploads\/ies.churriguera.leganes\/2026\/03\/ASIGNATURAS-1o-ESO.pdf\">ASIGNATURAS 1\u00ba ESO<\/a><\/p>\n\t\t\t\t\t\t\t<\/div>\n\t\t\t\t\t\t\t\t\t\t\t\t\t\t\t\t\t<\/div>\n\t\t\t\t\n\t\t\t\t\t\t\t<\/div>\n\n\t\t<\/div>\n\t<\/div>\n<\/div>\n<div class=\"rt-col-md-12 rt-col-sm-12 rt-col-xs-12 default rt-list-item rt-grid-item\" data-id=\"5569\">\n\t<div class=\"rt-holder tpg-post-holder \">\n\t\t<div class=\"rt-detail rt-el-content-wrapper\">\n\t\t\t\n\t\t\t<div class=\"post-right-content\">\n\n\t\t\t\t<div class=\"entry-title-wrapper\"><h3 class=\"entry-title\"><a data-id=\"5569\" href=\"https:\/\/site.educa.madrid.org\/ies.churriguera.leganes\/index.php\/2024\/04\/23\/taller-de-familias-stop-comportamientos-violentos\/\" class=\"tpg-post-link\" target=\"_self\">Taller de Familias &#8211; STOP Comportamientos Violentos<\/a><\/h3><\/div>\n\t\t\t\t\t\t\t\t\t<div class=\"post-meta-tags rt-el-post-meta\">\n\t\t\t\t\t\t            <span class='date'>\n\t\t\t\t<i class='far fa-calendar-alt '><\/i>\t\t\t\t                    <a href=\"https:\/\/site.educa.madrid.org\/ies.churriguera.leganes\/index.php\/2024\/04\/23\/\">\n\t\t\t\t\t23 abril, 2024\t\t\t\t<\/a>\n\t\t\t\t\t\t\t<\/span>\n\t\t\t\t\t\t\t\t<\/div>\n\t\t\t\t\n\t\t\t\t\t\t\t\t\t<div class=\"tpg-excerpt tpg-el-excerpt\">\n\t\t\t\t\t\t\t\t\t\t\t\t\t<div class=\"tpg-excerpt-inner\">\n\t\t\t\t\t\t\t\t\n<p>El Ayuntamiento de Legan\u00e9s realizar\u00e1 en nuestro I.E.S. el taller Mixto: \u00abSTOP Violencia. Prevenci\u00f3n de comportamientos violentos en el \u00e1mbito familiar\u00bb. Al ser un taller mixto, deben acudir las familias acompa\u00f1adas de su hijo o hija.<\/p>\n\n\n\n<p>Si te interesa, inscr\u00edbete en el QR de la imagen<\/p>\n\n\n\n<figure class=\"wp-block-image\"><img decoding=\"async\" loading=\"lazy\" width=\"1024\" height=\"576\" src=\"https:\/\/site.educa.madrid.org\/ies.churriguera.leganes\/\/wp-content\/uploads\/ies.churriguera.leganes\/2024\/07\/Cartel-Taller-mixto-violencia.-AYTO-LEGANES_page-0001-1024x576.jpg\" alt=\"\" class=\"wp-image-5568\" srcset=\"https:\/\/site.educa.madrid.org\/ies.churriguera.leganes\/\/wp-content\/uploads\/ies.churriguera.leganes\/2024\/07\/Cartel-Taller-mixto-violencia.-AYTO-LEGANES_page-0001-1024x576.jpg 1024w, https:\/\/site.educa.madrid.org\/ies.churriguera.leganes\/\/wp-content\/uploads\/ies.churriguera.leganes\/2024\/07\/Cartel-Taller-mixto-violencia.-AYTO-LEGANES_page-0001-300x169.jpg 300w, https:\/\/site.educa.madrid.org\/ies.churriguera.leganes\/\/wp-content\/uploads\/ies.churriguera.leganes\/2024\/07\/Cartel-Taller-mixto-violencia.-AYTO-LEGANES_page-0001-768x432.jpg 768w, https:\/\/site.educa.madrid.org\/ies.churriguera.leganes\/\/wp-content\/uploads\/ies.churriguera.leganes\/2024\/07\/Cartel-Taller-mixto-violencia.-AYTO-LEGANES_page-0001-1536x864.jpg 1536w, https:\/\/site.educa.madrid.org\/ies.churriguera.leganes\/\/wp-content\/uploads\/ies.churriguera.leganes\/2024\/07\/Cartel-Taller-mixto-violencia.-AYTO-LEGANES_page-0001-2048x1152.jpg 2048w\" sizes=\"auto, (max-width: 1024px) 100vw, 1024px\" \/><\/figure>\n\t\t\t\t\t\t\t<\/div>\n\t\t\t\t\t\t\t\t\t\t\t\t\t\t\t\t\t<\/div>\n\t\t\t\t\n\t\t\t\t\t\t\t<\/div>\n\n\t\t<\/div>\n\t<\/div>\n<\/div>\n<div class=\"rt-col-md-12 rt-col-sm-12 rt-col-xs-12 default rt-list-item rt-grid-item\" data-id=\"5576\">\n\t<div class=\"rt-holder tpg-post-holder \">\n\t\t<div class=\"rt-detail rt-el-content-wrapper\">\n\t\t\t\n\t\t\t<div class=\"post-right-content\">\n\n\t\t\t\t<div class=\"entry-title-wrapper\"><h3 class=\"entry-title\"><a data-id=\"5576\" href=\"https:\/\/site.educa.madrid.org\/ies.churriguera.leganes\/index.php\/2024\/04\/22\/taller-de-familias-stop-comportamientos-violentos-2\/\" class=\"tpg-post-link\" target=\"_self\">Formaci\u00f3n para Familias &#8211; Sexualidad en la adolescencia<\/a><\/h3><\/div>\n\t\t\t\t\t\t\t\t\t<div class=\"post-meta-tags rt-el-post-meta\">\n\t\t\t\t\t\t            <span class='date'>\n\t\t\t\t<i class='far fa-calendar-alt '><\/i>\t\t\t\t                    <a href=\"https:\/\/site.educa.madrid.org\/ies.churriguera.leganes\/index.php\/2024\/04\/22\/\">\n\t\t\t\t\t22 abril, 2024\t\t\t\t<\/a>\n\t\t\t\t\t\t\t<\/span>\n\t\t\t\t\t\t\t\t<\/div>\n\t\t\t\t\n\t\t\t\t\t\t\t\t\t<div class=\"tpg-excerpt tpg-el-excerpt\">\n\t\t\t\t\t\t\t\t\t\t\t\t\t<div class=\"tpg-excerpt-inner\">\n\t\t\t\t\t\t\t\t\n<p>Dentro del Plan de Formaci\u00f3n para Familias, el Ayuntamiento de Legan\u00e9s realizar\u00e1 en nuestro I.E.S. la formaci\u00f3n para familias: \u00abSexualidad en la adolescencia\u00bb.  <\/p>\n\n\n\n<p>Se realizar\u00e1 el 26 de abril  de 17:00 a 20:00 horas<\/p>\n\n\n\n<p>Si te interesa, inscr\u00edbete en el QR de la imagen<\/p>\n\n\n\n<figure class=\"wp-block-image aligncenter size-large\"><img decoding=\"async\" loading=\"lazy\" width=\"724\" height=\"1024\" src=\"https:\/\/site.educa.madrid.org\/ies.churriguera.leganes\/\/wp-content\/uploads\/ies.churriguera.leganes\/2024\/07\/image.png\" alt=\"\" class=\"wp-image-5577\" srcset=\"https:\/\/site.educa.madrid.org\/ies.churriguera.leganes\/\/wp-content\/uploads\/ies.churriguera.leganes\/2024\/07\/image.png 724w, https:\/\/site.educa.madrid.org\/ies.churriguera.leganes\/\/wp-content\/uploads\/ies.churriguera.leganes\/2024\/07\/image-212x300.png 212w\" sizes=\"auto, (max-width: 724px) 100vw, 724px\" \/><\/figure>\n\t\t\t\t\t\t\t<\/div>\n\t\t\t\t\t\t\t\t\t\t\t\t\t\t\t\t\t<\/div>\n\t\t\t\t\n\t\t\t\t\t\t\t<\/div>\n\n\t\t<\/div>\n\t<\/div>\n<\/div>\n<div class=\"rt-col-md-12 rt-col-sm-12 rt-col-xs-12 default rt-list-item rt-grid-item\" data-id=\"5580\">\n\t<div class=\"rt-holder tpg-post-holder \">\n\t\t<div class=\"rt-detail rt-el-content-wrapper\">\n\t\t\t\n\t\t\t<div class=\"post-right-content\">\n\n\t\t\t\t<div class=\"entry-title-wrapper\"><h3 class=\"entry-title\"><a data-id=\"5580\" href=\"https:\/\/site.educa.madrid.org\/ies.churriguera.leganes\/index.php\/2024\/04\/15\/taller-de-familias-stop-comportamientos-violentos-3\/\" class=\"tpg-post-link\" target=\"_self\">Formaci\u00f3n en L\u00ednea &#8211; Prevenci\u00f3n de los Desajustes Emocionales y Psicol\u00f3gicos en la Adolescencia: el Papel de las Familias<\/a><\/h3><\/div>\n\t\t\t\t\t\t\t\t\t<div class=\"post-meta-tags rt-el-post-meta\">\n\t\t\t\t\t\t            <span class='date'>\n\t\t\t\t<i class='far fa-calendar-alt '><\/i>\t\t\t\t                    <a href=\"https:\/\/site.educa.madrid.org\/ies.churriguera.leganes\/index.php\/2024\/04\/15\/\">\n\t\t\t\t\t15 abril, 2024\t\t\t\t<\/a>\n\t\t\t\t\t\t\t<\/span>\n\t\t\t\t\t\t\t\t<\/div>\n\t\t\t\t\n\t\t\t\t\t\t\t\t\t<div class=\"tpg-excerpt tpg-el-excerpt\">\n\t\t\t\t\t\t\t\t\t\t\t\t\t<div class=\"tpg-excerpt-inner\">\n\t\t\t\t\t\t\t\t\n<p>Ponemos a vuestra disposici\u00f3n este curso de Formaci\u00f3n en L\u00ednea del Instituto Superior Madrile\u00f1o de Innovaci\u00f3n Educativa (ISMIE), dirigido a las familias.<\/p>\n\n\n\n<p>Los objetivos de este curso, seg\u00fan el propio ISMIE son: \u00abEste curso pretende, a partir de la profundizaci\u00f3n en el conocimiento de las claves de desarrollo evolutivo de nuestros ni\u00f1os, ni\u00f1as y adolescentes, ahondar en los desajustes emocionales y psicol\u00f3gicos m\u00e1s comunes en estas etapas del desarrollo y, consecuentemente, habilitar v\u00edas para la prevenci\u00f3n y detecci\u00f3n de los mismos desde el entorno familiar, incorporando, asimismo, contenidos esenciales en el conocimiento cient\u00edfico y pr\u00e1ctico sobre la prevenci\u00f3n del suicidio en las edades rese\u00f1adas.\u00bb<\/p>\n\n\n\n<p>El curso es gratuito, pueden acceder pinchando en la imagen<\/p>\n\n\n\n<figure class=\"wp-block-image size-large\"><a href=\"https:\/\/formacion.educa.madrid.org\/course\/view.php?id=655\" target=\"_blank\" rel=\"noopener\"><img decoding=\"async\" loading=\"lazy\" width=\"1024\" height=\"576\" src=\"https:\/\/site.educa.madrid.org\/ies.churriguera.leganes\/\/wp-content\/uploads\/ies.churriguera.leganes\/2024\/07\/Logo-AV-MOOC-Preven-Familias-2ED-1024x576.png\" alt=\"\" class=\"wp-image-5581\" srcset=\"https:\/\/site.educa.madrid.org\/ies.churriguera.leganes\/\/wp-content\/uploads\/ies.churriguera.leganes\/2024\/07\/Logo-AV-MOOC-Preven-Familias-2ED-1024x576.png 1024w, https:\/\/site.educa.madrid.org\/ies.churriguera.leganes\/\/wp-content\/uploads\/ies.churriguera.leganes\/2024\/07\/Logo-AV-MOOC-Preven-Familias-2ED-300x169.png 300w, https:\/\/site.educa.madrid.org\/ies.churriguera.leganes\/\/wp-content\/uploads\/ies.churriguera.leganes\/2024\/07\/Logo-AV-MOOC-Preven-Familias-2ED-768x432.png 768w, https:\/\/site.educa.madrid.org\/ies.churriguera.leganes\/\/wp-content\/uploads\/ies.churriguera.leganes\/2024\/07\/Logo-AV-MOOC-Preven-Familias-2ED-1536x864.png 1536w, https:\/\/site.educa.madrid.org\/ies.churriguera.leganes\/\/wp-content\/uploads\/ies.churriguera.leganes\/2024\/07\/Logo-AV-MOOC-Preven-Familias-2ED.png 1920w\" sizes=\"auto, (max-width: 1024px) 100vw, 1024px\" \/><\/a><figcaption class=\"wp-element-caption\">MOOC Prevenci\u00f3n de los desajustes emocionales y psicol\u00f3gicos en la adolescencia: el papel de las familias. Imagen publicada por ISMIE<\/figcaption><\/figure>\n\n\n\n<p><\/p>\n\t\t\t\t\t\t\t<\/div>\n\t\t\t\t\t\t\t\t\t\t\t\t\t\t\t\t\t<\/div>\n\t\t\t\t\n\t\t\t\t\t\t\t<\/div>\n\n\t\t<\/div>\n\t<\/div>\n<\/div>\n<div class=\"rt-col-md-12 rt-col-sm-12 rt-col-xs-12 default rt-list-item rt-grid-item\" data-id=\"5585\">\n\t<div class=\"rt-holder tpg-post-holder \">\n\t\t<div class=\"rt-detail rt-el-content-wrapper\">\n\t\t\t\n\t\t\t<div class=\"post-right-content\">\n\n\t\t\t\t<div class=\"entry-title-wrapper\"><h3 class=\"entry-title\"><a data-id=\"5585\" href=\"https:\/\/site.educa.madrid.org\/ies.churriguera.leganes\/index.php\/2024\/02\/23\/taller-de-familias-stop-comportamientos-violentos-2-2\/\" class=\"tpg-post-link\" target=\"_self\">Infograf\u00edas &#8211; Uso seguro de Internet<\/a><\/h3><\/div>\n\t\t\t\t\t\t\t\t\t<div class=\"post-meta-tags rt-el-post-meta\">\n\t\t\t\t\t\t            <span class='date'>\n\t\t\t\t<i class='far fa-calendar-alt '><\/i>\t\t\t\t                    <a href=\"https:\/\/site.educa.madrid.org\/ies.churriguera.leganes\/index.php\/2024\/02\/23\/\">\n\t\t\t\t\t23 febrero, 2024\t\t\t\t<\/a>\n\t\t\t\t\t\t\t<\/span>\n\t\t\t\t\t\t\t\t<\/div>\n\t\t\t\t\n\t\t\t\t\t\t\t\t\t<div class=\"tpg-excerpt tpg-el-excerpt\">\n\t\t\t\t\t\t\t\t\t\t\t\t\t<div class=\"tpg-excerpt-inner\">\n\t\t\t\t\t\t\t\t\n<p>Ponemos a vuestra disposici\u00f3n tres infograf\u00edas que pueden ser de inter\u00e9s. Tratan tres temas b\u00e1sicos cuando nos comunicamos a trav\u00e9s de la red:<\/p>\n\n\n\n<ul class=\"wp-block-list\">\n<li>Consejos para un uso seguro de Internet<\/li>\n\n\n\n<li>Las 5P de la Huella Digital<\/li>\n\n\n\n<li>15 reglas de etiqueta en el mundo on line<\/li>\n<\/ul>\n\n\n\n<div class=\"wp-block-columns is-layout-flex wp-container-core-columns-is-layout-28f84493 wp-block-columns-is-layout-flex\">\n<div class=\"wp-block-column is-layout-flow wp-block-column-is-layout-flow\" style=\"flex-basis:33.34rem\">\n<figure class=\"wp-block-image alignleft size-large is-resized\"><img decoding=\"async\" loading=\"lazy\" width=\"410\" height=\"1024\" src=\"https:\/\/site.educa.madrid.org\/ies.churriguera.leganes\/\/wp-content\/uploads\/ies.churriguera.leganes\/2023\/10\/uso-seguro-internet-410x1024.png\" alt=\"\" class=\"wp-image-2694\" style=\"width:410px;height:1024px\" srcset=\"https:\/\/site.educa.madrid.org\/ies.churriguera.leganes\/\/wp-content\/uploads\/ies.churriguera.leganes\/2023\/10\/uso-seguro-internet-410x1024.png 410w, https:\/\/site.educa.madrid.org\/ies.churriguera.leganes\/\/wp-content\/uploads\/ies.churriguera.leganes\/2023\/10\/uso-seguro-internet-120x300.png 120w, https:\/\/site.educa.madrid.org\/ies.churriguera.leganes\/\/wp-content\/uploads\/ies.churriguera.leganes\/2023\/10\/uso-seguro-internet-768x1920.png 768w, https:\/\/site.educa.madrid.org\/ies.churriguera.leganes\/\/wp-content\/uploads\/ies.churriguera.leganes\/2023\/10\/uso-seguro-internet.png 800w\" sizes=\"auto, (max-width: 410px) 100vw, 410px\" \/><\/figure>\n\n\n<\/div>\n\n\n\n<div class=\"wp-block-column is-layout-flow wp-block-column-is-layout-flow\" style=\"flex-basis:33.34rem\">\n<\/figure><figure class=\"wp-block-image aligncenter\"><img decoding=\"async\" src=\"https:\/\/site.educa.madrid.org\/ies.churriguera.leganes\/\/wp-content\/uploads\/ies.churriguera.leganes\/2023\/10\/netiqueta.webp\" alt=\"\" \/><\/figure>\n<\/div>\n<\/div>\n\n\n\n<figure class=\"wp-block-image aligncenter\"><img decoding=\"async\" src=\"https:\/\/site.educa.madrid.org\/ies.churriguera.leganes\/\/wp-content\/uploads\/ies.churriguera.leganes\/2023\/10\/huella-digital.jpeg\" alt=\"\" \/><\/figure>\n\t\t\t\t\t\t\t<\/div>\n\t\t\t\t\t\t\t\t\t\t\t\t\t\t\t\t\t<\/div>\n\t\t\t\t\n\t\t\t\t\t\t\t<\/div>\n\n\t\t<\/div>\n\t<\/div>\n<\/div>\t\t\t\t<\/div>\n\n\t\t\t\t\n\t\t\t<\/div>\n\t\t<\/div>\n\t\t","protected":false},"excerpt":{"rendered":"","protected":false},"author":12,"featured_media":0,"parent":0,"menu_order":0,"comment_status":"closed","ping_status":"closed","template":"","meta":{"footnotes":""},"folder":[],"class_list":["post-2664","page","type-page","status-publish","hentry"],"rttpg_featured_image_url":null,"rttpg_author":{"display_name":"JUAN ANTONIO CESAR BENAVIDES","author_link":"https:\/\/site.educa.madrid.org\/ies.churriguera.leganes\/index.php\/author\/juan-antonio_csar-benavides\/"},"rttpg_comment":0,"rttpg_category":false,"rttpg_excerpt":null,"post_mailing_queue_ids":[],"_links":{"self":[{"href":"https:\/\/site.educa.madrid.org\/ies.churriguera.leganes\/index.php\/wp-json\/wp\/v2\/pages\/2664","targetHints":{"allow":["GET"]}}],"collection":[{"href":"https:\/\/site.educa.madrid.org\/ies.churriguera.leganes\/index.php\/wp-json\/wp\/v2\/pages"}],"about":[{"href":"https:\/\/site.educa.madrid.org\/ies.churriguera.leganes\/index.php\/wp-json\/wp\/v2\/types\/page"}],"author":[{"embeddable":true,"href":"https:\/\/site.educa.madrid.org\/ies.churriguera.leganes\/index.php\/wp-json\/wp\/v2\/users\/12"}],"replies":[{"embeddable":true,"href":"https:\/\/site.educa.madrid.org\/ies.churriguera.leganes\/index.php\/wp-json\/wp\/v2\/comments?post=2664"}],"version-history":[{"count":19,"href":"https:\/\/site.educa.madrid.org\/ies.churriguera.leganes\/index.php\/wp-json\/wp\/v2\/pages\/2664\/revisions"}],"predecessor-version":[{"id":5600,"href":"https:\/\/site.educa.madrid.org\/ies.churriguera.leganes\/index.php\/wp-json\/wp\/v2\/pages\/2664\/revisions\/5600"}],"wp:attachment":[{"href":"https:\/\/site.educa.madrid.org\/ies.churriguera.leganes\/index.php\/wp-json\/wp\/v2\/media?parent=2664"}],"wp:term":[{"taxonomy":"folder","embeddable":true,"href":"https:\/\/site.educa.madrid.org\/ies.churriguera.leganes\/index.php\/wp-json\/wp\/v2\/folder?post=2664"}],"curies":[{"name":"wp","href":"https:\/\/api.w.org\/{rel}","templated":true}]}}