{"id":447,"date":"2021-02-13T13:40:12","date_gmt":"2021-02-13T12:40:12","guid":{"rendered":"https:\/\/site.educa.madrid.org\/ies.churriguera.leganes\/?page_id=447"},"modified":"2024-07-24T18:25:51","modified_gmt":"2024-07-24T16:25:51","slug":"comite-medioambiental","status":"publish","type":"page","link":"https:\/\/site.educa.madrid.org\/ies.churriguera.leganes\/index.php\/comite-medioambiental\/","title":{"rendered":"Comit\u00e9 Medioambiental"},"content":{"rendered":"\n<h1 class=\"wp-block-heading\">Comit\u00e9 Medioambiental<\/h1>\n\n\n\n<p>En las <em>Instrucciones de las Viceconsejer\u00edas de Pol\u00edtica Educativa y de Organizaci\u00f3n Educativa, de 14 de julio de 2022, sobre comienzo del curso escolar 2022-2023 en centros docentes p\u00fablicos no universitarios de la Comunidad de Madrid,<\/em> se establece que los centros <br>que imparten ense\u00f1anzas de Formaci\u00f3n Profesional han de nombrar un coordinador de Eficiencia Ambiental.<\/p>\n\n\n\n<p><br>A trav\u00e9s de los Objetivos de Desarrollo Sostenible (ODS) impulsados por la ONU, se ha empezado a impulsar la utilizaci\u00f3n de forma responsable de los recursos naturales. Por ello este plan de trabajo har\u00e1 hincapi\u00e9 durante este primer a\u00f1o en determinados aspectos como la reducci\u00f3n del consumo energ\u00e9tico, uso responsable del agua, promover la utilizaci\u00f3n<br>de medios de transporte m\u00e1s sostenibles, ahorro de papel y separaci\u00f3n selectiva de residuos.<\/p>\n\n\n\n<p>Los temas medioambientales son una prioridad en el centro, que desde el curso 2010\/11 participa en los programas coordinados por el Ayuntamiento de Legan\u00e9s, Huertos escolares y Ecoescuelas. Adem\u00e1s, dentro del recinto funcionan dos huertos escolares y se atienden seis grandes zonas verdes, con una senda bot\u00e1nica, el Arboreto, que completar\u00e1 su<br>desarrollo en el presente curso 2022-23.<\/p>\n\n\n\n<p>Como cada a\u00f1o, el Comit\u00e9 Ambiental formado por docentes y alumnado velar\u00e1 por la gesti\u00f3n de residuos, la concienciaci\u00f3n al resto en temas como cambio clim\u00e1tico, sostenibilidad, desarrollo sostenible, econom\u00eda circular, huella de carbono\u2026<\/p>\n\n\n\n<p>Dejamos a vuestra disposici\u00f3n el <a href=\"https:\/\/site.educa.madrid.org\/ies.churriguera.leganes\/\/wp-content\/uploads\/ies.churriguera.leganes\/2023\/04\/PLAN-DE-EFICIENCIA-AMBIENTAL.pdf\" target=\"_blank\" rel=\"noreferrer noopener\">Plan de Trabajo de Eficiencia Medioambiental<\/a> y la <a href=\"https:\/\/site.educa.madrid.org\/ies.churriguera.leganes\/\/wp-content\/uploads\/ies.churriguera.leganes\/2024\/03\/Presentacion-sensibilizacion.pdf\" target=\"_blank\" rel=\"noreferrer noopener\">Presentaci\u00f3n de sensibilizaci\u00f3n<\/a> que acompa\u00f1a a este plan.<\/p>\n","protected":false},"excerpt":{"rendered":"<p>Comit\u00e9 Medioambiental En las Instrucciones de las Viceconsejer\u00edas de Pol\u00edtica Educativa y de Organizaci\u00f3n Educativa, de 14 de julio de 2022, sobre comienzo del curso escolar 2022-2023 en centros docentes p\u00fablicos no universitarios de la Comunidad de Madrid, se establece que los centros que imparten ense\u00f1anzas de Formaci\u00f3n Profesional han de nombrar un coordinador de [&hellip;]<\/p>\n","protected":false},"author":4,"featured_media":0,"parent":0,"menu_order":0,"comment_status":"closed","ping_status":"closed","template":"","meta":{"footnotes":""},"folder":[],"class_list":["post-447","page","type-page","status-publish","hentry"],"rttpg_featured_image_url":null,"rttpg_author":{"display_name":"Mar\u00eda del Juncal Blanco Bueno","author_link":"https:\/\/site.educa.madrid.org\/ies.churriguera.leganes\/index.php\/author\/m-juncal_blanco-bueno\/"},"rttpg_comment":0,"rttpg_category":false,"rttpg_excerpt":"Comit\u00e9 Medioambiental En las Instrucciones de las Viceconsejer\u00edas de Pol\u00edtica Educativa y de Organizaci\u00f3n Educativa, de 14 de julio de 2022, sobre comienzo del curso escolar 2022-2023 en centros docentes p\u00fablicos no universitarios de la Comunidad de Madrid, se establece que los centros que imparten ense\u00f1anzas de Formaci\u00f3n Profesional han de nombrar un coordinador de&hellip;","post_mailing_queue_ids":[],"_links":{"self":[{"href":"https:\/\/site.educa.madrid.org\/ies.churriguera.leganes\/index.php\/wp-json\/wp\/v2\/pages\/447","targetHints":{"allow":["GET"]}}],"collection":[{"href":"https:\/\/site.educa.madrid.org\/ies.churriguera.leganes\/index.php\/wp-json\/wp\/v2\/pages"}],"about":[{"href":"https:\/\/site.educa.madrid.org\/ies.churriguera.leganes\/index.php\/wp-json\/wp\/v2\/types\/page"}],"author":[{"embeddable":true,"href":"https:\/\/site.educa.madrid.org\/ies.churriguera.leganes\/index.php\/wp-json\/wp\/v2\/users\/4"}],"replies":[{"embeddable":true,"href":"https:\/\/site.educa.madrid.org\/ies.churriguera.leganes\/index.php\/wp-json\/wp\/v2\/comments?post=447"}],"version-history":[{"count":6,"href":"https:\/\/site.educa.madrid.org\/ies.churriguera.leganes\/index.php\/wp-json\/wp\/v2\/pages\/447\/revisions"}],"predecessor-version":[{"id":5762,"href":"https:\/\/site.educa.madrid.org\/ies.churriguera.leganes\/index.php\/wp-json\/wp\/v2\/pages\/447\/revisions\/5762"}],"wp:attachment":[{"href":"https:\/\/site.educa.madrid.org\/ies.churriguera.leganes\/index.php\/wp-json\/wp\/v2\/media?parent=447"}],"wp:term":[{"taxonomy":"folder","embeddable":true,"href":"https:\/\/site.educa.madrid.org\/ies.churriguera.leganes\/index.php\/wp-json\/wp\/v2\/folder?post=447"}],"curies":[{"name":"wp","href":"https:\/\/api.w.org\/{rel}","templated":true}]}}