{"id":4472,"date":"2024-07-06T18:46:08","date_gmt":"2024-07-06T16:46:08","guid":{"rendered":"https:\/\/site.educa.madrid.org\/ies.churriguera.leganes\/?page_id=4472"},"modified":"2025-06-12T20:37:28","modified_gmt":"2025-06-12T18:37:28","slug":"matricula-2-2-2","status":"publish","type":"page","link":"https:\/\/site.educa.madrid.org\/ies.churriguera.leganes\/index.php\/secretaria\/matricula-2-2-2\/","title":{"rendered":"Matr\u00edcula E.S.O y Bachillerato"},"content":{"rendered":"\n<p>Las fechas marcadas por la Comunidad de Madrid como&nbsp;<strong>plazo de presentaci\u00f3n<\/strong>&nbsp;de la&nbsp;<strong>Matr\u00edcula<\/strong>&nbsp; para el curso 2025\/2026 es del <strong>13 de junio al 5 de julio de 2024<\/strong>. <\/p>\n\n\n\n<p>Aunque la Secretar\u00eda Virtual est\u00e9 abierta durante estas fechas, <mark style=\"background-color:rgba(0, 0, 0, 0)\" class=\"has-inline-color has-vivid-purple-color\">no debe realizarse la matr\u00edcula hasta que el alumnado no haya sido evaluado y haya recibido la decisi\u00f3n sobre su promoci\u00f3n. <\/mark><\/p>\n\n\n\n<p class=\"has-text-align-center has-large-font-size\"><strong>\u00a1Importante!<\/strong><\/p>\n\n\n\n<p class=\"has-large-font-size\">El n\u00famero de cuenta que aparece en las instrucciones en los sobres de las matr\u00edculas es incorrecto. El correcto es el que aparece en las instrucciones colgadas en esta p\u00e1gina y en los documentos de la Secretar\u00eda Virtual.<br><\/p>\n\n\n\n<p class=\"has-text-align-center has-large-font-size\"><strong>ES 94 2100 6123 9113 0014 0504<\/strong><\/p>\n\n\n\n<h2 class=\"wp-block-heading\">\u00bfC\u00f3mo y d\u00f3nde me matriculo?<\/h2>\n\n\n\n<h3 class=\"wp-block-heading\">Presentaci\u00f3n Telem\u00e1tica <em>(Aconsejable)<\/em><\/h3>\n\n\n\n<p>Para poder presentar la<strong>&nbsp;Matr\u00edcula&nbsp;<\/strong>de manera telem\u00e1tica, se requiere disponer de cualquiera de las siguientes v\u00edas:<\/p>\n\n\n\n<ul class=\"wp-block-list\">\n<li> Autenticaci\u00f3n &#8211; Roble<\/li>\n\n\n\n<li>Autenticaci\u00f3n &#8211; @SCV<\/li>\n\n\n\n<li>Autenticaci\u00f3n Clave&nbsp;(DNI electr\u00f3nico, Identifica, Clave PIN o cualquier otro&nbsp;<a href=\"https:\/\/gestionesytramites.madrid.org\/cs\/Satellite?cid=1142613969523&amp;language=es&amp;pagename=ServiciosAE%2FPage%2FPSAE_contenidoFinal\" target=\"_blank\" rel=\"noreferrer noopener\">certificado digital<\/a>&nbsp; reconocido y admitido&nbsp;en la Comunidad de Madrid).<\/li>\n<\/ul>\n\n\n\n<p>El&nbsp;<strong>plazo de presentaci\u00f3n<\/strong>&nbsp;de la&nbsp;<strong>Matr\u00edcula<\/strong>&nbsp; para el curso 2025\/2026 es <strong>desde el momento de haber recibido la decisi\u00f3n de promoci\u00f3n (20 de junio) al 5 de julio de 2024. <\/strong><\/p>\n\n\n\n<p>La tramitaci\u00f3n y la obtenci\u00f3n de los formularios necesarios tiene que realizarse a trav\u00e9s de la&nbsp;<strong>Secretar\u00eda Virtual<\/strong>.<\/p>\n\n\n\n<p>Puedes acceder desde aqu\u00ed:<\/p>\n\n\n\n<div class=\"wp-block-buttons is-content-justification-center is-layout-flex wp-container-core-buttons-is-layout-a89b3969 wp-block-buttons-is-layout-flex\">\n<div class=\"wp-block-button\"><a class=\"wp-block-button__link has-vivid-red-background-color has-background wp-element-button\" href=\"https:\/\/raices.madrid.org\/secretariavirtual\/\" style=\"border-radius:8px\" target=\"_blank\" rel=\"noreferrer noopener\">ACCESO A LA SECRETAR\u00cdA VIRTUAL<\/a><\/div>\n<\/div>\n\n\n\n<hr class=\"wp-block-separator has-alpha-channel-opacity\"\/>\n\n\n\n<h3 class=\"wp-block-heading\"><strong>Presentaci\u00f3n Presencial<\/strong><\/h3>\n\n\n\n<p>Para realizar la Matr\u00edcula en E.S.O. o Bachillerato de forma presencial:<\/p>\n\n\n\n<ul class=\"wp-block-list\">\n<li>puede rellenar los documentos que se detallan a continuaci\u00f3n, imprimirlos y presentarlos en la Secretar\u00eda en <a href=\"https:\/\/site.educa.madrid.org\/ies.churriguera.leganes\/index.php\/2025\/06\/03\/calendario-de-matricula-para-el-curso-2025-2026\/\" target=\"_blank\" rel=\"noreferrer noopener\">el calendario y horario publicado en nuestra web<\/a>. <mark style=\"background-color:rgba(0, 0, 0, 0)\" class=\"has-inline-color has-vivid-purple-color\"><strong>Siempre que haya comprobado con la Secretar\u00eda del centro que existe plaza y que se cumplen las condiciones para poder realizarse la matr\u00edcula<\/strong>.<\/mark><\/li>\n\n\n\n<li>O puede pasarse por nuestro centro y pedir un sobre de matr\u00edcula, rellenarlo y presentarlo en Secretar\u00eda en el horario anterior.<\/li>\n<\/ul>\n\n\n\n<p>Los documentos que debe cumplimentar son los siguientes:<\/p>\n\n\n\n<figure class=\"wp-block-table\"><table><tbody><tr><td rowspan=\"5\">Educaci\u00f3n Secundaria Obligatoria<\/td><\/tr><tr><td>Descargue el formulario del curso en el que desea matricular al alumno o la alumna <br>1\u00ba ESO: <a href=\"https:\/\/site.educa.madrid.org\/ies.churriguera.leganes\/\/wp-content\/uploads\/ies.churriguera.leganes\/2025\/06\/INSTRUCCIONES-MATRICULA-1-ESO-OK.pdf\" data-type=\"link\" data-id=\"https:\/\/site.educa.madrid.org\/ies.churriguera.leganes\/\/wp-content\/uploads\/ies.churriguera.leganes\/2024\/07\/Formulario_matricula_CFGS_v1.0.pdf\" target=\"_blank\" rel=\"noreferrer noopener\"><\/a><a href=\"https:\/\/site.educa.madrid.org\/ies.churriguera.leganes\/\/wp-content\/uploads\/ies.churriguera.leganes\/2024\/07\/INSTRUCCIONES-MATRICULA-ESO-CURSO-24-25.docx-1.pdf\" target=\"_blank\" rel=\"noreferrer noopener\">Instrucciones de matr\u00edcula<\/a> \/ <a href=\"https:\/\/site.educa.madrid.org\/ies.churriguera.leganes\/\/wp-content\/uploads\/ies.churriguera.leganes\/2025\/06\/Matricula1ESOOnline.pdf\" data-type=\"link\" data-id=\"https:\/\/site.educa.madrid.org\/ies.churriguera.leganes\/\/wp-content\/uploads\/ies.churriguera.leganes\/2024\/07\/Formulario_matricula_CFGS_v1.0.pdf\" target=\"_blank\" rel=\"noreferrer noopener\">Formulario de Matr\u00edcula<\/a> ( completamente cumplimentado y firmado, dos copias) <br>2\u00ba ESO: <a href=\"https:\/\/site.educa.madrid.org\/ies.churriguera.leganes\/\/wp-content\/uploads\/ies.churriguera.leganes\/2025\/06\/INSTRUCCIONES-MATRICULA-1-ESO-OK.pdf\" data-type=\"link\" data-id=\"https:\/\/site.educa.madrid.org\/ies.churriguera.leganes\/\/wp-content\/uploads\/ies.churriguera.leganes\/2024\/07\/Formulario_matricula_CFGS_v1.0.pdf\" target=\"_blank\" rel=\"noreferrer noopener\"><\/a><a href=\"https:\/\/site.educa.madrid.org\/ies.churriguera.leganes\/\/wp-content\/uploads\/ies.churriguera.leganes\/2025\/06\/INSTRUCCIONES-MATRICULA-2-ESO-OK-1.pdf\" target=\"_blank\" rel=\"noreferrer noopener\">Instrucciones de matr\u00edcula<\/a> \/ <a href=\"https:\/\/site.educa.madrid.org\/ies.churriguera.leganes\/\/wp-content\/uploads\/ies.churriguera.leganes\/2025\/06\/Matricula2ESOOnline.pdf\" target=\"_blank\" rel=\"noreferrer noopener\">Formulario de Matr\u00edcula<\/a> (completamente cumplimentado y firmado, dos copias) <br>3\u00ba ESO: <a href=\"https:\/\/site.educa.madrid.org\/ies.churriguera.leganes\/\/wp-content\/uploads\/ies.churriguera.leganes\/2025\/06\/INSTRUCCIONES-MATRICULA-1-ESO-OK.pdf\" data-type=\"link\" data-id=\"https:\/\/site.educa.madrid.org\/ies.churriguera.leganes\/\/wp-content\/uploads\/ies.churriguera.leganes\/2024\/07\/Formulario_matricula_CFGS_v1.0.pdf\" target=\"_blank\" rel=\"noreferrer noopener\"><\/a><a href=\"https:\/\/site.educa.madrid.org\/ies.churriguera.leganes\/\/wp-content\/uploads\/ies.churriguera.leganes\/2025\/06\/INSTRUCCIONES-MATRICULA-3-ESO-OK.pdf\" target=\"_blank\" rel=\"noreferrer noopener\">Instrucciones de matr\u00edcula<\/a> \/ <a href=\"https:\/\/site.educa.madrid.org\/ies.churriguera.leganes\/\/wp-content\/uploads\/ies.churriguera.leganes\/2025\/06\/Matricula3ESOOnline.pdf\" target=\"_blank\" rel=\"noreferrer noopener\">Formulario de Matr\u00edcula<\/a>(completamente cumplimentado y firmado, dos copias) <br>4\u00ba ESO: <a href=\"https:\/\/site.educa.madrid.org\/ies.churriguera.leganes\/\/wp-content\/uploads\/ies.churriguera.leganes\/2025\/06\/INSTRUCCIONES-MATRICULA-1-ESO-OK.pdf\" data-type=\"link\" data-id=\"https:\/\/site.educa.madrid.org\/ies.churriguera.leganes\/\/wp-content\/uploads\/ies.churriguera.leganes\/2024\/07\/Formulario_matricula_CFGS_v1.0.pdf\" target=\"_blank\" rel=\"noreferrer noopener\"><\/a><a href=\"https:\/\/site.educa.madrid.org\/ies.churriguera.leganes\/\/wp-content\/uploads\/ies.churriguera.leganes\/2025\/06\/INSTRUCCIONES-MATRICULA-4-ESO-OK.pdf\" target=\"_blank\" rel=\"noreferrer noopener\">Instrucciones de matr\u00edcula<\/a> \/ <a href=\"https:\/\/site.educa.madrid.org\/ies.churriguera.leganes\/\/wp-content\/uploads\/ies.churriguera.leganes\/2025\/06\/Matricula4ESOOnline.pdf\" target=\"_blank\" rel=\"noreferrer noopener\">Formulario de Matr\u00edcula<\/a> (completamente cumplimentado y firmado, dos copias)<\/td><\/tr><tr><td><a href=\"https:\/\/site.educa.madrid.org\/ies.churriguera.leganes\/\/wp-content\/uploads\/ies.churriguera.leganes\/2025\/06\/CONSENTIMIENTO-INFORMADO-1.pdf\" data-type=\"link\" target=\"_blank\" rel=\"noreferrer noopener\">Autorizaci\u00f3n de utilizaci\u00f3n de imagen<\/a>. Su entrega es obligatoria rellenando si se autoriza o no.<\/td><\/tr><tr><td><a href=\"https:\/\/site.educa.madrid.org\/ies.churriguera.leganes\/\/wp-content\/uploads\/ies.churriguera.leganes\/2025\/06\/HOJA-INSCRIPCION-AMPA-CHURRI-2025-2026.pdf\" target=\"_blank\" rel=\"noreferrer noopener\">Hoja de inscripci\u00f3n del AMPA<\/a>. Si se quiere ser socio, se rellenar\u00e1 el documento y se entregar\u00e1 en el buz\u00f3n o en las dependencias del AMPA<\/td><\/tr><tr><td><a href=\"https:\/\/site.educa.madrid.org\/ies.churriguera.leganes\/\/wp-content\/uploads\/ies.churriguera.leganes\/2025\/06\/carta-padres-classband-25-26.pdf\" target=\"_blank\" rel=\"noreferrer noopener\">Hoja de informaci\u00f3n sobre la Class-Band<\/a> para alumnado de 3\u00ba de ESO<\/td><\/tr><tr><\/tr><tr><td rowspan=\"5\">Bachillerato<\/td><td><a href=\"https:\/\/site.educa.madrid.org\/ies.churriguera.leganes\/\/wp-content\/uploads\/ies.churriguera.leganes\/2025\/06\/INSTRUCCIONES-MATRICULA-1o-y-2o-BTO-OK.pdf\" target=\"_blank\" rel=\"noreferrer noopener\">Instrucciones de matr\u00edcula<\/a><\/td><\/tr><tr><td>Descargue el formulario del curso en el que desea matricular al alumno o la alumna<br>1\u00ba Bachillerato: <a href=\"https:\/\/site.educa.madrid.org\/ies.churriguera.leganes\/\/wp-content\/uploads\/ies.churriguera.leganes\/2025\/06\/Matricula1BtoOnline_v2.0.pdf\" data-type=\"link\" data-id=\"https:\/\/site.educa.madrid.org\/ies.churriguera.leganes\/\/wp-content\/uploads\/ies.churriguera.leganes\/2024\/07\/Formulario_matricula_CFGS_v1.0.pdf\" target=\"_blank\" rel=\"noreferrer noopener\">Formulario de Matr\u00edcula<\/a> ( completamente cumplimentado y firmado, dos copias)<br>2\u00ba Bachillerato: <a href=\"https:\/\/site.educa.madrid.org\/ies.churriguera.leganes\/\/wp-content\/uploads\/ies.churriguera.leganes\/2025\/06\/Matricula2BtoOnline_v2.0.pdf\" target=\"_blank\" rel=\"noreferrer noopener\">Formulario de Matr\u00edcula<\/a> (completamente cumplimentado y firmado, dos copias)<\/td><\/tr><tr><td><a href=\"https:\/\/site.educa.madrid.org\/ies.churriguera.leganes\/\/wp-content\/uploads\/ies.churriguera.leganes\/2025\/06\/CONSENTIMIENTO-INFORMADO-1.pdf\" data-type=\"link\" data-id=\"https:\/\/site.educa.madrid.org\/ies.churriguera.leganes\/\/wp-content\/uploads\/ies.churriguera.leganes\/2024\/07\/CONSENTIMIENTOINFORMADOMAYORESDEEDAD.pdf\" target=\"_blank\" rel=\"noreferrer noopener\">Autorizaci\u00f3n de utilizaci\u00f3n de imagen<\/a>. Su entrega es obligatoria rellenando si se autoriza o no.<\/td><\/tr><\/tbody><\/table><\/figure>\n\n\n\n<p>No olvide entregar adem\u00e1s:<\/p>\n\n\n\n<ul class=\"wp-block-list\">\n<li>Una fotocopia del DNI, NIE o Pasaporte. Si el alumno o alumna es menor de 14 a\u00f1os y no tiene documento de identificaci\u00f3n, fotocopia del libro de familia<\/li>\n\n\n\n<li>Una fotograf\u00eda actualizada<\/li>\n\n\n\n<li>El justificante de pago del Seguro Escolar para alumnos de 3\u00ba, 4\u00ba de ESO y Bachillerato.<\/li>\n\n\n\n<li>T\u00edtulo de Familia Numerosa (si procede)<\/li>\n\n\n\n<li>Para el alumnado de 3\u00ba de ESO, el justificante del abono para mantenimiento y compra de instrumentos de la Class-Band<\/li>\n<\/ul>\n\n\n\n<p><\/p>\n\n\n\n<p><\/p>\n","protected":false},"excerpt":{"rendered":"<p>Las fechas marcadas por la Comunidad de Madrid como&nbsp;plazo de presentaci\u00f3n&nbsp;de la&nbsp;Matr\u00edcula&nbsp; para el curso 2025\/2026 es del 13 de junio al 5 de julio de 2024. Aunque la Secretar\u00eda Virtual est\u00e9 abierta durante estas fechas, no debe realizarse la matr\u00edcula hasta que el alumnado no haya sido evaluado y haya recibido la decisi\u00f3n sobre [&hellip;]<\/p>\n","protected":false},"author":14,"featured_media":0,"parent":103,"menu_order":0,"comment_status":"closed","ping_status":"closed","template":"","meta":{"footnotes":""},"folder":[],"class_list":["post-4472","page","type-page","status-publish","hentry"],"rttpg_featured_image_url":null,"rttpg_author":{"display_name":"PATRICIA D\u00cdAZ GARC\u00cdA","author_link":"https:\/\/site.educa.madrid.org\/ies.churriguera.leganes\/index.php\/author\/patricia_diaz-garcia\/"},"rttpg_comment":0,"rttpg_category":false,"rttpg_excerpt":"Las fechas marcadas por la Comunidad de Madrid como&nbsp;plazo de presentaci\u00f3n&nbsp;de la&nbsp;Matr\u00edcula&nbsp; para el curso 2025\/2026 es del 13 de junio al 5 de julio de 2024. Aunque la Secretar\u00eda Virtual est\u00e9 abierta durante estas fechas, no debe realizarse la matr\u00edcula hasta que el alumnado no haya sido evaluado y haya recibido la decisi\u00f3n sobre&hellip;","post_mailing_queue_ids":[],"_links":{"self":[{"href":"https:\/\/site.educa.madrid.org\/ies.churriguera.leganes\/index.php\/wp-json\/wp\/v2\/pages\/4472","targetHints":{"allow":["GET"]}}],"collection":[{"href":"https:\/\/site.educa.madrid.org\/ies.churriguera.leganes\/index.php\/wp-json\/wp\/v2\/pages"}],"about":[{"href":"https:\/\/site.educa.madrid.org\/ies.churriguera.leganes\/index.php\/wp-json\/wp\/v2\/types\/page"}],"author":[{"embeddable":true,"href":"https:\/\/site.educa.madrid.org\/ies.churriguera.leganes\/index.php\/wp-json\/wp\/v2\/users\/14"}],"replies":[{"embeddable":true,"href":"https:\/\/site.educa.madrid.org\/ies.churriguera.leganes\/index.php\/wp-json\/wp\/v2\/comments?post=4472"}],"version-history":[{"count":9,"href":"https:\/\/site.educa.madrid.org\/ies.churriguera.leganes\/index.php\/wp-json\/wp\/v2\/pages\/4472\/revisions"}],"predecessor-version":[{"id":8634,"href":"https:\/\/site.educa.madrid.org\/ies.churriguera.leganes\/index.php\/wp-json\/wp\/v2\/pages\/4472\/revisions\/8634"}],"up":[{"embeddable":true,"href":"https:\/\/site.educa.madrid.org\/ies.churriguera.leganes\/index.php\/wp-json\/wp\/v2\/pages\/103"}],"wp:attachment":[{"href":"https:\/\/site.educa.madrid.org\/ies.churriguera.leganes\/index.php\/wp-json\/wp\/v2\/media?parent=4472"}],"wp:term":[{"taxonomy":"folder","embeddable":true,"href":"https:\/\/site.educa.madrid.org\/ies.churriguera.leganes\/index.php\/wp-json\/wp\/v2\/folder?post=4472"}],"curies":[{"name":"wp","href":"https:\/\/api.w.org\/{rel}","templated":true}]}}