{"id":466,"date":"2021-02-15T10:28:06","date_gmt":"2021-02-15T09:28:06","guid":{"rendered":"https:\/\/site.educa.madrid.org\/ies.churriguera.leganes\/?page_id=466"},"modified":"2025-11-05T12:49:39","modified_gmt":"2025-11-05T11:49:39","slug":"matematicas","status":"publish","type":"page","link":"https:\/\/site.educa.madrid.org\/ies.churriguera.leganes\/index.php\/departamentos\/matematicas\/","title":{"rendered":"Matem\u00e1ticas"},"content":{"rendered":"\n<h2 class=\"wp-block-heading\">Materias del departamento<\/h2>\n\n\n\n<h3 class=\"wp-block-heading\">1\u00ba E.S.O.<\/h3>\n\n\n\n<p>Matem\u00e1ticas: <a href=\"https:\/\/site.educa.madrid.org\/ies.churriguera.leganes\/\/wp-content\/uploads\/ies.churriguera.leganes\/2025\/11\/Mat-1ESO-25.pdf\" target=\"_blank\" rel=\"noreferrer noopener\">Criterios de Evaluaci\u00f3n y Calificaci\u00f3n<\/a> (Curso 25\/26)<\/p>\n\n\n\n<p>Refuerzo de Matem\u00e1ticas: <a href=\"https:\/\/site.educa.madrid.org\/ies.churriguera.leganes\/\/wp-content\/uploads\/ies.churriguera.leganes\/2025\/11\/Ref-Mat-1ESO-25.pdf\" target=\"_blank\" rel=\"noreferrer noopener\">Criterios de Evaluaci\u00f3n y Calificaci\u00f3n<\/a> (Curso 25\/26)<\/p>\n\n\n\n<h3 class=\"wp-block-heading\">2\u00ba E.S.O.<\/h3>\n\n\n\n<p>Matem\u00e1ticas: <a href=\"https:\/\/site.educa.madrid.org\/ies.churriguera.leganes\/\/wp-content\/uploads\/ies.churriguera.leganes\/2025\/11\/Mat-2ESO-25.pdf\" target=\"_blank\" rel=\"noreferrer noopener\">Criterios de Evaluaci\u00f3n y Calificaci\u00f3n <\/a>(Curso 25\/26)<\/p>\n\n\n\n<p>Refuerzo de Matem\u00e1ticas: <a href=\"https:\/\/site.educa.madrid.org\/ies.churriguera.leganes\/\/wp-content\/uploads\/ies.churriguera.leganes\/2025\/11\/Ref-Mat-2ESO-25.pdf\" target=\"_blank\" rel=\"noreferrer noopener\">Criterios de Evaluaci\u00f3n y Calificaci\u00f3n<\/a> (Curso 25\/26)<\/p>\n\n\n\n<h3 class=\"wp-block-heading\">3\u00ba E.S.O.<\/h3>\n\n\n\n<p>Matem\u00e1ticas: <a href=\"https:\/\/site.educa.madrid.org\/ies.churriguera.leganes\/\/wp-content\/uploads\/ies.churriguera.leganes\/2025\/11\/Mat-3ESO-25.pdf\" target=\"_blank\" rel=\"noreferrer noopener\">Criterios de Evaluaci\u00f3n y Calificaci\u00f3n <\/a>(Curso 25\/26)<\/p>\n\n\n\n<h3 class=\"wp-block-heading\">4\u00ba E.S.O.<\/h3>\n\n\n\n<p>Matem\u00e1ticas A: <a href=\"https:\/\/site.educa.madrid.org\/ies.churriguera.leganes\/\/wp-content\/uploads\/ies.churriguera.leganes\/2025\/11\/Mat-4ESO-op-A-25.pdf\" target=\"_blank\" rel=\"noreferrer noopener\">Criterios de Evaluaci\u00f3n y Calificaci\u00f3n<\/a> (Curso 25\/26)<\/p>\n\n\n\n<p>Matem\u00e1ticas B: <a href=\"https:\/\/site.educa.madrid.org\/ies.churriguera.leganes\/\/wp-content\/uploads\/ies.churriguera.leganes\/2025\/11\/Mat-4ESO-op-B-25.pdf\" target=\"_blank\" rel=\"noreferrer noopener\">Criterios de Evaluaci\u00f3n y Calificaci\u00f3n<\/a> (Curso 25\/26)<\/p>\n\n\n\n<h3 class=\"wp-block-heading\">1\u00ba Bachillerato <\/h3>\n\n\n\n<p>Matem\u00e1ticas I: <a href=\"https:\/\/site.educa.madrid.org\/ies.churriguera.leganes\/\/wp-content\/uploads\/ies.churriguera.leganes\/2025\/11\/Mat-I-25.pdf\" target=\"_blank\" rel=\"noreferrer noopener\">Criterios de Evaluaci\u00f3n y Calificaci\u00f3n<\/a> (Curso 25\/26)<\/p>\n\n\n\n<p>Matem\u00e1ticas Aplicadas a las Ciencias Sociales I: <a href=\"https:\/\/site.educa.madrid.org\/ies.churriguera.leganes\/\/wp-content\/uploads\/ies.churriguera.leganes\/2025\/11\/Mat-CS-I-25.pdf\" target=\"_blank\" rel=\"noreferrer noopener\">Criterios de Evaluaci\u00f3n y Calificaci\u00f3n<\/a> (Curso 25\/26)<\/p>\n\n\n\n<h3 class=\"wp-block-heading\">2\u00ba Bachillerato<\/h3>\n\n\n\n<p>Matem\u00e1ticas II: <a href=\"https:\/\/site.educa.madrid.org\/ies.churriguera.leganes\/\/wp-content\/uploads\/ies.churriguera.leganes\/2025\/11\/Mat-II-25.pdf\" target=\"_blank\" rel=\"noreferrer noopener\">Criterios de Evaluaci\u00f3n y Calificaci\u00f3n<\/a> (Curso 25\/26)<\/p>\n\n\n\n<p>Matem\u00e1ticas Aplicadas a las Ciencias Sociales II: <a href=\"https:\/\/site.educa.madrid.org\/ies.churriguera.leganes\/\/wp-content\/uploads\/ies.churriguera.leganes\/2025\/11\/Mat-CS-II-25.pdf\" target=\"_blank\" rel=\"noreferrer noopener\">Criterios de Evaluaci\u00f3n y Calificaci\u00f3n<\/a> (Curso 25\/26)<\/p>\n\n\n\n<h3 class=\"wp-block-heading\">Bachillerato de Personas Adultas <\/h3>\n\n\n\n<p>Matem\u00e1ticas I: <a href=\"https:\/\/site.educa.madrid.org\/ies.churriguera.leganes\/\/wp-content\/uploads\/ies.churriguera.leganes\/2025\/11\/BPA-Mat-I-25.pdf\" target=\"_blank\" rel=\"noreferrer noopener\">Criterios de Evaluaci\u00f3n y Calificaci\u00f3n<\/a> (Curso 25\/26)<\/p>\n\n\n\n<p>Matem\u00e1ticas Aplicadas a las Ciencias Sociales I: <a href=\"https:\/\/site.educa.madrid.org\/ies.churriguera.leganes\/\/wp-content\/uploads\/ies.churriguera.leganes\/2025\/11\/BPA-Mat-CS-I-25.pdf\" target=\"_blank\" rel=\"noreferrer noopener\">Criterios de Evaluaci\u00f3n y Calificaci\u00f3n<\/a> (Curso 25\/26)<\/p>\n\n\n\n<p>Matem\u00e1ticas II: <a href=\"https:\/\/site.educa.madrid.org\/ies.churriguera.leganes\/\/wp-content\/uploads\/ies.churriguera.leganes\/2025\/11\/BPA-Mat-II-25.pdf\" target=\"_blank\" rel=\"noreferrer noopener\">Criterios de Evaluaci\u00f3n y Calificaci\u00f3n<\/a> (Curso 25\/26)<\/p>\n\n\n\n<p>Matem\u00e1ticas Aplicadas a las Ciencias Sociales II: <a href=\"https:\/\/site.educa.madrid.org\/ies.churriguera.leganes\/\/wp-content\/uploads\/ies.churriguera.leganes\/2025\/11\/BPA-Mat-CS-II-25.pdf\" target=\"_blank\" rel=\"noreferrer noopener\">Criterios de Evaluaci\u00f3n y Calificaci\u00f3n<\/a> (Curso 25\/26)<\/p>\n\n\n\n<p><\/p>\n","protected":false},"excerpt":{"rendered":"<p>Materias del departamento 1\u00ba E.S.O. Matem\u00e1ticas: Criterios de Evaluaci\u00f3n y Calificaci\u00f3n (Curso 25\/26) Refuerzo de Matem\u00e1ticas: Criterios de Evaluaci\u00f3n y Calificaci\u00f3n (Curso 25\/26) 2\u00ba E.S.O. Matem\u00e1ticas: Criterios de Evaluaci\u00f3n y Calificaci\u00f3n (Curso 25\/26) Refuerzo de Matem\u00e1ticas: Criterios de Evaluaci\u00f3n y Calificaci\u00f3n (Curso 25\/26) 3\u00ba E.S.O. Matem\u00e1ticas: Criterios de Evaluaci\u00f3n y Calificaci\u00f3n (Curso 25\/26) 4\u00ba E.S.O. [&hellip;]<\/p>\n","protected":false},"author":71,"featured_media":0,"parent":412,"menu_order":11,"comment_status":"closed","ping_status":"closed","template":"","meta":{"footnotes":""},"folder":[],"class_list":["post-466","page","type-page","status-publish","hentry"],"rttpg_featured_image_url":null,"rttpg_author":{"display_name":"M.Carmen Moreno Hornero","author_link":"https:\/\/site.educa.madrid.org\/ies.churriguera.leganes\/index.php\/author\/m-carmen_moreno-hornero\/"},"rttpg_comment":0,"rttpg_category":false,"rttpg_excerpt":"Materias del departamento 1\u00ba E.S.O. Matem\u00e1ticas: Criterios de Evaluaci\u00f3n y Calificaci\u00f3n (Curso 25\/26) Refuerzo de Matem\u00e1ticas: Criterios de Evaluaci\u00f3n y Calificaci\u00f3n (Curso 25\/26) 2\u00ba E.S.O. Matem\u00e1ticas: Criterios de Evaluaci\u00f3n y Calificaci\u00f3n (Curso 25\/26) Refuerzo de Matem\u00e1ticas: Criterios de Evaluaci\u00f3n y Calificaci\u00f3n (Curso 25\/26) 3\u00ba E.S.O. Matem\u00e1ticas: Criterios de Evaluaci\u00f3n y Calificaci\u00f3n (Curso 25\/26) 4\u00ba E.S.O.&hellip;","post_mailing_queue_ids":[],"_links":{"self":[{"href":"https:\/\/site.educa.madrid.org\/ies.churriguera.leganes\/index.php\/wp-json\/wp\/v2\/pages\/466","targetHints":{"allow":["GET"]}}],"collection":[{"href":"https:\/\/site.educa.madrid.org\/ies.churriguera.leganes\/index.php\/wp-json\/wp\/v2\/pages"}],"about":[{"href":"https:\/\/site.educa.madrid.org\/ies.churriguera.leganes\/index.php\/wp-json\/wp\/v2\/types\/page"}],"author":[{"embeddable":true,"href":"https:\/\/site.educa.madrid.org\/ies.churriguera.leganes\/index.php\/wp-json\/wp\/v2\/users\/71"}],"replies":[{"embeddable":true,"href":"https:\/\/site.educa.madrid.org\/ies.churriguera.leganes\/index.php\/wp-json\/wp\/v2\/comments?post=466"}],"version-history":[{"count":25,"href":"https:\/\/site.educa.madrid.org\/ies.churriguera.leganes\/index.php\/wp-json\/wp\/v2\/pages\/466\/revisions"}],"predecessor-version":[{"id":9121,"href":"https:\/\/site.educa.madrid.org\/ies.churriguera.leganes\/index.php\/wp-json\/wp\/v2\/pages\/466\/revisions\/9121"}],"up":[{"embeddable":true,"href":"https:\/\/site.educa.madrid.org\/ies.churriguera.leganes\/index.php\/wp-json\/wp\/v2\/pages\/412"}],"wp:attachment":[{"href":"https:\/\/site.educa.madrid.org\/ies.churriguera.leganes\/index.php\/wp-json\/wp\/v2\/media?parent=466"}],"wp:term":[{"taxonomy":"folder","embeddable":true,"href":"https:\/\/site.educa.madrid.org\/ies.churriguera.leganes\/index.php\/wp-json\/wp\/v2\/folder?post=466"}],"curies":[{"name":"wp","href":"https:\/\/api.w.org\/{rel}","templated":true}]}}