{"id":470,"date":"2021-02-15T10:28:51","date_gmt":"2021-02-15T09:28:51","guid":{"rendered":"https:\/\/site.educa.madrid.org\/ies.churriguera.leganes\/?page_id=470"},"modified":"2025-12-10T20:54:07","modified_gmt":"2025-12-10T19:54:07","slug":"fisica-y-quimica","status":"publish","type":"page","link":"https:\/\/site.educa.madrid.org\/ies.churriguera.leganes\/index.php\/departamentos\/fisica-y-quimica\/","title":{"rendered":"F\u00cdSICA Y QU\u00cdMICA"},"content":{"rendered":"\n<figure class=\"wp-block-image aligncenter size-full is-resized\"><img loading=\"lazy\" decoding=\"async\" width=\"1024\" height=\"256\" src=\"https:\/\/site.educa.madrid.org\/ies.churriguera.leganes\/\/wp-content\/uploads\/ies.churriguera.leganes\/2024\/10\/Banner-FyQ-1024x256-1.png\" alt=\"\" class=\"wp-image-6096\" style=\"width:796px;height:auto\" srcset=\"https:\/\/site.educa.madrid.org\/ies.churriguera.leganes\/\/wp-content\/uploads\/ies.churriguera.leganes\/2024\/10\/Banner-FyQ-1024x256-1.png 1024w, https:\/\/site.educa.madrid.org\/ies.churriguera.leganes\/\/wp-content\/uploads\/ies.churriguera.leganes\/2024\/10\/Banner-FyQ-1024x256-1-300x75.png 300w, https:\/\/site.educa.madrid.org\/ies.churriguera.leganes\/\/wp-content\/uploads\/ies.churriguera.leganes\/2024\/10\/Banner-FyQ-1024x256-1-768x192.png 768w\" sizes=\"auto, (max-width: 1024px) 100vw, 1024px\" \/><\/figure>\n\n\n\n<p class=\"has-text-align-center has-black-color has-text-color has-link-color wp-elements-f7ab9227f4b22d8fc114da9cdde423e7\">En este apartado encontrar\u00e1s informaci\u00f3n clave sobre c\u00f3mo se organizan las asignaturas del departamento de F\u00edsica y Qu\u00edmica<\/p>\n\n\n\n<p class=\"has-text-align-center has-text-color has-background has-medium-font-size\" style=\"color:#8638d0;background-color:#8dd2fca8\"><strong>EDUCACI\u00d3N SECUNDARIA OBLIGATORIA<\/strong><\/p>\n\n\n\n<p><a href=\"https:\/\/site.educa.madrid.org\/ies.churriguera.leganes\/\/wp-content\/uploads\/ies.churriguera.leganes\/2025\/11\/FYQ-2o-ESO.pdf\" target=\"_blank\" rel=\"noreferrer noopener\">2\u00ba ESO: Informaci\u00f3n (Curso 25\/26)<\/a><\/p>\n\n\n\n<p><a href=\"https:\/\/site.educa.madrid.org\/ies.churriguera.leganes\/\/wp-content\/uploads\/ies.churriguera.leganes\/2025\/11\/FYQ-3o-ESO.pdf\" target=\"_blank\" rel=\"noreferrer noopener\">3\u00ba ESO: Informaci\u00f3n (Curso 25\/26)<\/a><\/p>\n\n\n\n<p><a href=\"https:\/\/site.educa.madrid.org\/ies.churriguera.leganes\/\/wp-content\/uploads\/ies.churriguera.leganes\/2025\/11\/FYQ-4o-ESO.pdf\" target=\"_blank\" rel=\"noreferrer noopener\">4\u00baESO: Informaci\u00f3n  (Curso 25\/26)<\/a><\/p>\n\n\n\n<p class=\"has-text-align-center has-text-color has-background has-medium-font-size\" style=\"color:#8638d0;background-color:#8dd2fca8\"><strong>BACHILLERATO<\/strong><\/p>\n\n\n\n<p><a href=\"https:\/\/site.educa.madrid.org\/ies.churriguera.leganes\/\/wp-content\/uploads\/ies.churriguera.leganes\/2025\/11\/FYQ-1o-BACH.pdf\" target=\"_blank\" rel=\"noreferrer noopener\">1\u00baBACH: Informaci\u00f3n(Curso 25\/26)<\/a><\/p>\n\n\n\n<p><a href=\"https:\/\/site.educa.madrid.org\/ies.churriguera.leganes\/\/wp-content\/uploads\/ies.churriguera.leganes\/2025\/11\/QUIMICA-2o-BACH.pdf\" target=\"_blank\" rel=\"noreferrer noopener\">QU\u00cdMICA 2\u00baBACH: Informaci\u00f3n (Curso 25\/26)<\/a><\/p>\n\n\n\n<p><a href=\"https:\/\/site.educa.madrid.org\/ies.churriguera.leganes\/\/wp-content\/uploads\/ies.churriguera.leganes\/2025\/11\/FISICA-2o-BACH.pdf\" target=\"_blank\" rel=\"noreferrer noopener\">F\u00cdSICA 2\u00baBACH: Informaci\u00f3n (Curso 25\/26)<\/a><\/p>\n\n\n\n<p class=\"has-text-align-center has-vivid-purple-color has-text-color has-background has-medium-font-size\" style=\"background-color:#8dd2fca8\"><strong>BACHILLERATO PERSONAS ADULTAS<\/strong><\/p>\n\n\n\n<p><a href=\"https:\/\/site.educa.madrid.org\/ies.churriguera.leganes\/\/wp-content\/uploads\/ies.churriguera.leganes\/2025\/12\/FYQ-1o-BACH-ADULTOS.pdf\" target=\"_blank\" rel=\"noreferrer noopener\">1\u00baBACH PERSONAS ADULTAS: Informaci\u00f3n(Curso 25\/26<\/a>)<\/p>\n\n\n\n<p><a href=\"https:\/\/site.educa.madrid.org\/ies.churriguera.leganes\/\/wp-content\/uploads\/ies.churriguera.leganes\/2025\/11\/QUIMICA-2o-BACH-ADULTOS.pdf\" target=\"_blank\" rel=\"noreferrer noopener\">QU\u00cdMICA 2\u00baBACH PERSONAS ADULTAS: Informaci\u00f3n (Curso 25\/26)<\/a><\/p>\n\n\n\n<p><a href=\"https:\/\/site.educa.madrid.org\/ies.churriguera.leganes\/\/wp-content\/uploads\/ies.churriguera.leganes\/2025\/11\/FISICA-2o-BACH-ADULTOS.pdf\" target=\"_blank\" rel=\"noreferrer noopener\">F\u00cdSICA 2\u00baBACH PERSONAS ADULTAS: Informaci\u00f3n (Curso 25\/26)<\/a><\/p>\n\n\n\n<p><\/p>\n","protected":false},"excerpt":{"rendered":"<p>En este apartado encontrar\u00e1s informaci\u00f3n clave sobre c\u00f3mo se organizan las asignaturas del departamento de F\u00edsica y Qu\u00edmica EDUCACI\u00d3N SECUNDARIA OBLIGATORIA 2\u00ba ESO: Informaci\u00f3n (Curso 25\/26) 3\u00ba ESO: Informaci\u00f3n (Curso 25\/26) 4\u00baESO: Informaci\u00f3n (Curso 25\/26) BACHILLERATO 1\u00baBACH: Informaci\u00f3n(Curso 25\/26) QU\u00cdMICA 2\u00baBACH: Informaci\u00f3n (Curso 25\/26) F\u00cdSICA 2\u00baBACH: Informaci\u00f3n (Curso 25\/26) BACHILLERATO PERSONAS ADULTAS 1\u00baBACH PERSONAS ADULTAS: [&hellip;]<\/p>\n","protected":false},"author":62,"featured_media":0,"parent":412,"menu_order":5,"comment_status":"closed","ping_status":"closed","template":"","meta":{"footnotes":""},"folder":[],"class_list":["post-470","page","type-page","status-publish","hentry"],"rttpg_featured_image_url":null,"rttpg_author":{"display_name":"Irene Ramos Rico","author_link":"https:\/\/site.educa.madrid.org\/ies.churriguera.leganes\/index.php\/author\/irene_ramos-rico\/"},"rttpg_comment":0,"rttpg_category":false,"rttpg_excerpt":"En este apartado encontrar\u00e1s informaci\u00f3n clave sobre c\u00f3mo se organizan las asignaturas del departamento de F\u00edsica y Qu\u00edmica EDUCACI\u00d3N SECUNDARIA OBLIGATORIA 2\u00ba ESO: Informaci\u00f3n (Curso 25\/26) 3\u00ba ESO: Informaci\u00f3n (Curso 25\/26) 4\u00baESO: Informaci\u00f3n (Curso 25\/26) BACHILLERATO 1\u00baBACH: Informaci\u00f3n(Curso 25\/26) QU\u00cdMICA 2\u00baBACH: Informaci\u00f3n (Curso 25\/26) F\u00cdSICA 2\u00baBACH: Informaci\u00f3n (Curso 25\/26) BACHILLERATO PERSONAS ADULTAS 1\u00baBACH PERSONAS ADULTAS:&hellip;","post_mailing_queue_ids":[],"_links":{"self":[{"href":"https:\/\/site.educa.madrid.org\/ies.churriguera.leganes\/index.php\/wp-json\/wp\/v2\/pages\/470","targetHints":{"allow":["GET"]}}],"collection":[{"href":"https:\/\/site.educa.madrid.org\/ies.churriguera.leganes\/index.php\/wp-json\/wp\/v2\/pages"}],"about":[{"href":"https:\/\/site.educa.madrid.org\/ies.churriguera.leganes\/index.php\/wp-json\/wp\/v2\/types\/page"}],"author":[{"embeddable":true,"href":"https:\/\/site.educa.madrid.org\/ies.churriguera.leganes\/index.php\/wp-json\/wp\/v2\/users\/62"}],"replies":[{"embeddable":true,"href":"https:\/\/site.educa.madrid.org\/ies.churriguera.leganes\/index.php\/wp-json\/wp\/v2\/comments?post=470"}],"version-history":[{"count":50,"href":"https:\/\/site.educa.madrid.org\/ies.churriguera.leganes\/index.php\/wp-json\/wp\/v2\/pages\/470\/revisions"}],"predecessor-version":[{"id":9560,"href":"https:\/\/site.educa.madrid.org\/ies.churriguera.leganes\/index.php\/wp-json\/wp\/v2\/pages\/470\/revisions\/9560"}],"up":[{"embeddable":true,"href":"https:\/\/site.educa.madrid.org\/ies.churriguera.leganes\/index.php\/wp-json\/wp\/v2\/pages\/412"}],"wp:attachment":[{"href":"https:\/\/site.educa.madrid.org\/ies.churriguera.leganes\/index.php\/wp-json\/wp\/v2\/media?parent=470"}],"wp:term":[{"taxonomy":"folder","embeddable":true,"href":"https:\/\/site.educa.madrid.org\/ies.churriguera.leganes\/index.php\/wp-json\/wp\/v2\/folder?post=470"}],"curies":[{"name":"wp","href":"https:\/\/api.w.org\/{rel}","templated":true}]}}