{"id":5490,"date":"2024-07-22T19:15:49","date_gmt":"2024-07-22T17:15:49","guid":{"rendered":"https:\/\/site.educa.madrid.org\/ies.churriguera.leganes\/?page_id=5490"},"modified":"2024-07-23T15:27:31","modified_gmt":"2024-07-23T13:27:31","slug":"departamentos-2","status":"publish","type":"page","link":"https:\/\/site.educa.madrid.org\/ies.churriguera.leganes\/index.php\/departamentos-2\/","title":{"rendered":"Ciencias y Tecnolog\u00eda"},"content":{"rendered":"\n<h1 class=\"wp-block-heading\">Departamentos de Ciencias y Tecnolog\u00eda<\/h1>\n\n\n\n<p>La educaci\u00f3n en ciencia y tecnolog\u00eda es fundamental en la sociedad actual. <\/p>\n\n\n\n<ol class=\"wp-block-list\">\n<li><strong>Desarrollo sostenible<\/strong>: La ciencia y la tecnolog\u00eda nos ayudan a abordar los desaf\u00edos del siglo XXI, como el cambio clim\u00e1tico y los avances tecnol\u00f3gicos.<\/li>\n\n\n\n<li><strong>Habilidades esenciales<\/strong>: La educaci\u00f3n en ciencia y tecnolog\u00eda desarrolla habilidades cr\u00edticas, desde la resoluci\u00f3n de problemas hasta la evaluaci\u00f3n de soluciones.&nbsp;<\/li>\n\n\n\n<li><strong>Igualdad de g\u00e9nero<\/strong>: En nuestro instituto, nos esforzamos por reducir la brecha de g\u00e9nero en los estudios cient\u00edficos y tecnol\u00f3gicos. A trav\u00e9s de estas ense\u00f1anzas, buscamos mejorar la autoestima de las mujeres y fomentar su creencia en que tambi\u00e9n pueden participar activamente en el desarrollo cient\u00edfico. Queremos que todas las estudiantes se sientan inspiradas y capaces de contribuir al progreso y la innovaci\u00f3n en estos campos. Juntas, podemos construir un futuro m\u00e1s igualitario y lleno de oportunidades para todos.<\/li>\n<\/ol>\n\n\n\n<div class=\"wp-block-columns is-layout-flex wp-container-core-columns-is-layout-28f84493 wp-block-columns-is-layout-flex\">\n<div class=\"wp-block-column is-layout-flow wp-block-column-is-layout-flow\">\n<figure class=\"wp-block-image size-full is-style-rounded\"><a href=\"https:\/\/site.educa.madrid.org\/ies.churriguera.leganes\/index.php\/departamentos\/biologia\/\"><img loading=\"lazy\" decoding=\"async\" width=\"1120\" height=\"1120\" src=\"https:\/\/site.educa.madrid.org\/ies.churriguera.leganes\/\/wp-content\/uploads\/ies.churriguera.leganes\/2024\/07\/Default_A_highly_stylized_and_simplified_illustration_of_the_D_1.jpg\" alt=\"\" class=\"wp-image-5508\" srcset=\"https:\/\/site.educa.madrid.org\/ies.churriguera.leganes\/\/wp-content\/uploads\/ies.churriguera.leganes\/2024\/07\/Default_A_highly_stylized_and_simplified_illustration_of_the_D_1.jpg 1120w, https:\/\/site.educa.madrid.org\/ies.churriguera.leganes\/\/wp-content\/uploads\/ies.churriguera.leganes\/2024\/07\/Default_A_highly_stylized_and_simplified_illustration_of_the_D_1-300x300.jpg 300w, https:\/\/site.educa.madrid.org\/ies.churriguera.leganes\/\/wp-content\/uploads\/ies.churriguera.leganes\/2024\/07\/Default_A_highly_stylized_and_simplified_illustration_of_the_D_1-1024x1024.jpg 1024w, https:\/\/site.educa.madrid.org\/ies.churriguera.leganes\/\/wp-content\/uploads\/ies.churriguera.leganes\/2024\/07\/Default_A_highly_stylized_and_simplified_illustration_of_the_D_1-150x150.jpg 150w, https:\/\/site.educa.madrid.org\/ies.churriguera.leganes\/\/wp-content\/uploads\/ies.churriguera.leganes\/2024\/07\/Default_A_highly_stylized_and_simplified_illustration_of_the_D_1-768x768.jpg 768w, https:\/\/site.educa.madrid.org\/ies.churriguera.leganes\/\/wp-content\/uploads\/ies.churriguera.leganes\/2024\/07\/Default_A_highly_stylized_and_simplified_illustration_of_the_D_1-500x500.jpg 500w\" sizes=\"auto, (max-width: 1120px) 100vw, 1120px\" \/><\/a><figcaption class=\"wp-element-caption\"><a href=\"https:\/\/site.educa.madrid.org\/ies.churriguera.leganes\/index.php\/departamentos\/biologia\/\" data-type=\"page\" data-id=\"512\">Departamento de Biolog\u00eda y Geolog\u00eda<\/a><\/figcaption><\/figure>\n<\/div>\n\n\n\n<div class=\"wp-block-column is-layout-flow wp-block-column-is-layout-flow\">\n<figure class=\"wp-block-image size-full is-style-rounded\"><img loading=\"lazy\" decoding=\"async\" width=\"1120\" height=\"1120\" src=\"https:\/\/site.educa.madrid.org\/ies.churriguera.leganes\/\/wp-content\/uploads\/ies.churriguera.leganes\/2024\/07\/Default_A_highly_stylized_minimalist_illustration_of_a_rounded_2.jpg\" alt=\"\" class=\"wp-image-5510\" srcset=\"https:\/\/site.educa.madrid.org\/ies.churriguera.leganes\/\/wp-content\/uploads\/ies.churriguera.leganes\/2024\/07\/Default_A_highly_stylized_minimalist_illustration_of_a_rounded_2.jpg 1120w, https:\/\/site.educa.madrid.org\/ies.churriguera.leganes\/\/wp-content\/uploads\/ies.churriguera.leganes\/2024\/07\/Default_A_highly_stylized_minimalist_illustration_of_a_rounded_2-300x300.jpg 300w, https:\/\/site.educa.madrid.org\/ies.churriguera.leganes\/\/wp-content\/uploads\/ies.churriguera.leganes\/2024\/07\/Default_A_highly_stylized_minimalist_illustration_of_a_rounded_2-1024x1024.jpg 1024w, https:\/\/site.educa.madrid.org\/ies.churriguera.leganes\/\/wp-content\/uploads\/ies.churriguera.leganes\/2024\/07\/Default_A_highly_stylized_minimalist_illustration_of_a_rounded_2-150x150.jpg 150w, https:\/\/site.educa.madrid.org\/ies.churriguera.leganes\/\/wp-content\/uploads\/ies.churriguera.leganes\/2024\/07\/Default_A_highly_stylized_minimalist_illustration_of_a_rounded_2-768x768.jpg 768w, https:\/\/site.educa.madrid.org\/ies.churriguera.leganes\/\/wp-content\/uploads\/ies.churriguera.leganes\/2024\/07\/Default_A_highly_stylized_minimalist_illustration_of_a_rounded_2-500x500.jpg 500w\" sizes=\"auto, (max-width: 1120px) 100vw, 1120px\" \/><figcaption class=\"wp-element-caption\"><a href=\"https:\/\/site.educa.madrid.org\/ies.churriguera.leganes\/index.php\/departamentos\/fisica-y-quimica\/\" data-type=\"page\" data-id=\"470\">Departamento de F\u00edsica y Qu\u00edmica<\/a><\/figcaption><\/figure>\n<\/div>\n\n\n\n<div class=\"wp-block-column is-layout-flow wp-block-column-is-layout-flow\">\n<figure class=\"wp-block-image size-full is-style-rounded\"><a href=\"https:\/\/site.educa.madrid.org\/ies.churriguera.leganes\/index.php\/departamentos\/matematicas\/\"><img loading=\"lazy\" decoding=\"async\" width=\"1120\" height=\"1120\" src=\"https:\/\/site.educa.madrid.org\/ies.churriguera.leganes\/\/wp-content\/uploads\/ies.churriguera.leganes\/2024\/07\/Default_Draw_a_highly_schematic_composition_that_represents_ma_2.jpg\" alt=\"\" class=\"wp-image-5513\" srcset=\"https:\/\/site.educa.madrid.org\/ies.churriguera.leganes\/\/wp-content\/uploads\/ies.churriguera.leganes\/2024\/07\/Default_Draw_a_highly_schematic_composition_that_represents_ma_2.jpg 1120w, https:\/\/site.educa.madrid.org\/ies.churriguera.leganes\/\/wp-content\/uploads\/ies.churriguera.leganes\/2024\/07\/Default_Draw_a_highly_schematic_composition_that_represents_ma_2-300x300.jpg 300w, https:\/\/site.educa.madrid.org\/ies.churriguera.leganes\/\/wp-content\/uploads\/ies.churriguera.leganes\/2024\/07\/Default_Draw_a_highly_schematic_composition_that_represents_ma_2-1024x1024.jpg 1024w, https:\/\/site.educa.madrid.org\/ies.churriguera.leganes\/\/wp-content\/uploads\/ies.churriguera.leganes\/2024\/07\/Default_Draw_a_highly_schematic_composition_that_represents_ma_2-150x150.jpg 150w, https:\/\/site.educa.madrid.org\/ies.churriguera.leganes\/\/wp-content\/uploads\/ies.churriguera.leganes\/2024\/07\/Default_Draw_a_highly_schematic_composition_that_represents_ma_2-768x768.jpg 768w, https:\/\/site.educa.madrid.org\/ies.churriguera.leganes\/\/wp-content\/uploads\/ies.churriguera.leganes\/2024\/07\/Default_Draw_a_highly_schematic_composition_that_represents_ma_2-500x500.jpg 500w\" sizes=\"auto, (max-width: 1120px) 100vw, 1120px\" \/><\/a><figcaption class=\"wp-element-caption\"><a href=\"https:\/\/site.educa.madrid.org\/ies.churriguera.leganes\/index.php\/departamentos\/matematicas\/\" data-type=\"page\" data-id=\"466\">Departamento de Matem\u00e1ticas<\/a><\/figcaption><\/figure>\n<\/div>\n\n\n\n<div class=\"wp-block-column is-layout-flow wp-block-column-is-layout-flow\">\n<figure class=\"wp-block-image size-full is-style-rounded\"><a href=\"https:\/\/site.educa.madrid.org\/ies.churriguera.leganes\/index.php\/departamentos\/tecnologia\/\"><img loading=\"lazy\" decoding=\"async\" width=\"1120\" height=\"1120\" src=\"https:\/\/site.educa.madrid.org\/ies.churriguera.leganes\/\/wp-content\/uploads\/ies.churriguera.leganes\/2024\/07\/Default_A_minimalist_depiction_of_a_small_robot_or_machine_set_3.jpg\" alt=\"\" class=\"wp-image-5512\" srcset=\"https:\/\/site.educa.madrid.org\/ies.churriguera.leganes\/\/wp-content\/uploads\/ies.churriguera.leganes\/2024\/07\/Default_A_minimalist_depiction_of_a_small_robot_or_machine_set_3.jpg 1120w, https:\/\/site.educa.madrid.org\/ies.churriguera.leganes\/\/wp-content\/uploads\/ies.churriguera.leganes\/2024\/07\/Default_A_minimalist_depiction_of_a_small_robot_or_machine_set_3-300x300.jpg 300w, https:\/\/site.educa.madrid.org\/ies.churriguera.leganes\/\/wp-content\/uploads\/ies.churriguera.leganes\/2024\/07\/Default_A_minimalist_depiction_of_a_small_robot_or_machine_set_3-1024x1024.jpg 1024w, https:\/\/site.educa.madrid.org\/ies.churriguera.leganes\/\/wp-content\/uploads\/ies.churriguera.leganes\/2024\/07\/Default_A_minimalist_depiction_of_a_small_robot_or_machine_set_3-150x150.jpg 150w, https:\/\/site.educa.madrid.org\/ies.churriguera.leganes\/\/wp-content\/uploads\/ies.churriguera.leganes\/2024\/07\/Default_A_minimalist_depiction_of_a_small_robot_or_machine_set_3-768x768.jpg 768w, https:\/\/site.educa.madrid.org\/ies.churriguera.leganes\/\/wp-content\/uploads\/ies.churriguera.leganes\/2024\/07\/Default_A_minimalist_depiction_of_a_small_robot_or_machine_set_3-500x500.jpg 500w\" sizes=\"auto, (max-width: 1120px) 100vw, 1120px\" \/><\/a><figcaption class=\"wp-element-caption\"><a href=\"http:\/\/tecnolog\u00eda\">Departamento de Tecnolog\u00eda<\/a><\/figcaption><\/figure>\n<\/div>\n<\/div>\n","protected":false},"excerpt":{"rendered":"<p>Departamentos de Ciencias y Tecnolog\u00eda La educaci\u00f3n en ciencia y tecnolog\u00eda es fundamental en la sociedad actual.<\/p>\n","protected":false},"author":14,"featured_media":0,"parent":0,"menu_order":0,"comment_status":"closed","ping_status":"closed","template":"","meta":{"footnotes":""},"folder":[],"class_list":["post-5490","page","type-page","status-publish","hentry"],"rttpg_featured_image_url":null,"rttpg_author":{"display_name":"PATRICIA D\u00cdAZ GARC\u00cdA","author_link":"https:\/\/site.educa.madrid.org\/ies.churriguera.leganes\/index.php\/author\/patricia_diaz-garcia\/"},"rttpg_comment":0,"rttpg_category":false,"rttpg_excerpt":"Departamentos de Ciencias y Tecnolog\u00eda La educaci\u00f3n en ciencia y tecnolog\u00eda es fundamental en la sociedad actual.","post_mailing_queue_ids":[],"_links":{"self":[{"href":"https:\/\/site.educa.madrid.org\/ies.churriguera.leganes\/index.php\/wp-json\/wp\/v2\/pages\/5490","targetHints":{"allow":["GET"]}}],"collection":[{"href":"https:\/\/site.educa.madrid.org\/ies.churriguera.leganes\/index.php\/wp-json\/wp\/v2\/pages"}],"about":[{"href":"https:\/\/site.educa.madrid.org\/ies.churriguera.leganes\/index.php\/wp-json\/wp\/v2\/types\/page"}],"author":[{"embeddable":true,"href":"https:\/\/site.educa.madrid.org\/ies.churriguera.leganes\/index.php\/wp-json\/wp\/v2\/users\/14"}],"replies":[{"embeddable":true,"href":"https:\/\/site.educa.madrid.org\/ies.churriguera.leganes\/index.php\/wp-json\/wp\/v2\/comments?post=5490"}],"version-history":[{"count":6,"href":"https:\/\/site.educa.madrid.org\/ies.churriguera.leganes\/index.php\/wp-json\/wp\/v2\/pages\/5490\/revisions"}],"predecessor-version":[{"id":5514,"href":"https:\/\/site.educa.madrid.org\/ies.churriguera.leganes\/index.php\/wp-json\/wp\/v2\/pages\/5490\/revisions\/5514"}],"wp:attachment":[{"href":"https:\/\/site.educa.madrid.org\/ies.churriguera.leganes\/index.php\/wp-json\/wp\/v2\/media?parent=5490"}],"wp:term":[{"taxonomy":"folder","embeddable":true,"href":"https:\/\/site.educa.madrid.org\/ies.churriguera.leganes\/index.php\/wp-json\/wp\/v2\/folder?post=5490"}],"curies":[{"name":"wp","href":"https:\/\/api.w.org\/{rel}","templated":true}]}}