{"id":5551,"date":"2024-07-23T16:46:27","date_gmt":"2024-07-23T14:46:27","guid":{"rendered":"https:\/\/site.educa.madrid.org\/ies.churriguera.leganes\/?page_id=5551"},"modified":"2024-07-23T16:48:29","modified_gmt":"2024-07-23T14:48:29","slug":"departamento-de-formacion-y-orientacion-laboral","status":"publish","type":"page","link":"https:\/\/site.educa.madrid.org\/ies.churriguera.leganes\/index.php\/departamentos-2-3-2\/departamento-de-formacion-y-orientacion-laboral\/","title":{"rendered":"FOL"},"content":{"rendered":"\n<h1 class=\"wp-block-heading\">Departamento de Formaci\u00f3n y Orientaci\u00f3n Laboral<\/h1>\n\n\n\n<figure class=\"wp-block-image aligncenter size-large is-resized\"><img loading=\"lazy\" decoding=\"async\" width=\"1024\" height=\"579\" src=\"https:\/\/site.educa.madrid.org\/ies.churriguera.leganes\/\/wp-content\/uploads\/ies.churriguera.leganes\/2024\/07\/Default_Create_an_image_depicting_the_assembly_of_a_puzzle_whe_0-1024x579.jpg\" alt=\"\" class=\"wp-image-5087\" style=\"width:848px;height:auto\" srcset=\"https:\/\/site.educa.madrid.org\/ies.churriguera.leganes\/\/wp-content\/uploads\/ies.churriguera.leganes\/2024\/07\/Default_Create_an_image_depicting_the_assembly_of_a_puzzle_whe_0-1024x579.jpg 1024w, https:\/\/site.educa.madrid.org\/ies.churriguera.leganes\/\/wp-content\/uploads\/ies.churriguera.leganes\/2024\/07\/Default_Create_an_image_depicting_the_assembly_of_a_puzzle_whe_0-300x170.jpg 300w, https:\/\/site.educa.madrid.org\/ies.churriguera.leganes\/\/wp-content\/uploads\/ies.churriguera.leganes\/2024\/07\/Default_Create_an_image_depicting_the_assembly_of_a_puzzle_whe_0-768x434.jpg 768w, https:\/\/site.educa.madrid.org\/ies.churriguera.leganes\/\/wp-content\/uploads\/ies.churriguera.leganes\/2024\/07\/Default_Create_an_image_depicting_the_assembly_of_a_puzzle_whe_0.jpg 1472w\" sizes=\"auto, (max-width: 1024px) 100vw, 1024px\" \/><\/figure>\n\n\n\n<p class=\"has-medium-font-size\">Ahora estamos de vacaciones. En breve mostraremos en esta p\u00e1gina toda la informaci\u00f3n relacionada con el nuevo curso<\/p>\n\n\n\n<p class=\"has-text-align-center has-medium-font-size\">\u00a1Felices vacaciones!<\/p>\n","protected":false},"excerpt":{"rendered":"<p>Departamento de Formaci\u00f3n y Orientaci\u00f3n Laboral Ahora estamos de vacaciones. En breve mostraremos en esta p\u00e1gina toda la informaci\u00f3n relacionada con el nuevo curso \u00a1Felices vacaciones!<\/p>\n","protected":false},"author":14,"featured_media":0,"parent":5545,"menu_order":0,"comment_status":"closed","ping_status":"closed","template":"","meta":{"footnotes":""},"folder":[],"class_list":["post-5551","page","type-page","status-publish","hentry"],"rttpg_featured_image_url":null,"rttpg_author":{"display_name":"PATRICIA D\u00cdAZ GARC\u00cdA","author_link":"https:\/\/site.educa.madrid.org\/ies.churriguera.leganes\/index.php\/author\/patricia_diaz-garcia\/"},"rttpg_comment":0,"rttpg_category":false,"rttpg_excerpt":"Departamento de Formaci\u00f3n y Orientaci\u00f3n Laboral Ahora estamos de vacaciones. En breve mostraremos en esta p\u00e1gina toda la informaci\u00f3n relacionada con el nuevo curso \u00a1Felices vacaciones!","post_mailing_queue_ids":[],"_links":{"self":[{"href":"https:\/\/site.educa.madrid.org\/ies.churriguera.leganes\/index.php\/wp-json\/wp\/v2\/pages\/5551","targetHints":{"allow":["GET"]}}],"collection":[{"href":"https:\/\/site.educa.madrid.org\/ies.churriguera.leganes\/index.php\/wp-json\/wp\/v2\/pages"}],"about":[{"href":"https:\/\/site.educa.madrid.org\/ies.churriguera.leganes\/index.php\/wp-json\/wp\/v2\/types\/page"}],"author":[{"embeddable":true,"href":"https:\/\/site.educa.madrid.org\/ies.churriguera.leganes\/index.php\/wp-json\/wp\/v2\/users\/14"}],"replies":[{"embeddable":true,"href":"https:\/\/site.educa.madrid.org\/ies.churriguera.leganes\/index.php\/wp-json\/wp\/v2\/comments?post=5551"}],"version-history":[{"count":3,"href":"https:\/\/site.educa.madrid.org\/ies.churriguera.leganes\/index.php\/wp-json\/wp\/v2\/pages\/5551\/revisions"}],"predecessor-version":[{"id":5555,"href":"https:\/\/site.educa.madrid.org\/ies.churriguera.leganes\/index.php\/wp-json\/wp\/v2\/pages\/5551\/revisions\/5555"}],"up":[{"embeddable":true,"href":"https:\/\/site.educa.madrid.org\/ies.churriguera.leganes\/index.php\/wp-json\/wp\/v2\/pages\/5545"}],"wp:attachment":[{"href":"https:\/\/site.educa.madrid.org\/ies.churriguera.leganes\/index.php\/wp-json\/wp\/v2\/media?parent=5551"}],"wp:term":[{"taxonomy":"folder","embeddable":true,"href":"https:\/\/site.educa.madrid.org\/ies.churriguera.leganes\/index.php\/wp-json\/wp\/v2\/folder?post=5551"}],"curies":[{"name":"wp","href":"https:\/\/api.w.org\/{rel}","templated":true}]}}