{"id":7243,"date":"2025-02-10T13:16:21","date_gmt":"2025-02-10T12:16:21","guid":{"rendered":"https:\/\/site.educa.madrid.org\/ies.churriguera.leganes\/?page_id=7243"},"modified":"2026-05-10T16:01:51","modified_gmt":"2026-05-10T14:01:51","slug":"proyectos-de-innovacion","status":"publish","type":"page","link":"https:\/\/site.educa.madrid.org\/ies.churriguera.leganes\/index.php\/proyectos-de-innovacion\/","title":{"rendered":"Proyectos de Innovaci\u00f3n Educativa y Formaci\u00f3n del Profesorado"},"content":{"rendered":"\n<h2 class=\"wp-block-heading\">Proyectos de Innovaci\u00f3n Educativa<\/h2>\n\n\n\n<h3 class=\"wp-block-heading\">Innovaci\u00f3n Digital en la intervenci\u00f3n Social dentro de la Familia Profesional de Servicios Socioculturales y a la Comunidad<\/h3>\n\n\n\n<figure class=\"wp-block-image alignleft size-large is-resized\"><img loading=\"lazy\" decoding=\"async\" width=\"1024\" height=\"683\" src=\"https:\/\/site.educa.madrid.org\/ies.churriguera.leganes\/\/wp-content\/uploads\/ies.churriguera.leganes\/2026\/05\/PHOTO-2026-04-10-13-17-27-1024x683.jpg\" alt=\"\" class=\"wp-image-10215\" style=\"aspect-ratio:1.4993109784106569;width:544px;height:auto\" srcset=\"https:\/\/site.educa.madrid.org\/ies.churriguera.leganes\/\/wp-content\/uploads\/ies.churriguera.leganes\/2026\/05\/PHOTO-2026-04-10-13-17-27-1024x683.jpg 1024w, https:\/\/site.educa.madrid.org\/ies.churriguera.leganes\/\/wp-content\/uploads\/ies.churriguera.leganes\/2026\/05\/PHOTO-2026-04-10-13-17-27-300x200.jpg 300w, https:\/\/site.educa.madrid.org\/ies.churriguera.leganes\/\/wp-content\/uploads\/ies.churriguera.leganes\/2026\/05\/PHOTO-2026-04-10-13-17-27-768x512.jpg 768w, https:\/\/site.educa.madrid.org\/ies.churriguera.leganes\/\/wp-content\/uploads\/ies.churriguera.leganes\/2026\/05\/PHOTO-2026-04-10-13-17-27-391x260.jpg 391w, https:\/\/site.educa.madrid.org\/ies.churriguera.leganes\/\/wp-content\/uploads\/ies.churriguera.leganes\/2026\/05\/PHOTO-2026-04-10-13-17-27-272x182.jpg 272w, https:\/\/site.educa.madrid.org\/ies.churriguera.leganes\/\/wp-content\/uploads\/ies.churriguera.leganes\/2026\/05\/PHOTO-2026-04-10-13-17-27-360x240.jpg 360w, https:\/\/site.educa.madrid.org\/ies.churriguera.leganes\/\/wp-content\/uploads\/ies.churriguera.leganes\/2026\/05\/PHOTO-2026-04-10-13-17-27-720x480.jpg 720w, https:\/\/site.educa.madrid.org\/ies.churriguera.leganes\/\/wp-content\/uploads\/ies.churriguera.leganes\/2026\/05\/PHOTO-2026-04-10-13-17-27.jpg 1536w\" sizes=\"auto, (max-width: 1024px) 100vw, 1024px\" \/><\/figure>\n\n\n\n<p>El IES <em><strong>IES Jos\u00e9 de Churriguera<\/strong><\/em> participa en el proyecto <em><strong>Innovaci\u00f3n digital en la intervenci\u00f3n social dentro de la familia profesional de servicios socioculturales y a la comunidad<\/strong><\/em>, dirigido a profesorado y alumnado.<\/p>\n\n\n\n<p>Este proyecto est\u00e1 financiado por la operaci\u00f3n de <strong>Impulso y Calidad en Formaci\u00f3n Profesional (\u201cCALIDAD 2025\u201d)<\/strong>, que se enmarca en la Prioridad 3 (Educaci\u00f3n y Formaci\u00f3n) del Programa FSE+ de Educaci\u00f3n, Formaci\u00f3n, Empleo y Econom\u00eda Social EFESO 2021-2027.<\/p>\n\n\n\n<p>(Proyectos cofinanciados por el FSE+ bajo el reparto de cr\u00e9ditos realizado por el Ministerio de Educaci\u00f3n, Formaci\u00f3n Profesional y Deportes conforme a la Conferencia Sectorial de 24 de agosto de 2025)<\/p>\n\n\n\n<p>En el marco del citado programa, se establece como <strong>Objetivo Espec\u00edfico ESO4.5<\/strong> la mejora de la calidad, la inclusividad, la eficacia y la pertinencia para el mercado laboral de los sistemas de educaci\u00f3n y formaci\u00f3n; especialmente a trav\u00e9s de la validaci\u00f3n del aprendizaje no formal e informal que contribuya a la adquisici\u00f3n de competencias clave (incluidas las capacidades empresariales y digitales), as\u00ed como la promoci\u00f3n de la introducci\u00f3n de sistemas de formaci\u00f3n dual y de aprendizaje profesional.<\/p>\n\n\n\n<p>El proyecto se incluye en <strong><a href=\"https:\/\/site.educa.madrid.org\/ies.churriguera.leganes\/\/wp-content\/uploads\/ies.churriguera.leganes\/2026\/05\/Modelo-Visibilidad-Calidad-2025.pdf\" target=\"_blank\" rel=\"noreferrer noopener\">L\u00ednea de actuaci\u00f3n 6.4 \u201cImplementaci\u00f3n de proyectos en formaci\u00f3n profesional\u201d<\/a><\/strong>, en la <strong>medida 3.e.14. Proyectos de innovaci\u00f3n espec\u00edficos en digitalizaci\u00f3n aplicada<\/strong>.<\/p>\n\n\n\n<p>Los <strong>objetivos generales del proyecto<\/strong> consisten en <em>Promover el desarrollo de las competencias digitales en el \u00e1mbito de la intervenci\u00f3n social<\/em>, as\u00ed como <em>Generar un espacio de aprendizaje digitalizado en el IES<\/em>.<\/p>\n\n\n\n<p>Las <strong>acciones <\/strong>que se desarrollan con el proyecto consisten en formaci\u00f3n y capacitaci\u00f3n en diferente materias relacionadas con la digitalizaci\u00f3n de todas las fases del proceso de un proyecto de intervenci\u00f3n social, como la IA generativa, herramientas para la difusi\u00f3n, aplicaciones para la dinamizaci\u00f3n y el desarrollo de actividades, herramientas para la investigaci\u00f3n y la evaluaci\u00f3n, entre otras, e incluyen dispositivos, recursos e infraestructuras como gafas de realidad virtual, equipos para grabaci\u00f3n de sonido y v\u00eddeo y equipos para la videollamada, entre otras.<\/p>\n\n\n\n<figure class=\"wp-block-image aligncenter size-full\"><img loading=\"lazy\" decoding=\"async\" width=\"378\" height=\"96\" src=\"https:\/\/site.educa.madrid.org\/ies.churriguera.leganes\/\/wp-content\/uploads\/ies.churriguera.leganes\/2026\/05\/CofinanciadoUE.png\" alt=\"\" class=\"wp-image-10218\" srcset=\"https:\/\/site.educa.madrid.org\/ies.churriguera.leganes\/\/wp-content\/uploads\/ies.churriguera.leganes\/2026\/05\/CofinanciadoUE.png 378w, https:\/\/site.educa.madrid.org\/ies.churriguera.leganes\/\/wp-content\/uploads\/ies.churriguera.leganes\/2026\/05\/CofinanciadoUE-300x76.png 300w, https:\/\/site.educa.madrid.org\/ies.churriguera.leganes\/\/wp-content\/uploads\/ies.churriguera.leganes\/2026\/05\/CofinanciadoUE-375x96.png 375w\" sizes=\"auto, (max-width: 378px) 100vw, 378px\" \/><\/figure>\n\n\n\n<h3 class=\"wp-block-heading\">Otros proyectos de Innovaci\u00f3n Educativa<\/h3>\n\n\n\n<p>Nuestro centro participa en los siguientes Proyectos de Innovaci\u00f3n impulsados por la Direcci\u00f3n General de Biling\u00fcismo y Calidad de la Ense\u00f1anza de la Comunidad de Madrid<\/p>\n\n\n\n<div class=\"wp-block-columns alignwide is-layout-flex wp-container-core-columns-is-layout-5a67ddcc wp-block-columns-is-layout-flex\" style=\"margin-bottom:0;padding-right:var(--wp--preset--spacing--50);padding-left:var(--wp--preset--spacing--50)\">\n<div class=\"wp-block-column has-white-background-color has-text-color has-background has-link-color wp-elements-12962e930e50a64b150ed37418884181 is-layout-flow wp-block-column-is-layout-flow\" style=\"color:#000000;padding-top:2em;padding-right:2em;padding-bottom:2em;padding-left:2em\">\n<figure class=\"wp-block-image aligncenter size-full\"><a href=\"https:\/\/site.educa.madrid.org\/ies.churriguera.leganes\/index.php\/mentoractua\/\" target=\"_blank\" rel=\" noreferrer noopener\"><img loading=\"lazy\" decoding=\"async\" width=\"297\" height=\"240\" src=\"https:\/\/site.educa.madrid.org\/ies.churriguera.leganes\/\/wp-content\/uploads\/ies.churriguera.leganes\/2025\/02\/image002.png\" alt=\"\" class=\"wp-image-7246\"\/><\/a><\/figure>\n<\/div>\n\n\n\n<div class=\"wp-block-column has-white-background-color has-text-color has-background has-link-color wp-elements-b269a5afce346ea3386a864d0903f7c7 is-layout-flow wp-block-column-is-layout-flow\" style=\"color:#000000;padding-top:2em;padding-right:2em;padding-bottom:2em;padding-left:2em\">\n<figure class=\"wp-block-image aligncenter size-full\"><img loading=\"lazy\" decoding=\"async\" width=\"211\" height=\"240\" src=\"https:\/\/site.educa.madrid.org\/ies.churriguera.leganes\/\/wp-content\/uploads\/ies.churriguera.leganes\/2025\/02\/logo-cansat.png\" alt=\"\" class=\"wp-image-7245\"\/><\/figure>\n<\/div>\n<\/div>\n\n\n\n<p><\/p>\n\n\n\n<p>Adem\u00e1s este curso hemos presentado el proyecto para participar en<\/p>\n\n\n\n<figure class=\"wp-block-image aligncenter size-full\"><img loading=\"lazy\" decoding=\"async\" width=\"192\" height=\"240\" src=\"https:\/\/site.educa.madrid.org\/ies.churriguera.leganes\/\/wp-content\/uploads\/ies.churriguera.leganes\/2025\/02\/Logotipo-Voces-del-Aula_definitivo.png\" alt=\"\" class=\"wp-image-7247\"\/><\/figure>\n\n\n\n<p>Si quieres conocer m\u00e1s proyectos de innovaci\u00f3n accede a la <a href=\"https:\/\/innovacionyformacion.educa.madrid.org\/proyectos-buscador?keys&amp;field_tipo_proyecto_target_id%5B344%5D=344\" target=\"_blank\" rel=\"noreferrer noopener\">web de Innovaci\u00f3n y Formaci\u00f3n del Profesorado de la Direcci\u00f3n General de Biling\u00fcismo y Calidad de la Ense\u00f1anza<\/a><\/p>\n\n\n\n<h2 class=\"wp-block-heading\">Formaci\u00f3n del Profesorado<\/h2>\n\n\n\n<p>El profesorado de nuestro centro mantiene siempre el compromiso de actualizarse en aquellas herramientas que resultan \u00fatiles en el d\u00eda a d\u00eda de la ense\u00f1anza. Desde el <strong>CTIF Madrid Sur<\/strong> \u2014Centro Territorial de Innovaci\u00f3n y Formaci\u00f3n\u2014 recibimos peri\u00f3dicamente la oferta formativa que se desarrolla en sus instalaciones.<\/p>\n\n\n\n<p>Nuestro objetivo es dar visibilidad a estas propuestas, porque entendemos que la formaci\u00f3n permanente es clave para mejorar la pr\u00e1ctica docente y enriquecer la experiencia educativa de nuestro alumnado.<\/p>\n\n\n\n<div style=\"position: relative; width: 100%; height: 0; padding-top: 70.7143%;\n padding-bottom: 0; box-shadow: 0 2px 8px 0 rgba(63,69,81,0.16); margin-top: 1.6em; margin-bottom: 0.9em; overflow: hidden;\n border-radius: 8px; will-change: transform;\">\n  <iframe loading=\"lazy\" style=\"position: absolute; width: 100%; height: 100%; top: 0; left: 0; border: none; padding: 0;margin: 0;\"\n    src=\"https:\/\/www.canva.com\/design\/DAGqsdbp_d0\/_-kB4T1NTbfHmEiOViotNA\/view?embed\" allowfullscreen=\"allowfullscreen\" allow=\"fullscreen\">\n  <\/iframe>\n<\/div>\n<a href=\"https:&#x2F;&#x2F;www.canva.com&#x2F;design&#x2F;DAGqsdbp_d0&#x2F;_-kB4T1NTbfHmEiOViotNA&#x2F;view?utm_content=DAGqsdbp_d0&amp;utm_campaign=designshare&amp;utm_medium=embeds&amp;utm_source=link\" target=\"_blank\" rel=\"noopener\">CTIF MADRID-SUR 2025-2026<\/a>\n\n\n\n<p>El <strong>IES Jos\u00e9 de Churriguera<\/strong>, fiel a su compromiso con la excelencia, apuesta por la innovaci\u00f3n y la mejora continua, facilitando que su profesorado participe en estas iniciativas de desarrollo profesional.<\/p>\n","protected":false},"excerpt":{"rendered":"<p>Proyectos de Innovaci\u00f3n Educativa Innovaci\u00f3n Digital en la intervenci\u00f3n Social dentro de la Familia Profesional de Servicios Socioculturales y a la Comunidad El IES IES Jos\u00e9 de Churriguera participa en el proyecto Innovaci\u00f3n digital en la intervenci\u00f3n social dentro de la familia profesional de servicios socioculturales y a la comunidad, dirigido a profesorado y alumnado. [&hellip;]<\/p>\n","protected":false},"author":14,"featured_media":7728,"parent":0,"menu_order":0,"comment_status":"closed","ping_status":"closed","template":"","meta":{"footnotes":""},"folder":[],"class_list":["post-7243","page","type-page","status-publish","has-post-thumbnail","hentry"],"rttpg_featured_image_url":{"full":["https:\/\/site.educa.madrid.org\/ies.churriguera.leganes\/\/wp-content\/uploads\/ies.churriguera.leganes\/2025\/02\/innovacion.png",280,226,false],"landscape":["https:\/\/site.educa.madrid.org\/ies.churriguera.leganes\/\/wp-content\/uploads\/ies.churriguera.leganes\/2025\/02\/innovacion.png",280,226,false],"portraits":["https:\/\/site.educa.madrid.org\/ies.churriguera.leganes\/\/wp-content\/uploads\/ies.churriguera.leganes\/2025\/02\/innovacion.png",280,226,false],"thumbnail":["https:\/\/site.educa.madrid.org\/ies.churriguera.leganes\/\/wp-content\/uploads\/ies.churriguera.leganes\/2025\/02\/innovacion-150x150.png",150,150,true],"medium":["https:\/\/site.educa.madrid.org\/ies.churriguera.leganes\/\/wp-content\/uploads\/ies.churriguera.leganes\/2025\/02\/innovacion.png",280,226,false],"large":["https:\/\/site.educa.madrid.org\/ies.churriguera.leganes\/\/wp-content\/uploads\/ies.churriguera.leganes\/2025\/02\/innovacion.png",280,226,false],"thumblist":["https:\/\/site.educa.madrid.org\/ies.churriguera.leganes\/\/wp-content\/uploads\/ies.churriguera.leganes\/2025\/02\/innovacion.png",280,226,false],"thumbrelated":["https:\/\/site.educa.madrid.org\/ies.churriguera.leganes\/\/wp-content\/uploads\/ies.churriguera.leganes\/2025\/02\/innovacion.png",280,226,false],"meccarouselthumb":["https:\/\/site.educa.madrid.org\/ies.churriguera.leganes\/\/wp-content\/uploads\/ies.churriguera.leganes\/2025\/02\/innovacion.png",280,226,false],"gridsquare":["https:\/\/site.educa.madrid.org\/ies.churriguera.leganes\/\/wp-content\/uploads\/ies.churriguera.leganes\/2025\/02\/innovacion.png",280,226,false],"tileview":["https:\/\/site.educa.madrid.org\/ies.churriguera.leganes\/\/wp-content\/uploads\/ies.churriguera.leganes\/2025\/02\/innovacion.png",280,226,false],"1536x1536":["https:\/\/site.educa.madrid.org\/ies.churriguera.leganes\/\/wp-content\/uploads\/ies.churriguera.leganes\/2025\/02\/innovacion.png",280,226,false],"2048x2048":["https:\/\/site.educa.madrid.org\/ies.churriguera.leganes\/\/wp-content\/uploads\/ies.churriguera.leganes\/2025\/02\/innovacion.png",280,226,false],"total-portfolio-thumb":["https:\/\/site.educa.madrid.org\/ies.churriguera.leganes\/\/wp-content\/uploads\/ies.churriguera.leganes\/2025\/02\/innovacion.png",280,226,false],"total-team-thumb":["https:\/\/site.educa.madrid.org\/ies.churriguera.leganes\/\/wp-content\/uploads\/ies.churriguera.leganes\/2025\/02\/innovacion.png",280,226,false],"total-blog-thumb":["https:\/\/site.educa.madrid.org\/ies.churriguera.leganes\/\/wp-content\/uploads\/ies.churriguera.leganes\/2025\/02\/innovacion.png",280,226,false],"total-thumb":["https:\/\/site.educa.madrid.org\/ies.churriguera.leganes\/\/wp-content\/uploads\/ies.churriguera.leganes\/2025\/02\/innovacion-100x100.png",100,100,true],"total-blog-header":["https:\/\/site.educa.madrid.org\/ies.churriguera.leganes\/\/wp-content\/uploads\/ies.churriguera.leganes\/2025\/02\/innovacion.png",280,226,false],"sow-carousel-default":["https:\/\/site.educa.madrid.org\/ies.churriguera.leganes\/\/wp-content\/uploads\/ies.churriguera.leganes\/2025\/02\/innovacion-272x182.png",272,182,true],"sow-post-carousel-overlay-theme":["https:\/\/site.educa.madrid.org\/ies.churriguera.leganes\/\/wp-content\/uploads\/ies.churriguera.leganes\/2025\/02\/innovacion.png",280,226,false],"sow-post-carousel-cards-theme":["https:\/\/site.educa.madrid.org\/ies.churriguera.leganes\/\/wp-content\/uploads\/ies.churriguera.leganes\/2025\/02\/innovacion.png",280,226,false],"sow-blog-portfolio":["https:\/\/site.educa.madrid.org\/ies.churriguera.leganes\/\/wp-content\/uploads\/ies.churriguera.leganes\/2025\/02\/innovacion.png",280,226,false],"sow-blog-grid":["https:\/\/site.educa.madrid.org\/ies.churriguera.leganes\/\/wp-content\/uploads\/ies.churriguera.leganes\/2025\/02\/innovacion.png",280,226,false],"sow-blog-alternate":["https:\/\/site.educa.madrid.org\/ies.churriguera.leganes\/\/wp-content\/uploads\/ies.churriguera.leganes\/2025\/02\/innovacion.png",280,226,false],"rt_custom":["https:\/\/site.educa.madrid.org\/ies.churriguera.leganes\/\/wp-content\/uploads\/ies.churriguera.leganes\/2025\/02\/innovacion.png",280,226,false]},"rttpg_author":{"display_name":"PATRICIA D\u00cdAZ GARC\u00cdA","author_link":"https:\/\/site.educa.madrid.org\/ies.churriguera.leganes\/index.php\/author\/patricia_diaz-garcia\/"},"rttpg_comment":0,"rttpg_category":false,"rttpg_excerpt":"Proyectos de Innovaci\u00f3n Educativa Innovaci\u00f3n Digital en la intervenci\u00f3n Social dentro de la Familia Profesional de Servicios Socioculturales y a la Comunidad El IES IES Jos\u00e9 de Churriguera participa en el proyecto Innovaci\u00f3n digital en la intervenci\u00f3n social dentro de la familia profesional de servicios socioculturales y a la comunidad, dirigido a profesorado y alumnado.&hellip;","post_mailing_queue_ids":[],"_links":{"self":[{"href":"https:\/\/site.educa.madrid.org\/ies.churriguera.leganes\/index.php\/wp-json\/wp\/v2\/pages\/7243","targetHints":{"allow":["GET"]}}],"collection":[{"href":"https:\/\/site.educa.madrid.org\/ies.churriguera.leganes\/index.php\/wp-json\/wp\/v2\/pages"}],"about":[{"href":"https:\/\/site.educa.madrid.org\/ies.churriguera.leganes\/index.php\/wp-json\/wp\/v2\/types\/page"}],"author":[{"embeddable":true,"href":"https:\/\/site.educa.madrid.org\/ies.churriguera.leganes\/index.php\/wp-json\/wp\/v2\/users\/14"}],"replies":[{"embeddable":true,"href":"https:\/\/site.educa.madrid.org\/ies.churriguera.leganes\/index.php\/wp-json\/wp\/v2\/comments?post=7243"}],"version-history":[{"count":15,"href":"https:\/\/site.educa.madrid.org\/ies.churriguera.leganes\/index.php\/wp-json\/wp\/v2\/pages\/7243\/revisions"}],"predecessor-version":[{"id":10219,"href":"https:\/\/site.educa.madrid.org\/ies.churriguera.leganes\/index.php\/wp-json\/wp\/v2\/pages\/7243\/revisions\/10219"}],"wp:featuredmedia":[{"embeddable":true,"href":"https:\/\/site.educa.madrid.org\/ies.churriguera.leganes\/index.php\/wp-json\/wp\/v2\/media\/7728"}],"wp:attachment":[{"href":"https:\/\/site.educa.madrid.org\/ies.churriguera.leganes\/index.php\/wp-json\/wp\/v2\/media?parent=7243"}],"wp:term":[{"taxonomy":"folder","embeddable":true,"href":"https:\/\/site.educa.madrid.org\/ies.churriguera.leganes\/index.php\/wp-json\/wp\/v2\/folder?post=7243"}],"curies":[{"name":"wp","href":"https:\/\/api.w.org\/{rel}","templated":true}]}}