{"id":8500,"date":"2025-06-05T11:30:20","date_gmt":"2025-06-05T09:30:20","guid":{"rendered":"https:\/\/site.educa.madrid.org\/ies.churriguera.leganes\/?page_id=8500"},"modified":"2025-06-05T11:30:22","modified_gmt":"2025-06-05T09:30:22","slug":"compensacion-gastos-de-transporte-de-fct-ffe","status":"publish","type":"page","link":"https:\/\/site.educa.madrid.org\/ies.churriguera.leganes\/index.php\/compensacion-gastos-de-transporte-de-fct-ffe\/","title":{"rendered":"Compensaci\u00f3n Gastos de Transporte de FCT\/FFE"},"content":{"rendered":"\n<h2 class=\"wp-block-heading\">\u00bfQui\u00e9nes pueden solicitar esta compensaci\u00f3n?<\/h2>\n\n\n\n<p>Podr\u00e1n solicitar la compensaci\u00f3n aquellas alumnas o alumnos que cumplan el siguiente requisito:<\/p>\n\n\n\n<ul class=\"wp-block-list\">\n<li>Hayan realizado el m\u00f3dulo de FCT o la Fase de Formaci\u00f3n en Empresa en centros de trabajo situados en localidades distintas a la del domicilio del centro docente y no coincidente con la localidad de residencia del alumno.<\/li>\n<\/ul>\n\n\n\n<p>Si no se cumple este requisito no se tendr\u00e1 derecho a la compensaci\u00f3n.<\/p>\n\n\n\n<h2 class=\"wp-block-heading\">Plazo de presentaci\u00f3n<\/h2>\n\n\n\n<p>El alumnado que finaliza sus pr\u00e1cticas entre enero y junio de 2025 debe presentar la <a href=\"https:\/\/site.educa.madrid.org\/ies.churriguera.leganes\/\/wp-content\/uploads\/ies.churriguera.leganes\/2025\/06\/Compensacion-desplazamiento-FP.pdf\">Solicitud de Compensaci\u00f3n de Gastos de Transporte<\/a> HASTA EL 20 DE JUNIO DE 2025 enviando la documentaci\u00f3n por correo electr\u00f3nico o mediante la ventanilla de la secretar\u00eda del centro.<br>Publicaci\u00f3n de Listados de Provisionales: 23\/06\/2025<br>Subsanaci\u00f3n de errores hasta el 25\/06\/2025<br>Publicaci\u00f3n de Listados de Compensaciones Autorizadas\/no Autorizadas Definitivos: 27\/06\/2025<\/p>\n\n\n\n<p>No se admitir\u00e1 ninguna solicitud presentada fuera del plazo establecido.<\/p>\n\n\n\n<h2 class=\"wp-block-heading\">Procedimiento de Solicitud<\/h2>\n\n\n\n<p>Antes del inicio de las pr\u00e1cticas, la Tutora de FCT\/FFE informar\u00e1 al alumnado acerca del procedimiento de solicitud de la compensaci\u00f3n de gastos de transporte y de los criterios utilizados para calcular su importe.<\/p>\n\n\n\n<p>La \u00faltima semana de pr\u00e1cticas, la tutora de FCT entregar\u00e1 al alumnado el impreso de solicitud de compensaci\u00f3n de gastos de transporte. Este <a href=\"https:\/\/site.educa.madrid.org\/ies.churriguera.leganes\/\/wp-content\/uploads\/ies.churriguera.leganes\/2025\/06\/Compensacion-desplazamiento-FP.pdf\">Impreso de Solicitud<\/a> estar\u00e1 igualmente disponible en la Secretar\u00eda del Centro.<\/p>\n\n\n\n<p>Procedimiento a seguir:<\/p>\n\n\n\n<ol>\n<li>Cumplimentar completamente la Solicitud de Compensaci\u00f3n de Gastos de Transporte de FCT.<\/li>\n<li>Presentar la Solicitud cumplimentada junto con la documentaci\u00f3n justificativa correspondiente a la Tutora de FCT, que se encargar\u00e1 de supervisar que todos los datos relacionados con el centro de trabajo son correctos y firmar\u00e1 la solicitud. (ver documentaci\u00f3n justificativa m\u00e1s adelante).<\/li>\n<li>Presentar la Solicitud y toda la documentaci\u00f3n justificativa en la Secretar\u00eda del Centro para su registro. La presentaci\u00f3n se realizar\u00e1 en los plazos indicados por la Tutora y publicados en esta web. Jefatura de Estudios publicar\u00e1 en los tablones del Instituto y en esta web los Listados de Compensaciones concedidas y no concedidas, dando un plazo de dos d\u00edas para subsanar posibles errores. Posteriormente, se publicar\u00e1n los Listados Definitivos.<\/li>\n<\/ol>\n\n\n\n<h2 class=\"wp-block-heading\">Documentaci\u00f3n justificativa<\/h2>\n\n\n\n<p>Fotocopia del DNI<\/p>\n\n\n\n<p>Cuando el desplazamiento se realice en transporte particular:<\/p>\n\n\n\n<ul class=\"wp-block-list\">\n<li>Facturas originales de combustible a nombre del solicitante (no ser\u00e1n validos tickets, justificantes de banco&#8230;)<\/li>\n<\/ul>\n\n\n\n<p>Cuando el desplazamiento se realice en transporte p\u00fablico:<\/p>\n\n\n\n<ul class=\"wp-block-list\">\n<li>Copia de la tarjeta de abono transporte a nombre del solicitante.<\/li>\n\n\n\n<li>Copia de los justificantes de recarga mensual a nombre del solicitante.<\/li>\n\n\n\n<li>Billete de cualquier medio de transporte p\u00fablico o colectivo a nombre del solicitante.<\/li>\n<\/ul>\n\n\n\n<p>En el caso de que la documentaci\u00f3n justificativa no corresponda de forma total o parcial con el alumno\/a, los datos del titular del abono transporte no coincidan con el alumno\/a, o los justificantes no se correspondan con el mismo, la solicitud ser\u00e1 desestimada en su totalidad.<\/p>\n\n\n\n<p>El abono de la compensaci\u00f3n por gastos de transporte de FCT al alumnado se realizar\u00e1 mediante transferencia bancaria.<\/p>\n","protected":false},"excerpt":{"rendered":"<p>\u00bfQui\u00e9nes pueden solicitar esta compensaci\u00f3n? Podr\u00e1n solicitar la compensaci\u00f3n aquellas alumnas o alumnos que cumplan el siguiente requisito: Si no se cumple este requisito no se tendr\u00e1 derecho a la compensaci\u00f3n. Plazo de presentaci\u00f3n El alumnado que finaliza sus pr\u00e1cticas entre enero y junio de 2025 debe presentar la Solicitud de Compensaci\u00f3n de Gastos de [&hellip;]<\/p>\n","protected":false},"author":14,"featured_media":0,"parent":0,"menu_order":0,"comment_status":"closed","ping_status":"closed","template":"","meta":{"footnotes":""},"folder":[],"class_list":["post-8500","page","type-page","status-publish","hentry"],"rttpg_featured_image_url":null,"rttpg_author":{"display_name":"PATRICIA D\u00cdAZ GARC\u00cdA","author_link":"https:\/\/site.educa.madrid.org\/ies.churriguera.leganes\/index.php\/author\/patricia_diaz-garcia\/"},"rttpg_comment":0,"rttpg_category":false,"rttpg_excerpt":"\u00bfQui\u00e9nes pueden solicitar esta compensaci\u00f3n? Podr\u00e1n solicitar la compensaci\u00f3n aquellas alumnas o alumnos que cumplan el siguiente requisito: Si no se cumple este requisito no se tendr\u00e1 derecho a la compensaci\u00f3n. Plazo de presentaci\u00f3n El alumnado que finaliza sus pr\u00e1cticas entre enero y junio de 2025 debe presentar la Solicitud de Compensaci\u00f3n de Gastos de&hellip;","post_mailing_queue_ids":[],"_links":{"self":[{"href":"https:\/\/site.educa.madrid.org\/ies.churriguera.leganes\/index.php\/wp-json\/wp\/v2\/pages\/8500","targetHints":{"allow":["GET"]}}],"collection":[{"href":"https:\/\/site.educa.madrid.org\/ies.churriguera.leganes\/index.php\/wp-json\/wp\/v2\/pages"}],"about":[{"href":"https:\/\/site.educa.madrid.org\/ies.churriguera.leganes\/index.php\/wp-json\/wp\/v2\/types\/page"}],"author":[{"embeddable":true,"href":"https:\/\/site.educa.madrid.org\/ies.churriguera.leganes\/index.php\/wp-json\/wp\/v2\/users\/14"}],"replies":[{"embeddable":true,"href":"https:\/\/site.educa.madrid.org\/ies.churriguera.leganes\/index.php\/wp-json\/wp\/v2\/comments?post=8500"}],"version-history":[{"count":7,"href":"https:\/\/site.educa.madrid.org\/ies.churriguera.leganes\/index.php\/wp-json\/wp\/v2\/pages\/8500\/revisions"}],"predecessor-version":[{"id":8508,"href":"https:\/\/site.educa.madrid.org\/ies.churriguera.leganes\/index.php\/wp-json\/wp\/v2\/pages\/8500\/revisions\/8508"}],"wp:attachment":[{"href":"https:\/\/site.educa.madrid.org\/ies.churriguera.leganes\/index.php\/wp-json\/wp\/v2\/media?parent=8500"}],"wp:term":[{"taxonomy":"folder","embeddable":true,"href":"https:\/\/site.educa.madrid.org\/ies.churriguera.leganes\/index.php\/wp-json\/wp\/v2\/folder?post=8500"}],"curies":[{"name":"wp","href":"https:\/\/api.w.org\/{rel}","templated":true}]}}