{"id":9840,"date":"2026-03-11T10:27:21","date_gmt":"2026-03-11T09:27:21","guid":{"rendered":"https:\/\/site.educa.madrid.org\/ies.churriguera.leganes\/?page_id=9840"},"modified":"2026-03-11T10:27:22","modified_gmt":"2026-03-11T09:27:22","slug":"mentoractua","status":"publish","type":"page","link":"https:\/\/site.educa.madrid.org\/ies.churriguera.leganes\/index.php\/mentoractua\/","title":{"rendered":"MentorAct\u00faa"},"content":{"rendered":"\n<h2 class=\"wp-block-heading\">Qu\u00e9 es el programa MentorAct\u00faa (Comunidad de Madrid)<\/h2>\n\n\n\n<figure class=\"wp-block-image alignleft size-full\"><img loading=\"lazy\" decoding=\"async\" width=\"297\" height=\"240\" src=\"https:\/\/site.educa.madrid.org\/ies.churriguera.leganes\/\/wp-content\/uploads\/ies.churriguera.leganes\/2025\/02\/image002.png\" alt=\"\" class=\"wp-image-7246\"\/><\/figure>\n\n\n\n<p>El <strong>Programa MentorAct\u00faa<\/strong> es una iniciativa formativa de la Consejer\u00eda de Educaci\u00f3n, Ciencia y Universidades de la Comunidad de Madrid. Se convoca anualmente desde el curso 2015\u20112016 y est\u00e1 orientado a <strong>favorecer el intercambio de buenas pr\u00e1cticas educativas entre centros p\u00fablicos<\/strong>.<\/p>\n\n\n\n<p>Su finalidad principal es:<\/p>\n\n\n\n<ul class=\"wp-block-list\">\n<li>Impulsar la <strong>observaci\u00f3n activa y guiada<\/strong> entre docentes.<\/li>\n\n\n\n<li>Crear espacios de <strong>colaboraci\u00f3n, di\u00e1logo y reflexi\u00f3n profesional<\/strong>.<\/li>\n\n\n\n<li>Dar visibilidad a <strong>proyectos singulares y metodolog\u00edas innovadoras<\/strong>.<\/li>\n\n\n\n<li>Facilitar el an\u00e1lisis de <strong>contextos educativos distintos<\/strong> y aprender de ellos.<\/li>\n\n\n\n<li>Promover la mejora de la <strong>convivencia, la organizaci\u00f3n y los procesos de aprendizaje<\/strong>.<\/li>\n<\/ul>\n\n\n\n<p>El programa se articula mediante <strong>emparejamientos entre centros<\/strong>, que eligen un \u00e1rea tem\u00e1tica com\u00fan para trabajar y compartir.<\/p>\n\n\n\n<h2 class=\"wp-block-heading\">Programa MentorAct\u00faa: Aprendizaje entre centros para mejorar juntos<\/h2>\n\n\n\n<p>Durante el curso pasado, nuestro centro particip\u00f3 en el <strong>Programa MentorAct\u00faa<\/strong>, una iniciativa de la Comunidad de Madrid destinada a promover el intercambio de buenas pr\u00e1cticas entre centros educativos. Este proyecto nos permiti\u00f3 colaborar estrechamente con el <strong>IES Francisco de Quevedo (Legan\u00e9s)<\/strong>, un instituto inmerso en su proceso de transformaci\u00f3n en <strong>CEIPSO<\/strong>.<\/p>\n\n\n\n<p>El objetivo com\u00fan fue <strong>compartir experiencias sobre convivencia, organizaci\u00f3n y metodolog\u00edas activas<\/strong>, generando un espacio de aprendizaje mutuo. Por un lado, el IES Francisco de Quevedo mostr\u00f3 un gran inter\u00e9s en conocer <strong>nuestro modelo de gesti\u00f3n de la convivencia<\/strong>, as\u00ed como las din\u00e1micas y estructuras que utilizamos para favorecer un clima escolar positivo. Tambi\u00e9n quisieron profundizar en nuestra forma de entender la transici\u00f3n entre etapas y la coordinaci\u00f3n docente, aspectos clave para su evoluci\u00f3n hacia CEIPSO.<\/p>\n\n\n\n<p>Por otro lado, nuestro centro tuvo la oportunidad de conocer de primera mano su <strong>metodolog\u00eda basada en proyectos<\/strong>, una l\u00ednea de trabajo que valoramos especialmente por su capacidad para fomentar la autonom\u00eda, la creatividad y el aprendizaje significativo del alumnado. La visita y las sesiones de intercambio fueron enriquecedoras y nos permitieron reflexionar sobre nuevas formas de integrar el trabajo por proyectos en nuestro d\u00eda a d\u00eda.<\/p>\n\n\n\n<h2 class=\"wp-block-heading\">MentorAct\u00faa 2024\u20112025: colaboraci\u00f3n entre comunidades aut\u00f3nomas<\/h2>\n\n\n\n<p>Este curso continuamos nuestra participaci\u00f3n en el programa, dando un paso m\u00e1s all\u00e1: el emparejamiento se realiza con un centro educativo de <strong>Murcia<\/strong>, lo que convierte la experiencia en una iniciativa interauton\u00f3mica especialmente enriquecedora.<\/p>\n\n\n\n<p>En esta ocasi\u00f3n, nuestro centro comparte dos de sus proyectos m\u00e1s representativos:<\/p>\n\n\n\n<ul class=\"wp-block-list\">\n<li><strong>Churriradio<\/strong>, nuestra emisora escolar, que impulsa la comunicaci\u00f3n, la creatividad y la participaci\u00f3n del alumnado.<\/li>\n\n\n\n<li><strong>Classband<\/strong>, un proyecto musical colaborativo que fomenta la expresi\u00f3n art\u00edstica, el trabajo en equipo y la convivencia positiva.<\/li>\n<\/ul>\n\n\n\n<p>Nos mostramos igualmente abiertos a conocer y aprender de las propuestas del centro murciano, convencidos de que el intercambio entre realidades educativas diversas ampl\u00eda nuestra mirada y fortalece nuestra pr\u00e1ctica docente.<\/p>\n\n\n\n<h2 class=\"wp-block-heading\">Un programa que impulsa la mejora continua<\/h2>\n\n\n\n<p>La participaci\u00f3n en MentorAct\u00faa reafirma nuestro compromiso con la innovaci\u00f3n, la convivencia y la mejora constante. Creemos firmemente en el valor de aprender de otros centros y de compartir aquello que nos identifica, construyendo una red educativa m\u00e1s s\u00f3lida, abierta y colaborativa.<\/p>\n","protected":false},"excerpt":{"rendered":"<p>Qu\u00e9 es el programa MentorAct\u00faa (Comunidad de Madrid) El Programa MentorAct\u00faa es una iniciativa formativa de la Consejer\u00eda de Educaci\u00f3n, Ciencia y Universidades de la Comunidad de Madrid. Se convoca anualmente desde el curso 2015\u20112016 y est\u00e1 orientado a favorecer el intercambio de buenas pr\u00e1cticas educativas entre centros p\u00fablicos. Su finalidad principal es: El programa [&hellip;]<\/p>\n","protected":false},"author":14,"featured_media":7246,"parent":0,"menu_order":0,"comment_status":"closed","ping_status":"closed","template":"","meta":{"footnotes":""},"folder":[],"class_list":["post-9840","page","type-page","status-publish","has-post-thumbnail","hentry"],"rttpg_featured_image_url":{"full":["https:\/\/site.educa.madrid.org\/ies.churriguera.leganes\/\/wp-content\/uploads\/ies.churriguera.leganes\/2025\/02\/image002.png",297,240,false],"landscape":["https:\/\/site.educa.madrid.org\/ies.churriguera.leganes\/\/wp-content\/uploads\/ies.churriguera.leganes\/2025\/02\/image002.png",297,240,false],"portraits":["https:\/\/site.educa.madrid.org\/ies.churriguera.leganes\/\/wp-content\/uploads\/ies.churriguera.leganes\/2025\/02\/image002.png",297,240,false],"thumbnail":["https:\/\/site.educa.madrid.org\/ies.churriguera.leganes\/\/wp-content\/uploads\/ies.churriguera.leganes\/2025\/02\/image002-150x150.png",150,150,true],"medium":["https:\/\/site.educa.madrid.org\/ies.churriguera.leganes\/\/wp-content\/uploads\/ies.churriguera.leganes\/2025\/02\/image002.png",297,240,false],"large":["https:\/\/site.educa.madrid.org\/ies.churriguera.leganes\/\/wp-content\/uploads\/ies.churriguera.leganes\/2025\/02\/image002.png",297,240,false],"thumblist":["https:\/\/site.educa.madrid.org\/ies.churriguera.leganes\/\/wp-content\/uploads\/ies.churriguera.leganes\/2025\/02\/image002.png",297,240,false],"thumbrelated":["https:\/\/site.educa.madrid.org\/ies.churriguera.leganes\/\/wp-content\/uploads\/ies.churriguera.leganes\/2025\/02\/image002.png",297,240,false],"meccarouselthumb":["https:\/\/site.educa.madrid.org\/ies.churriguera.leganes\/\/wp-content\/uploads\/ies.churriguera.leganes\/2025\/02\/image002.png",297,240,false],"gridsquare":["https:\/\/site.educa.madrid.org\/ies.churriguera.leganes\/\/wp-content\/uploads\/ies.churriguera.leganes\/2025\/02\/image002.png",297,240,false],"tileview":["https:\/\/site.educa.madrid.org\/ies.churriguera.leganes\/\/wp-content\/uploads\/ies.churriguera.leganes\/2025\/02\/image002.png",297,240,false],"1536x1536":["https:\/\/site.educa.madrid.org\/ies.churriguera.leganes\/\/wp-content\/uploads\/ies.churriguera.leganes\/2025\/02\/image002.png",297,240,false],"2048x2048":["https:\/\/site.educa.madrid.org\/ies.churriguera.leganes\/\/wp-content\/uploads\/ies.churriguera.leganes\/2025\/02\/image002.png",297,240,false],"total-portfolio-thumb":["https:\/\/site.educa.madrid.org\/ies.churriguera.leganes\/\/wp-content\/uploads\/ies.churriguera.leganes\/2025\/02\/image002.png",297,240,false],"total-team-thumb":["https:\/\/site.educa.madrid.org\/ies.churriguera.leganes\/\/wp-content\/uploads\/ies.churriguera.leganes\/2025\/02\/image002.png",297,240,false],"total-blog-thumb":["https:\/\/site.educa.madrid.org\/ies.churriguera.leganes\/\/wp-content\/uploads\/ies.churriguera.leganes\/2025\/02\/image002.png",297,240,false],"total-thumb":["https:\/\/site.educa.madrid.org\/ies.churriguera.leganes\/\/wp-content\/uploads\/ies.churriguera.leganes\/2025\/02\/image002-100x100.png",100,100,true],"total-blog-header":["https:\/\/site.educa.madrid.org\/ies.churriguera.leganes\/\/wp-content\/uploads\/ies.churriguera.leganes\/2025\/02\/image002.png",297,240,false],"sow-carousel-default":["https:\/\/site.educa.madrid.org\/ies.churriguera.leganes\/\/wp-content\/uploads\/ies.churriguera.leganes\/2025\/02\/image002-272x182.png",272,182,true],"sow-post-carousel-overlay-theme":["https:\/\/site.educa.madrid.org\/ies.churriguera.leganes\/\/wp-content\/uploads\/ies.churriguera.leganes\/2025\/02\/image002.png",297,240,false],"sow-post-carousel-cards-theme":["https:\/\/site.educa.madrid.org\/ies.churriguera.leganes\/\/wp-content\/uploads\/ies.churriguera.leganes\/2025\/02\/image002.png",297,240,false],"sow-blog-portfolio":["https:\/\/site.educa.madrid.org\/ies.churriguera.leganes\/\/wp-content\/uploads\/ies.churriguera.leganes\/2025\/02\/image002.png",297,240,false],"sow-blog-grid":["https:\/\/site.educa.madrid.org\/ies.churriguera.leganes\/\/wp-content\/uploads\/ies.churriguera.leganes\/2025\/02\/image002.png",297,240,false],"sow-blog-alternate":["https:\/\/site.educa.madrid.org\/ies.churriguera.leganes\/\/wp-content\/uploads\/ies.churriguera.leganes\/2025\/02\/image002.png",297,240,false],"rt_custom":["https:\/\/site.educa.madrid.org\/ies.churriguera.leganes\/\/wp-content\/uploads\/ies.churriguera.leganes\/2025\/02\/image002.png",297,240,false]},"rttpg_author":{"display_name":"PATRICIA D\u00cdAZ GARC\u00cdA","author_link":"https:\/\/site.educa.madrid.org\/ies.churriguera.leganes\/index.php\/author\/patricia_diaz-garcia\/"},"rttpg_comment":0,"rttpg_category":false,"rttpg_excerpt":"Qu\u00e9 es el programa MentorAct\u00faa (Comunidad de Madrid) El Programa MentorAct\u00faa es una iniciativa formativa de la Consejer\u00eda de Educaci\u00f3n, Ciencia y Universidades de la Comunidad de Madrid. Se convoca anualmente desde el curso 2015\u20112016 y est\u00e1 orientado a favorecer el intercambio de buenas pr\u00e1cticas educativas entre centros p\u00fablicos. Su finalidad principal es: El programa&hellip;","post_mailing_queue_ids":[],"_links":{"self":[{"href":"https:\/\/site.educa.madrid.org\/ies.churriguera.leganes\/index.php\/wp-json\/wp\/v2\/pages\/9840","targetHints":{"allow":["GET"]}}],"collection":[{"href":"https:\/\/site.educa.madrid.org\/ies.churriguera.leganes\/index.php\/wp-json\/wp\/v2\/pages"}],"about":[{"href":"https:\/\/site.educa.madrid.org\/ies.churriguera.leganes\/index.php\/wp-json\/wp\/v2\/types\/page"}],"author":[{"embeddable":true,"href":"https:\/\/site.educa.madrid.org\/ies.churriguera.leganes\/index.php\/wp-json\/wp\/v2\/users\/14"}],"replies":[{"embeddable":true,"href":"https:\/\/site.educa.madrid.org\/ies.churriguera.leganes\/index.php\/wp-json\/wp\/v2\/comments?post=9840"}],"version-history":[{"count":2,"href":"https:\/\/site.educa.madrid.org\/ies.churriguera.leganes\/index.php\/wp-json\/wp\/v2\/pages\/9840\/revisions"}],"predecessor-version":[{"id":9842,"href":"https:\/\/site.educa.madrid.org\/ies.churriguera.leganes\/index.php\/wp-json\/wp\/v2\/pages\/9840\/revisions\/9842"}],"wp:featuredmedia":[{"embeddable":true,"href":"https:\/\/site.educa.madrid.org\/ies.churriguera.leganes\/index.php\/wp-json\/wp\/v2\/media\/7246"}],"wp:attachment":[{"href":"https:\/\/site.educa.madrid.org\/ies.churriguera.leganes\/index.php\/wp-json\/wp\/v2\/media?parent=9840"}],"wp:term":[{"taxonomy":"folder","embeddable":true,"href":"https:\/\/site.educa.madrid.org\/ies.churriguera.leganes\/index.php\/wp-json\/wp\/v2\/folder?post=9840"}],"curies":[{"name":"wp","href":"https:\/\/api.w.org\/{rel}","templated":true}]}}