{"id":1011,"date":"2025-08-25T17:16:11","date_gmt":"2025-08-25T15:16:11","guid":{"rendered":"https:\/\/site.educa.madrid.org\/ies.claradelrey.madrid\/?page_id=1011"},"modified":"2025-08-25T17:21:53","modified_gmt":"2025-08-25T15:21:53","slug":"exencion-de-fct-ffe","status":"publish","type":"page","link":"https:\/\/site.educa.madrid.org\/ies.claradelrey.madrid\/index.php\/exencion-de-fct-ffe\/","title":{"rendered":"Exenci\u00f3n de FCT &#8211; FFE"},"content":{"rendered":"\n<h4 class=\"wp-block-heading\"><strong>EXENCI\u00d3N DE FCT (alumnos de 2\u00ba modalidad presencial de planes de estudios a extinguir)<\/strong><\/h4>\n\n\n\n<p>Seg\u00fan lo establecido en el<mark style=\"background-color:rgba(0, 0, 0, 0)\" class=\"has-inline-color has-vivid-cyan-blue-color\">\u00a0<a href=\"http:\/\/www.madrid.org\/wleg_pub\/secure\/normativas\/contenidoNormativa.jsf?opcion=VerHtml&amp;nmnorma=5722&amp;cdestado=P\">Art\u00edculo 40.- Exenci\u00f3n del m\u00f3dulo de FCT de la\u00a0Orden 2694\/2009, de 9 de junio<\/a>,<\/mark> por la que se regula el acceso, la matriculaci\u00f3n, el proceso de evaluaci\u00f3n y la acreditaci\u00f3n acad\u00e9mica de los alumnos que cursen en la Comunidad de Madrid la modalidad presencial de la formaci\u00f3n profesional,\u00a0se podr\u00e1 determinar la exenci\u00f3n total o parcial del m\u00f3dulo de FCT por su correspondencia con la experiencia laboral.<\/p>\n\n\n\n<div style=\"height:20px\" aria-hidden=\"true\" class=\"wp-block-spacer\"><\/div>\n\n\n\n<h4 class=\"wp-block-heading\">PROCEDIMIENTO<\/h4>\n\n\n\n<p>Podr\u00e1n solicitar la exenci\u00f3n los alumnos que acrediten una experiencia laboral a tiempo completo de un a\u00f1o como m\u00ednimo.<br>El interesado presentar\u00e1 la solicitud en la secretar\u00eda del centro.<\/p>\n\n\n\n<p>Se deber\u00e1n presentar los documentos que permitan informar sobre su experiencia laboral.<\/p>\n\n\n\n<figure class=\"wp-block-table\"><table class=\"has-fixed-layout\"><tbody><tr><td>Certificado de la empresa o empresas donde haya adquirido la experiencia laboral, en el que conste la duraci\u00f3n del contrato, la actividad desarrollada, descripci\u00f3n de tareas y el tiempo ejecutado.<br>Informe de la vida laboral.<\/td><td>Certificado en el censo de obligados tributarios con una antig\u00fcedad m\u00ednima de un a\u00f1o.<br>Declaraci\u00f3n del interesado de las actividades m\u00e1s representativas.<\/td><\/tr><tr><td colspan=\"2\">Otros modelos admitidos en derecho, que permitan ampliar la informaci\u00f3n sobre su experiencia laboral.<\/td><\/tr><\/tbody><\/table><\/figure>\n\n\n\n<p>Tambi\u00e9n se puede acreditar la exenci\u00f3n de FCT mediante el \u00abvoluntariado\u00bb entendiendo que la Acci\u00f3n Voluntaria organizada es aquella que se desarrolla dentro de una&nbsp;organizaci\u00f3n sin \u00e1nimo de lucro&nbsp;por personas f\u00edsicas que, de manera altruista y solidaria, intervienen con las personas y la realidad social, frente a situaciones de vulneraci\u00f3n, privaci\u00f3n o falta de derechos u oportunidades para alcanzar una mejor calidad de vida y una mayor cohesi\u00f3n y justicia social como expresi\u00f3n de ciudadan\u00eda activa organizada.<\/p>\n\n\n\n<div style=\"height:20px\" aria-hidden=\"true\" class=\"wp-block-spacer\"><\/div>\n\n\n\n<h3 class=\"wp-block-heading\">PLAZOS<\/h3>\n\n\n\n<p>Al menos un mes antes de la fecha de inicio del m\u00f3dulo de F.C.T.<\/p>\n\n\n\n<div style=\"height:20px\" aria-hidden=\"true\" class=\"wp-block-spacer\"><\/div>\n\n\n\n<h3 class=\"wp-block-heading\">NORMATIVA<\/h3>\n\n\n\n<p>Art\u00edculo 40 de la\u00a0<a href=\"http:\/\/gestiona.madrid.org\/wleg\/servlet\/Servidor?opcion=VerHtml&amp;idnorma=6811&amp;word=S&amp;wordperfect=N&amp;pdf=S\" target=\"_blank\" rel=\"noreferrer noopener\"><mark style=\"background-color:rgba(0, 0, 0, 0)\" class=\"has-inline-color has-vivid-cyan-blue-color\">Orden 2694\/2009 de, 9 de junio<\/mark><\/a>, por la que se regula el acceso, la matriculaci\u00f3n, el proceso de evaluaci\u00f3n y la acreditaci\u00f3n acad\u00e9mica de los alumnos que cursen en la Comunidad de Madrid la modalidad presencial de la formaci\u00f3n profesional del sistema educativo establecida en la\u00a0<a href=\"http:\/\/www.boe.es\/aeboe\/consultas\/bases_datos\/doc.php?id=BOE-A-2006-7899\" target=\"_blank\" rel=\"noreferrer noopener\"><mark style=\"background-color:rgba(0, 0, 0, 0)\" class=\"has-inline-color has-vivid-cyan-blue-color\">Ley Org\u00e1nica 2\/2006, de 3 de mayo<\/mark><\/a>, de Educaci\u00f3n.<\/p>\n\n\n\n<div style=\"height:20px\" aria-hidden=\"true\" class=\"wp-block-spacer\"><\/div>\n\n\n\n<h3 class=\"wp-block-heading\">MODELO DE SOLICITUD (ver adjuntos)<\/h3>\n\n\n\n<figure class=\"wp-block-table\"><table class=\"has-fixed-layout\"><tbody><tr><td><a href=\"https:\/\/iesclaradelrey.es\/portal\/attachments\/article\/15\/EXENCION_DEL_MODULO_DE_FCT_(actualizado).pdf\" target=\"_blank\" rel=\"noreferrer noopener\"><\/a><a href=\"https:\/\/site.educa.madrid.org\/ies.claradelrey.madrid\/\/wp-content\/uploads\/ies.claradelrey.madrid\/2025\/08\/EXENCION_DEL_MODULO_DE_FCT_actualizado.pdf\" target=\"_blank\" rel=\"noreferrer noopener\"><mark style=\"background-color:rgba(0, 0, 0, 0)\" class=\"has-inline-color has-vivid-cyan-blue-color\">EXENCION_DEL_MODULO_DE_FCT_(actualizado).pdf<\/mark><\/a><\/td><td>97 kB<\/td><\/tr><\/tbody><\/table><\/figure>\n","protected":false},"excerpt":{"rendered":"<p>EXENCI\u00d3N DE FCT (alumnos de 2\u00ba modalidad presencial de planes de estudios a extinguir) Seg\u00fan lo establecido en el\u00a0Art\u00edculo 40.- Exenci\u00f3n del m\u00f3dulo de FCT de la\u00a0Orden 2694\/2009, de 9 de junio, por la que se regula el acceso, la matriculaci\u00f3n, el proceso de evaluaci\u00f3n y la acreditaci\u00f3n acad\u00e9mica de los alumnos que cursen en<\/p><\/div>\n<div class=\"blog-btn\"><a href=\"https:\/\/site.educa.madrid.org\/ies.claradelrey.madrid\/index.php\/exencion-de-fct-ffe\/\" class=\"home-blog-btn\">Leer m\u00e1s<\/a><\/p>\n","protected":false},"author":3,"featured_media":0,"parent":0,"menu_order":0,"comment_status":"closed","ping_status":"closed","template":"","meta":{"footnotes":""},"folder":[],"class_list":["post-1011","page","type-page","status-publish","hentry"],"rttpg_featured_image_url":null,"rttpg_author":{"display_name":"ies.claradelrey.madrid","author_link":"https:\/\/site.educa.madrid.org\/ies.claradelrey.madrid\/index.php\/author\/cuenta_ies-claradelrey-madrid\/"},"rttpg_comment":0,"rttpg_category":false,"rttpg_excerpt":"EXENCI\u00d3N DE FCT (alumnos de 2\u00ba modalidad presencial de planes de estudios a extinguir) Seg\u00fan lo establecido en el\u00a0Art\u00edculo 40.- Exenci\u00f3n del m\u00f3dulo de FCT de la\u00a0Orden 2694\/2009, de 9 de junio, por la que se regula el acceso, la matriculaci\u00f3n, el proceso de evaluaci\u00f3n y la acreditaci\u00f3n acad\u00e9mica de los alumnos que cursen enLeer&hellip;","post_mailing_queue_ids":[],"_links":{"self":[{"href":"https:\/\/site.educa.madrid.org\/ies.claradelrey.madrid\/index.php\/wp-json\/wp\/v2\/pages\/1011","targetHints":{"allow":["GET"]}}],"collection":[{"href":"https:\/\/site.educa.madrid.org\/ies.claradelrey.madrid\/index.php\/wp-json\/wp\/v2\/pages"}],"about":[{"href":"https:\/\/site.educa.madrid.org\/ies.claradelrey.madrid\/index.php\/wp-json\/wp\/v2\/types\/page"}],"author":[{"embeddable":true,"href":"https:\/\/site.educa.madrid.org\/ies.claradelrey.madrid\/index.php\/wp-json\/wp\/v2\/users\/3"}],"replies":[{"embeddable":true,"href":"https:\/\/site.educa.madrid.org\/ies.claradelrey.madrid\/index.php\/wp-json\/wp\/v2\/comments?post=1011"}],"version-history":[{"count":3,"href":"https:\/\/site.educa.madrid.org\/ies.claradelrey.madrid\/index.php\/wp-json\/wp\/v2\/pages\/1011\/revisions"}],"predecessor-version":[{"id":1021,"href":"https:\/\/site.educa.madrid.org\/ies.claradelrey.madrid\/index.php\/wp-json\/wp\/v2\/pages\/1011\/revisions\/1021"}],"wp:attachment":[{"href":"https:\/\/site.educa.madrid.org\/ies.claradelrey.madrid\/index.php\/wp-json\/wp\/v2\/media?parent=1011"}],"wp:term":[{"taxonomy":"folder","embeddable":true,"href":"https:\/\/site.educa.madrid.org\/ies.claradelrey.madrid\/index.php\/wp-json\/wp\/v2\/folder?post=1011"}],"curies":[{"name":"wp","href":"https:\/\/api.w.org\/{rel}","templated":true}]}}