{"id":1219,"date":"2025-08-27T16:57:14","date_gmt":"2025-08-27T14:57:14","guid":{"rendered":"https:\/\/site.educa.madrid.org\/ies.claradelrey.madrid\/?page_id=1219"},"modified":"2025-08-27T17:19:55","modified_gmt":"2025-08-27T15:19:55","slug":"becas-cursos-y-otras-convocatorias","status":"publish","type":"page","link":"https:\/\/site.educa.madrid.org\/ies.claradelrey.madrid\/index.php\/becas-cursos-y-otras-convocatorias\/","title":{"rendered":"Becas, cursos y otras convocatorias"},"content":{"rendered":"\n<div class=\"wp-block-columns is-layout-flex wp-container-core-columns-is-layout-9d6595d7 wp-block-columns-is-layout-flex\">\n<div class=\"wp-block-column is-layout-flow wp-block-column-is-layout-flow\">\n<h4 class=\"wp-block-heading\"><mark style=\"background-color:rgba(0, 0, 0, 0);color:#1f6085\" class=\"has-inline-color\">Becas Ministerio de Educaci\u00f3n (curso 2025-2026)<\/mark><\/h4>\n\n\n\n<div style=\"height:1px\" aria-hidden=\"true\" class=\"wp-block-spacer\"><\/div>\n\n\n\n<figure class=\"wp-block-image\"><img decoding=\"async\" src=\"https:\/\/www.becaseducacion.gob.es\/.resources\/templating\/base\/img\/escudo-mefpd-mciu.png\" alt=\"Escudo de los Ministerios\"\/><\/figure>\n\n\n\n<p><strong>BECAS CURSO 2025 \/ 2026<\/strong><\/p>\n\n\n\n<p>Desde el&nbsp;<strong>24 de marzo al 14 de mayo<\/strong>&nbsp;de 2025.<\/p>\n\n\n\n<p>Pincha aqu\u00ed:\u00a0<a href=\"https:\/\/www.becaseducacion.gob.es\/becas-y-ayudas\/fp-bachillerato-otros\/tipos-de-becas.html\"><mark style=\"background-color:rgba(0, 0, 0, 0)\" class=\"has-inline-color has-vivid-cyan-blue-color\">Becas Formaci\u00f3n Profesiona<\/mark><\/a><mark style=\"background-color:rgba(0, 0, 0, 0)\" class=\"has-inline-color has-vivid-cyan-blue-color\">l\u00a0<\/mark><\/p>\n<\/div>\n\n\n\n<div class=\"wp-block-column is-layout-flow wp-block-column-is-layout-flow\">\n<h4 class=\"wp-block-heading has-text-align-left\"><mark style=\"background-color:rgba(0, 0, 0, 0);color:#1f6085\" class=\"has-inline-color\">Becas y ayudas para alumnos con necesidad espec\u00edfica de apoyo educativo<\/mark><\/h4>\n\n\n\n<p>La convocatoria&nbsp;de las&nbsp;ayudas para alumnado con necesidades espec\u00edficas de apoyo educativo&nbsp;(curso 2025\/26) se public\u00f3 el 25 de abril de 2025.<\/p>\n\n\n\n<p>Plazo de solicitud: del 30 de abril al 11 de septiembre de 2025.<\/p>\n\n\n\n<p>Tienes m\u00e1s informaci\u00f3n\u00a0<a href=\"https:\/\/www.becaseducacion.gob.es\/becas-y-ayudas\/ayudas-apoyo-educativo\/tipos-de-becas.html\" target=\"_blank\" rel=\"noreferrer noopener\"><mark style=\"background-color:rgba(0, 0, 0, 0)\" class=\"has-inline-color has-vivid-cyan-blue-color\">aqu\u00ed<\/mark><\/a>.<\/p>\n<\/div>\n<\/div>\n\n\n\n<div style=\"height:30px\" aria-hidden=\"true\" class=\"wp-block-spacer\"><\/div>\n\n\n\n<div class=\"wp-block-columns is-layout-flex wp-container-core-columns-is-layout-9d6595d7 wp-block-columns-is-layout-flex\">\n<div class=\"wp-block-column is-layout-flow wp-block-column-is-layout-flow\">\n<h4 class=\"wp-block-heading\"><mark style=\"background-color:rgba(0, 0, 0, 0);color:#1f6085\" class=\"has-inline-color\">Becas Talento de Telef\u00f3nica Soluciones de Outsourcing<\/mark><\/h4>\n\n\n\n<p>Desde Telef\u00f3nica Soluciones de Outsourcing nos hacen llegar su convocatoria de becas Talento. Entre las actividades a desarrollar est\u00e1n:<\/p>\n\n\n\n<ul class=\"wp-block-list\">\n<li>Atenci\u00f3n e interlocuci\u00f3n con el Cliente.<\/li>\n\n\n\n<li>Coordinaci\u00f3n y seguimiento actividad del centro t\u00e9cnico que da respuesta a las necesidades de cliente.<\/li>\n\n\n\n<li>Desarrollo y coordinaci\u00f3n de proyectos de despliegue de tecnolog\u00eda.<\/li>\n\n\n\n<li>Apoyo t\u00e9cnico y asesoramiento al Cliente sobre los servicios o nuevas propuestas de soluciones.<\/li>\n\n\n\n<li>An\u00e1lisis de indicadores de calidad, identificaci\u00f3n de problemas y propuestas de mejora.<\/li>\n\n\n\n<li>Interlocuci\u00f3n con las \u00e1reas internas de Telef\u00f3nica para dar respuesta a las necesidades del Cliente.<\/li>\n<\/ul>\n\n\n\n<p>Visita\u00a0<a href=\"https:\/\/career5.successfactors.eu\/sfcareer\/jobreqcareerpvt?jobId=313691&amp;company=Telefonica&amp;st=F0EC760EAB4ED7B45409FB98B496ED3F2F7031B2\" target=\"_blank\" rel=\"noreferrer noopener\"><mark style=\"background-color:rgba(0, 0, 0, 0)\" class=\"has-inline-color has-vivid-cyan-blue-color\">este enlace<\/mark><\/a>\u00a0para tener m\u00e1s informaci\u00f3n.<\/p>\n<\/div>\n\n\n\n<div class=\"wp-block-column is-layout-flow wp-block-column-is-layout-flow\">\n<h4 class=\"wp-block-heading\"><mark style=\"background-color:rgba(0, 0, 0, 0);color:#1f6085\" class=\"has-inline-color\">Campus de Programaci\u00f3n<\/mark><\/h4>\n\n\n\n<p>Si te interesan los videojuegos, las aplicaciones m\u00f3viles o el Machine Learning, 42 es tu lugar.<\/p>\n\n\n\n<p>Un campus gratuito y abierto 24\/7, para mayores de 18 a\u00f1os, que te prepara para las nuevas profesiones que demanda el mercado laboral. No es necesaria formaci\u00f3n ni titulaci\u00f3n previa.<\/p>\n\n\n\n<p><a href=\"https:\/\/www.fundaciontelefonica.com\/empleabilidad\/campus-42\/?utm_source=empleabilidad&amp;utm_medium=invitacion&amp;utm_campaign=infografia-42-05212021\"><mark style=\"background-color:rgba(0, 0, 0, 0)\" class=\"has-inline-color has-vivid-cyan-blue-color\">M\u00e1s informaci\u00f3n &#8230;<\/mark><\/a><\/p>\n<\/div>\n<\/div>\n\n\n\n<div style=\"height:30px\" aria-hidden=\"true\" class=\"wp-block-spacer\"><\/div>\n\n\n\n<div class=\"wp-block-columns is-layout-flex wp-container-core-columns-is-layout-9d6595d7 wp-block-columns-is-layout-flex\">\n<div class=\"wp-block-column is-layout-flow wp-block-column-is-layout-flow\">\n<h4 class=\"wp-block-heading\"><mark style=\"background-color:rgba(0, 0, 0, 0);color:#1f6085\" class=\"has-inline-color\">Becas y ayudas oficiales<\/mark><\/h4>\n\n\n\n<p>Enlace a la p\u00e1gina de&nbsp;Becas. Informaci\u00f3n:<\/p>\n\n\n\n<p><a href=\"https:\/\/www.educa2.madrid.org\/web\/direcciones-de-area\/inicio\/-\/visor\/becas-informacion\"><mark style=\"background-color:rgba(0, 0, 0, 0)\" class=\"has-inline-color has-vivid-cyan-blue-color\">https:\/\/www.educa2.madrid.org\/web\/direcciones-de-area\/inicio\/-\/visor\/becas-informacion<\/mark><\/a><\/p>\n<\/div>\n\n\n\n<div class=\"wp-block-column is-layout-flow wp-block-column-is-layout-flow\">\n<h4 class=\"wp-block-heading\"><mark style=\"background-color:rgba(0, 0, 0, 0);color:#1f6085\" class=\"has-inline-color\">Cursos de idiomas gratuitos del Ayto. de Madrid<\/mark><\/h4>\n\n\n\n<p>El Departamento de Juventud del Ayto. de Madrid, organiza cursos de idiomas gratuitos para j\u00f3venes de 14 a 30 a\u00f1os.<\/p>\n\n\n\n<p><strong>Cursos de ingl\u00e9s, franc\u00e9s y alem\u00e1n de distintos niveles:<\/strong><\/p>\n\n\n\n<p><strong>Ingl\u00e9s<\/strong>: A1, A2, B1, B2, C1.<\/p>\n\n\n\n<p><strong>Franc\u00e9s y alem\u00e1n<\/strong>: A1.1, A1.2, A2.1, A2.2, B1.1 B1.2, B1.3 y B1.4<\/p>\n\n\n\n<p>Tienes m\u00e1s informaci\u00f3n\u00a0<a href=\"https:\/\/www.madrid.es\/portales\/munimadrid\/es\/Inicio\/Jovenes\/Cursos-de-idiomas-presenciales-en-aula-virtual-\/?vgnextfmt=default&amp;vgnextoid=d4e36617bec75510VgnVCM1000001d4a900aRCRD&amp;vgnextchannel=3e10b7dd3f7fe410VgnVCM1000000b205a0aRCRD\" target=\"_blank\" rel=\"noreferrer noopener\"><mark style=\"background-color:rgba(0, 0, 0, 0)\" class=\"has-inline-color has-vivid-cyan-blue-color\">en este enlace<\/mark><\/a>.\u00a0<\/p>\n<\/div>\n<\/div>\n\n\n\n<p><\/p>\n","protected":false},"excerpt":{"rendered":"<p>Becas Ministerio de Educaci\u00f3n (curso 2025-2026) BECAS CURSO 2025 \/ 2026 Desde el&nbsp;24 de marzo al 14 de mayo&nbsp;de 2025. Pincha aqu\u00ed:\u00a0Becas Formaci\u00f3n Profesional\u00a0 Becas y ayudas para alumnos con necesidad espec\u00edfica de apoyo educativo La convocatoria&nbsp;de las&nbsp;ayudas para alumnado con necesidades espec\u00edficas de apoyo educativo&nbsp;(curso 2025\/26) se public\u00f3 el 25 de abril de 2025.<\/p><\/div>\n<div class=\"blog-btn\"><a href=\"https:\/\/site.educa.madrid.org\/ies.claradelrey.madrid\/index.php\/becas-cursos-y-otras-convocatorias\/\" class=\"home-blog-btn\">Leer m\u00e1s<\/a><\/p>\n","protected":false},"author":3,"featured_media":0,"parent":0,"menu_order":0,"comment_status":"closed","ping_status":"closed","template":"","meta":{"footnotes":""},"folder":[],"class_list":["post-1219","page","type-page","status-publish","hentry"],"rttpg_featured_image_url":null,"rttpg_author":{"display_name":"ies.claradelrey.madrid","author_link":"https:\/\/site.educa.madrid.org\/ies.claradelrey.madrid\/index.php\/author\/cuenta_ies-claradelrey-madrid\/"},"rttpg_comment":0,"rttpg_category":false,"rttpg_excerpt":"Becas Ministerio de Educaci\u00f3n (curso 2025-2026) BECAS CURSO 2025 \/ 2026 Desde el&nbsp;24 de marzo al 14 de mayo&nbsp;de 2025. Pincha aqu\u00ed:\u00a0Becas Formaci\u00f3n Profesional\u00a0 Becas y ayudas para alumnos con necesidad espec\u00edfica de apoyo educativo La convocatoria&nbsp;de las&nbsp;ayudas para alumnado con necesidades espec\u00edficas de apoyo educativo&nbsp;(curso 2025\/26) se public\u00f3 el 25 de abril de 2025.Leer&hellip;","post_mailing_queue_ids":[],"_links":{"self":[{"href":"https:\/\/site.educa.madrid.org\/ies.claradelrey.madrid\/index.php\/wp-json\/wp\/v2\/pages\/1219","targetHints":{"allow":["GET"]}}],"collection":[{"href":"https:\/\/site.educa.madrid.org\/ies.claradelrey.madrid\/index.php\/wp-json\/wp\/v2\/pages"}],"about":[{"href":"https:\/\/site.educa.madrid.org\/ies.claradelrey.madrid\/index.php\/wp-json\/wp\/v2\/types\/page"}],"author":[{"embeddable":true,"href":"https:\/\/site.educa.madrid.org\/ies.claradelrey.madrid\/index.php\/wp-json\/wp\/v2\/users\/3"}],"replies":[{"embeddable":true,"href":"https:\/\/site.educa.madrid.org\/ies.claradelrey.madrid\/index.php\/wp-json\/wp\/v2\/comments?post=1219"}],"version-history":[{"count":17,"href":"https:\/\/site.educa.madrid.org\/ies.claradelrey.madrid\/index.php\/wp-json\/wp\/v2\/pages\/1219\/revisions"}],"predecessor-version":[{"id":1239,"href":"https:\/\/site.educa.madrid.org\/ies.claradelrey.madrid\/index.php\/wp-json\/wp\/v2\/pages\/1219\/revisions\/1239"}],"wp:attachment":[{"href":"https:\/\/site.educa.madrid.org\/ies.claradelrey.madrid\/index.php\/wp-json\/wp\/v2\/media?parent=1219"}],"wp:term":[{"taxonomy":"folder","embeddable":true,"href":"https:\/\/site.educa.madrid.org\/ies.claradelrey.madrid\/index.php\/wp-json\/wp\/v2\/folder?post=1219"}],"curies":[{"name":"wp","href":"https:\/\/api.w.org\/{rel}","templated":true}]}}