{"id":3264,"date":"2026-04-17T13:55:21","date_gmt":"2026-04-17T11:55:21","guid":{"rendered":"https:\/\/site.educa.madrid.org\/ies.claradelrey.madrid\/?page_id=3264"},"modified":"2026-04-24T07:04:39","modified_gmt":"2026-04-24T05:04:39","slug":"becas-2026","status":"publish","type":"page","link":"https:\/\/site.educa.madrid.org\/ies.claradelrey.madrid\/index.php\/secretaria\/becas-2026\/","title":{"rendered":"Becas MEFD 2026-2027"},"content":{"rendered":"\n<p>El 25 de marzo se ha publicado la&nbsp;<strong>convocatoria de becas del Ministerio de Educaci\u00f3n, Formaci\u00f3n Profesional y Deportes (MEFD) para estudios postobligatorios correspondiente al curso 2026-27<\/strong>. Como cada a\u00f1o, este programa de ayudas est\u00e1 destinado a apoyar a los estudiantes que contin\u00faan su formaci\u00f3n acad\u00e9mica y cumplen con los requisitos establecidos en la convocatoria.<\/p>\n\n\n\n<p class=\"has-vivid-red-color has-text-color has-link-color has-medium-font-size wp-elements-172471130f4642c1e0352f50e3c4f012\"><strong>El plazo de solicitud es del 7 de abril a las 8:00 horas y el 18 de mayo a las 15:00 horas.<\/strong><\/p>\n\n\n\n<p>Puede consultar toda la informaci\u00f3n en el &nbsp;<a href=\"https:\/\/www.educacionfpydeportes.gob.es\/servicios-al-ciudadano\/catalogo\/general\/05\/050130\/ficha\/050130-2026.html\" target=\"_blank\" rel=\"noreferrer noopener\">enlace de la convocatoria<\/a>.<\/p>\n\n\n\n<p>La solicitud y tramitaci\u00f3n se realizar\u00e1 \u00edntegramente de forma telem\u00e1tica a trav\u00e9s del&nbsp;<a href=\"https:\/\/sede.educacion.gob.es\/sede\/login\/inicio.jjsp?idConvocatoria=2256\" target=\"_blank\" rel=\"noreferrer noopener\">portal oficial<\/a><\/p>\n\n\n\n<p>ES MUY IMPORTANTE que se indique correctamente el c\u00f3digo del centro en el que est\u00e1n matriculados. Para los alumnos que estudian con nosotros en el curso 2025-26, el c\u00f3digo de centro del IES Clara del Rey es 28042656. En caso de dudas sobre el c\u00f3digo o de cambios de centro despu\u00e9s de presentar la solicitud,&nbsp;deber\u00e1n estar atentos al plazo que, previsiblemente, se habilitar\u00e1 en septiembre para realizar modificaciones.<\/p>\n\n\n\n<p>Pueden consultar en este&nbsp;<a href=\"https:\/\/gestiona7.madrid.org\/CTAC_CITA\/OFIREG\" target=\"_blank\" rel=\"noreferrer noopener\">enlace a cita previa en las distintas oficinas de registro<\/a>&nbsp;para las necesidades que puedan surgir a los ciudadanos a lo largo del proceso. Si bien la documentaci\u00f3n de los centros de Madrid Capital debe dirigirse a la Unidad de Tr\u00e1mite de la calle Vitruvio, 2, no es necesario que el registro se realice en esta sede, pudiendo hacerse en cualquier otra oficina de registro.<\/p>\n\n\n\n<p><strong>IMPORTANTE:<\/strong> los alumnos que solicitaron esta beca para 2025-26 pero no figuran en la <a href=\"https:\/\/www.educacionfpydeportes.gob.es\/servicios-al-ciudadano\/catalogo\/general\/05\/050130\/ficha\/050130-2025.html\">resoluci\u00f3n definitiva de concesiones<\/a>, deben abonar las tasas de matriculaci\u00f3n antes del 13 de mayo de 2026 o se les anular\u00e1 la matr\u00edcula por impago. Se les ha enviado notificaci\u00f3n a su correo de Educamadrid. Si ten\u00e9is cualquier duda, escribid a secretaria.ies.claradelrey.madrid@educa.madrid.org<\/p>\n","protected":false},"excerpt":{"rendered":"<p>El 25 de marzo se ha publicado la&nbsp;convocatoria de becas del Ministerio de Educaci\u00f3n, Formaci\u00f3n Profesional y Deportes (MEFD) para estudios postobligatorios correspondiente al curso 2026-27. Como cada a\u00f1o, este programa de ayudas est\u00e1 destinado a apoyar a los estudiantes que contin\u00faan su formaci\u00f3n acad\u00e9mica y cumplen con los requisitos establecidos en la convocatoria. El<\/p><\/div>\n<div class=\"blog-btn\"><a href=\"https:\/\/site.educa.madrid.org\/ies.claradelrey.madrid\/index.php\/secretaria\/becas-2026\/\" class=\"home-blog-btn\">Leer m\u00e1s<\/a><\/p>\n","protected":false},"author":22,"featured_media":0,"parent":2859,"menu_order":0,"comment_status":"closed","ping_status":"closed","template":"","meta":{"footnotes":""},"folder":[],"class_list":["post-3264","page","type-page","status-publish","hentry"],"rttpg_featured_image_url":null,"rttpg_author":{"display_name":"Ricardo Martinez Soler","author_link":"https:\/\/site.educa.madrid.org\/ies.claradelrey.madrid\/index.php\/author\/ricardo_martinez-soler\/"},"rttpg_comment":0,"rttpg_category":false,"rttpg_excerpt":"El 25 de marzo se ha publicado la&nbsp;convocatoria de becas del Ministerio de Educaci\u00f3n, Formaci\u00f3n Profesional y Deportes (MEFD) para estudios postobligatorios correspondiente al curso 2026-27. Como cada a\u00f1o, este programa de ayudas est\u00e1 destinado a apoyar a los estudiantes que contin\u00faan su formaci\u00f3n acad\u00e9mica y cumplen con los requisitos establecidos en la convocatoria. ElLeer&hellip;","post_mailing_queue_ids":[],"_links":{"self":[{"href":"https:\/\/site.educa.madrid.org\/ies.claradelrey.madrid\/index.php\/wp-json\/wp\/v2\/pages\/3264","targetHints":{"allow":["GET"]}}],"collection":[{"href":"https:\/\/site.educa.madrid.org\/ies.claradelrey.madrid\/index.php\/wp-json\/wp\/v2\/pages"}],"about":[{"href":"https:\/\/site.educa.madrid.org\/ies.claradelrey.madrid\/index.php\/wp-json\/wp\/v2\/types\/page"}],"author":[{"embeddable":true,"href":"https:\/\/site.educa.madrid.org\/ies.claradelrey.madrid\/index.php\/wp-json\/wp\/v2\/users\/22"}],"replies":[{"embeddable":true,"href":"https:\/\/site.educa.madrid.org\/ies.claradelrey.madrid\/index.php\/wp-json\/wp\/v2\/comments?post=3264"}],"version-history":[{"count":8,"href":"https:\/\/site.educa.madrid.org\/ies.claradelrey.madrid\/index.php\/wp-json\/wp\/v2\/pages\/3264\/revisions"}],"predecessor-version":[{"id":3481,"href":"https:\/\/site.educa.madrid.org\/ies.claradelrey.madrid\/index.php\/wp-json\/wp\/v2\/pages\/3264\/revisions\/3481"}],"up":[{"embeddable":true,"href":"https:\/\/site.educa.madrid.org\/ies.claradelrey.madrid\/index.php\/wp-json\/wp\/v2\/pages\/2859"}],"wp:attachment":[{"href":"https:\/\/site.educa.madrid.org\/ies.claradelrey.madrid\/index.php\/wp-json\/wp\/v2\/media?parent=3264"}],"wp:term":[{"taxonomy":"folder","embeddable":true,"href":"https:\/\/site.educa.madrid.org\/ies.claradelrey.madrid\/index.php\/wp-json\/wp\/v2\/folder?post=3264"}],"curies":[{"name":"wp","href":"https:\/\/api.w.org\/{rel}","templated":true}]}}