{"id":631,"date":"2025-07-31T15:24:58","date_gmt":"2025-07-31T13:24:58","guid":{"rendered":"https:\/\/site.educa.madrid.org\/ies.claradelrey.madrid\/?page_id=631"},"modified":"2025-09-23T14:17:49","modified_gmt":"2025-09-23T12:17:49","slug":"direccion","status":"publish","type":"page","link":"https:\/\/site.educa.madrid.org\/ies.claradelrey.madrid\/index.php\/direccion\/","title":{"rendered":"Direcci\u00f3n"},"content":{"rendered":"\n<p>El equipo directivo est\u00e1 formado por:<\/p>\n\n\n\n<ul class=\"wp-block-list\">\n<li>Directora:&nbsp;<strong>D\u00aa Bel\u00e9n Gil Aliaga<\/strong><\/li>\n<\/ul>\n\n\n\n<ul class=\"wp-block-list\">\n<li>Jefa de estudios de turno diurno:\u00a0<strong>D\u00aa M\u00aa Jos\u00e9 Mart\u00ednez Rivas<\/strong><\/li>\n<\/ul>\n\n\n\n<ul class=\"wp-block-list\">\n<li>Jefa de estudios de turno vespertino:&nbsp;<strong>D\u00aa&nbsp;Camino Pardo de Vega<\/strong><\/li>\n<\/ul>\n\n\n\n<ul class=\"wp-block-list\">\n<li>Jefa de estudios adjunta acad\u00e9mica:&nbsp;<strong>D\u00aa Ana Basurco de Lara<\/strong><\/li>\n<\/ul>\n\n\n\n<ul class=\"wp-block-list\">\n<li>Jefa de estudios adjunta FFE &#8211; Coordinadora de internacionalizaci\u00f3n:\u00a0<strong>D\u00aa Pilar Corraliza Zamorano<\/strong><\/li>\n<\/ul>\n\n\n\n<ul class=\"wp-block-list\">\n<li>Jefa de estudios adjunta FFE de modalidad intensiva:&nbsp;<strong>D\u00aa Pilar Navarro de la Cruz<\/strong><\/li>\n<\/ul>\n\n\n\n<ul class=\"wp-block-list\">\n<li>Secretaria:&nbsp;<strong>D\u00aa Marisa Hernanz Ayuso<\/strong><\/li>\n<\/ul>\n\n\n\n<div style=\"height:30px\" aria-hidden=\"true\" class=\"wp-block-spacer\"><\/div>\n\n\n\n<h3 class=\"wp-block-heading\">Horario de atenci\u00f3n al p\u00fablico:<\/h3>\n\n\n\n<ul class=\"wp-block-list\">\n<li><strong>Director<\/strong>: De Lunes a Viernes. Previa petici\u00f3n de hora.<\/li>\n<\/ul>\n","protected":false},"excerpt":{"rendered":"<p>El equipo directivo est\u00e1 formado por: Horario de atenci\u00f3n al p\u00fablico:<\/p>\n","protected":false},"author":3,"featured_media":0,"parent":0,"menu_order":0,"comment_status":"closed","ping_status":"closed","template":"","meta":{"footnotes":""},"folder":[],"class_list":["post-631","page","type-page","status-publish","hentry"],"rttpg_featured_image_url":null,"rttpg_author":{"display_name":"ies.claradelrey.madrid","author_link":"https:\/\/site.educa.madrid.org\/ies.claradelrey.madrid\/index.php\/author\/cuenta_ies-claradelrey-madrid\/"},"rttpg_comment":0,"rttpg_category":false,"rttpg_excerpt":"El equipo directivo est\u00e1 formado por: Horario de atenci\u00f3n al p\u00fablico:","post_mailing_queue_ids":[],"_links":{"self":[{"href":"https:\/\/site.educa.madrid.org\/ies.claradelrey.madrid\/index.php\/wp-json\/wp\/v2\/pages\/631","targetHints":{"allow":["GET"]}}],"collection":[{"href":"https:\/\/site.educa.madrid.org\/ies.claradelrey.madrid\/index.php\/wp-json\/wp\/v2\/pages"}],"about":[{"href":"https:\/\/site.educa.madrid.org\/ies.claradelrey.madrid\/index.php\/wp-json\/wp\/v2\/types\/page"}],"author":[{"embeddable":true,"href":"https:\/\/site.educa.madrid.org\/ies.claradelrey.madrid\/index.php\/wp-json\/wp\/v2\/users\/3"}],"replies":[{"embeddable":true,"href":"https:\/\/site.educa.madrid.org\/ies.claradelrey.madrid\/index.php\/wp-json\/wp\/v2\/comments?post=631"}],"version-history":[{"count":4,"href":"https:\/\/site.educa.madrid.org\/ies.claradelrey.madrid\/index.php\/wp-json\/wp\/v2\/pages\/631\/revisions"}],"predecessor-version":[{"id":1794,"href":"https:\/\/site.educa.madrid.org\/ies.claradelrey.madrid\/index.php\/wp-json\/wp\/v2\/pages\/631\/revisions\/1794"}],"wp:attachment":[{"href":"https:\/\/site.educa.madrid.org\/ies.claradelrey.madrid\/index.php\/wp-json\/wp\/v2\/media?parent=631"}],"wp:term":[{"taxonomy":"folder","embeddable":true,"href":"https:\/\/site.educa.madrid.org\/ies.claradelrey.madrid\/index.php\/wp-json\/wp\/v2\/folder?post=631"}],"curies":[{"name":"wp","href":"https:\/\/api.w.org\/{rel}","templated":true}]}}