{"id":642,"date":"2025-07-31T15:32:43","date_gmt":"2025-07-31T13:32:43","guid":{"rendered":"https:\/\/site.educa.madrid.org\/ies.claradelrey.madrid\/?page_id=642"},"modified":"2025-09-29T10:41:26","modified_gmt":"2025-09-29T08:41:26","slug":"comision-de-coordinacion-pedagogica-ccp","status":"publish","type":"page","link":"https:\/\/site.educa.madrid.org\/ies.claradelrey.madrid\/index.php\/comision-de-coordinacion-pedagogica-ccp\/","title":{"rendered":"Comisi\u00f3n de Coordinaci\u00f3n Pedag\u00f3gica (CCP)"},"content":{"rendered":"\n<p>La comisi\u00f3n de coordinaci\u00f3n pedag\u00f3gica est\u00e1 compuesta por:<\/p>\n\n\n\n<h4 class=\"wp-block-heading\"><mark style=\"background-color:rgba(0, 0, 0, 0);color:#1f6085\" class=\"has-inline-color\">Directora:<\/mark><\/h4>\n\n\n\n<ul class=\"wp-block-list\">\n<li>D.\u00aa Bel\u00e9n Gil Aliaga<\/li>\n<\/ul>\n\n\n\n<h4 class=\"wp-block-heading\"><mark style=\"background-color:rgba(0, 0, 0, 0);color:#1f6085\" class=\"has-inline-color\">Jefes de estudios:<\/mark><\/h4>\n\n\n\n<ul class=\"wp-block-list\">\n<li>D.\u00aa M\u00aa Jos\u00e9 Mart\u00ednez Rivas<\/li>\n\n\n\n<li>D.\u00aa Camino Pardo de Vega<\/li>\n<\/ul>\n\n\n\n<h4 class=\"wp-block-heading\"><mark style=\"background-color:rgba(0, 0, 0, 0);color:#1f6085\" class=\"has-inline-color\">Jefes de departamentos de familia profesional:<\/mark><\/h4>\n\n\n\n<ul class=\"wp-block-list\">\n<li>D.\u00aa Juana Calzado (Administraci\u00f3n y Gesti\u00f3n)<\/li>\n\n\n\n<li>D.\u00aa Elena Sanz Rioyo (Comercio y Marketing)<\/li>\n\n\n\n<li>D. Xabier Ganz\u00e1bal (Inform\u00e1tica y Comunicaciones)<\/li>\n<\/ul>\n\n\n\n<h4 class=\"wp-block-heading\"><mark style=\"background-color:rgba(0, 0, 0, 0);color:#1f6085\" class=\"has-inline-color\">Jefes de departamentos did\u00e1cticos:<\/mark><\/h4>\n\n\n\n<ul class=\"wp-block-list\">\n<li>D.\u00aa M\u00aa Eugenia Caldas Blanco (Formaci\u00f3n y Orientaci\u00f3n Laboral)<\/li>\n\n\n\n<li>D.\u00aa Ana Isabel Ruiz (Idiomas<\/li>\n<\/ul>\n\n\n\n<h4 class=\"wp-block-heading\"><mark style=\"background-color:rgba(0, 0, 0, 0);color:#1f6085\" class=\"has-inline-color\">Jefes de otros departamentos:<\/mark><\/h4>\n\n\n\n<ul class=\"wp-block-list\">\n<li>D.\u00aa Melania Merino Gonz\u00e1lez (Actividades Extraescolares)<\/li>\n\n\n\n<li>D.\u00aa Socorro P\u00e9rez S\u00e1nchez (Orientaci\u00f3n)<\/li>\n<\/ul>\n\n\n\n<h4 class=\"wp-block-heading\"><mark style=\"background-color:rgba(0, 0, 0, 0);color:#1f6085\" class=\"has-inline-color\">Coordinaci\u00f3n TIC:<\/mark><\/h4>\n\n\n\n<ul class=\"wp-block-list\">\n<li>D. Juan Ignacio Contreras Rodr\u00edguez<\/li>\n<\/ul>\n\n\n\n<p><\/p>\n","protected":false},"excerpt":{"rendered":"<p>La comisi\u00f3n de coordinaci\u00f3n pedag\u00f3gica est\u00e1 compuesta por: Directora: Jefes de estudios: Jefes de departamentos de familia profesional: Jefes de departamentos did\u00e1cticos: Jefes de otros departamentos: Coordinaci\u00f3n TIC:<\/p>\n","protected":false},"author":3,"featured_media":0,"parent":0,"menu_order":0,"comment_status":"closed","ping_status":"closed","template":"","meta":{"footnotes":""},"folder":[],"class_list":["post-642","page","type-page","status-publish","hentry"],"rttpg_featured_image_url":null,"rttpg_author":{"display_name":"ies.claradelrey.madrid","author_link":"https:\/\/site.educa.madrid.org\/ies.claradelrey.madrid\/index.php\/author\/cuenta_ies-claradelrey-madrid\/"},"rttpg_comment":0,"rttpg_category":false,"rttpg_excerpt":"La comisi\u00f3n de coordinaci\u00f3n pedag\u00f3gica est\u00e1 compuesta por: Directora: Jefes de estudios: Jefes de departamentos de familia profesional: Jefes de departamentos did\u00e1cticos: Jefes de otros departamentos: Coordinaci\u00f3n TIC:","post_mailing_queue_ids":[],"_links":{"self":[{"href":"https:\/\/site.educa.madrid.org\/ies.claradelrey.madrid\/index.php\/wp-json\/wp\/v2\/pages\/642","targetHints":{"allow":["GET"]}}],"collection":[{"href":"https:\/\/site.educa.madrid.org\/ies.claradelrey.madrid\/index.php\/wp-json\/wp\/v2\/pages"}],"about":[{"href":"https:\/\/site.educa.madrid.org\/ies.claradelrey.madrid\/index.php\/wp-json\/wp\/v2\/types\/page"}],"author":[{"embeddable":true,"href":"https:\/\/site.educa.madrid.org\/ies.claradelrey.madrid\/index.php\/wp-json\/wp\/v2\/users\/3"}],"replies":[{"embeddable":true,"href":"https:\/\/site.educa.madrid.org\/ies.claradelrey.madrid\/index.php\/wp-json\/wp\/v2\/comments?post=642"}],"version-history":[{"count":3,"href":"https:\/\/site.educa.madrid.org\/ies.claradelrey.madrid\/index.php\/wp-json\/wp\/v2\/pages\/642\/revisions"}],"predecessor-version":[{"id":1932,"href":"https:\/\/site.educa.madrid.org\/ies.claradelrey.madrid\/index.php\/wp-json\/wp\/v2\/pages\/642\/revisions\/1932"}],"wp:attachment":[{"href":"https:\/\/site.educa.madrid.org\/ies.claradelrey.madrid\/index.php\/wp-json\/wp\/v2\/media?parent=642"}],"wp:term":[{"taxonomy":"folder","embeddable":true,"href":"https:\/\/site.educa.madrid.org\/ies.claradelrey.madrid\/index.php\/wp-json\/wp\/v2\/folder?post=642"}],"curies":[{"name":"wp","href":"https:\/\/api.w.org\/{rel}","templated":true}]}}