{"id":703,"date":"2025-07-31T16:08:50","date_gmt":"2025-07-31T14:08:50","guid":{"rendered":"https:\/\/site.educa.madrid.org\/ies.claradelrey.madrid\/?page_id=703"},"modified":"2025-09-30T09:51:41","modified_gmt":"2025-09-30T07:51:41","slug":"departamento-de-administracion-y-gestion","status":"publish","type":"page","link":"https:\/\/site.educa.madrid.org\/ies.claradelrey.madrid\/index.php\/departamento-de-administracion-y-gestion\/","title":{"rendered":"Departamento de Administraci\u00f3n y Gesti\u00f3n"},"content":{"rendered":"\n<p><\/p>\n\n\n\n<figure class=\"wp-block-image\"><img decoding=\"async\" src=\"http:\/\/www.comunidad.madrid\/sites\/default\/files\/img\/fp-familiaprofesional-adg.jpg\" alt=\"\"\/><\/figure>\n\n\n\n<p>Jefa de departamento: D\u00aa.\u00a0Juana Calzado S\u00e1nchez<\/p>\n\n\n\n<p>Este departamento imparte docencia en todos los ciclos formativos de la familia profesional de Administraci\u00f3n y Gesti\u00f3n.<\/p>\n","protected":false},"excerpt":{"rendered":"<p>Jefa de departamento: D\u00aa.\u00a0Juana Calzado S\u00e1nchez Este departamento imparte docencia en todos los ciclos formativos de la familia profesional de Administraci\u00f3n y Gesti\u00f3n.<\/p>\n","protected":false},"author":3,"featured_media":0,"parent":0,"menu_order":0,"comment_status":"closed","ping_status":"closed","template":"","meta":{"footnotes":""},"folder":[],"class_list":["post-703","page","type-page","status-publish","hentry"],"rttpg_featured_image_url":null,"rttpg_author":{"display_name":"ies.claradelrey.madrid","author_link":"https:\/\/site.educa.madrid.org\/ies.claradelrey.madrid\/index.php\/author\/cuenta_ies-claradelrey-madrid\/"},"rttpg_comment":0,"rttpg_category":false,"rttpg_excerpt":"Jefa de departamento: D\u00aa.\u00a0Juana Calzado S\u00e1nchez Este departamento imparte docencia en todos los ciclos formativos de la familia profesional de Administraci\u00f3n y Gesti\u00f3n.","post_mailing_queue_ids":[],"_links":{"self":[{"href":"https:\/\/site.educa.madrid.org\/ies.claradelrey.madrid\/index.php\/wp-json\/wp\/v2\/pages\/703","targetHints":{"allow":["GET"]}}],"collection":[{"href":"https:\/\/site.educa.madrid.org\/ies.claradelrey.madrid\/index.php\/wp-json\/wp\/v2\/pages"}],"about":[{"href":"https:\/\/site.educa.madrid.org\/ies.claradelrey.madrid\/index.php\/wp-json\/wp\/v2\/types\/page"}],"author":[{"embeddable":true,"href":"https:\/\/site.educa.madrid.org\/ies.claradelrey.madrid\/index.php\/wp-json\/wp\/v2\/users\/3"}],"replies":[{"embeddable":true,"href":"https:\/\/site.educa.madrid.org\/ies.claradelrey.madrid\/index.php\/wp-json\/wp\/v2\/comments?post=703"}],"version-history":[{"count":4,"href":"https:\/\/site.educa.madrid.org\/ies.claradelrey.madrid\/index.php\/wp-json\/wp\/v2\/pages\/703\/revisions"}],"predecessor-version":[{"id":1938,"href":"https:\/\/site.educa.madrid.org\/ies.claradelrey.madrid\/index.php\/wp-json\/wp\/v2\/pages\/703\/revisions\/1938"}],"wp:attachment":[{"href":"https:\/\/site.educa.madrid.org\/ies.claradelrey.madrid\/index.php\/wp-json\/wp\/v2\/media?parent=703"}],"wp:term":[{"taxonomy":"folder","embeddable":true,"href":"https:\/\/site.educa.madrid.org\/ies.claradelrey.madrid\/index.php\/wp-json\/wp\/v2\/folder?post=703"}],"curies":[{"name":"wp","href":"https:\/\/api.w.org\/{rel}","templated":true}]}}