{"id":794,"date":"2025-07-31T16:54:58","date_gmt":"2025-07-31T14:54:58","guid":{"rendered":"https:\/\/site.educa.madrid.org\/ies.claradelrey.madrid\/?page_id=794"},"modified":"2025-07-31T16:55:16","modified_gmt":"2025-07-31T14:55:16","slug":"programas-formativos-de-fct","status":"publish","type":"page","link":"https:\/\/site.educa.madrid.org\/ies.claradelrey.madrid\/index.php\/programas-formativos-de-fct\/","title":{"rendered":"Programas formativos de FCT"},"content":{"rendered":"\n<p><a href=\"http:\/\/cloud.educa.madrid.org\/index.php\/s\/rqtOIgaPFwIkx3z\"><mark style=\"background-color:rgba(0, 0, 0, 0)\" class=\"has-inline-color has-vivid-cyan-blue-color\">Programas formativos de cada m\u00f3dulo<\/mark><\/a><a href=\"http:\/\/cloud.educa.madrid.org\/index.php\/apps\/files\/?dir=\/&amp;fileid=5499428\">.<\/a>\u00a0Estos programas formativos forman parte del proyecto curricular del Centro. El profesor tutor deber\u00e1 adaptarlos a los alumnos y empresa en que se realizar\u00e1n las pr\u00e1cticas. Se desplegar\u00e1n al pinchar en el link en negrita.<\/p>\n\n\n\n<p>El programa formativo adaptado a los alumnos y empresa representa un acuerdo entre la empresa y el centro educativo que establece las actividades que realizar\u00e1n los alumnos durante el periodo de pr\u00e1cticas.<\/p>\n\n\n\n<p>El documento original firmado y sellado por el tutor del centro y por el tutor de los alumnos de la empresa colaboradora se adjuntar\u00e1 a la relaci\u00f3n de alumnos y se entrega en la secretar\u00eda del centro para su archivo junto con el anexo 2.1<\/p>\n\n\n\n<p><\/p>\n","protected":false},"excerpt":{"rendered":"<p>Programas formativos de cada m\u00f3dulo.\u00a0Estos programas formativos forman parte del proyecto curricular del Centro. El profesor tutor deber\u00e1 adaptarlos a los alumnos y empresa en que se realizar\u00e1n las pr\u00e1cticas. Se desplegar\u00e1n al pinchar en el link en negrita. El programa formativo adaptado a los alumnos y empresa representa un acuerdo entre la empresa y<\/p><\/div>\n<div class=\"blog-btn\"><a href=\"https:\/\/site.educa.madrid.org\/ies.claradelrey.madrid\/index.php\/programas-formativos-de-fct\/\" class=\"home-blog-btn\">Leer m\u00e1s<\/a><\/p>\n","protected":false},"author":3,"featured_media":0,"parent":0,"menu_order":0,"comment_status":"closed","ping_status":"closed","template":"","meta":{"footnotes":""},"folder":[],"class_list":["post-794","page","type-page","status-publish","hentry"],"rttpg_featured_image_url":null,"rttpg_author":{"display_name":"ies.claradelrey.madrid","author_link":"https:\/\/site.educa.madrid.org\/ies.claradelrey.madrid\/index.php\/author\/cuenta_ies-claradelrey-madrid\/"},"rttpg_comment":0,"rttpg_category":false,"rttpg_excerpt":"Programas formativos de cada m\u00f3dulo.\u00a0Estos programas formativos forman parte del proyecto curricular del Centro. El profesor tutor deber\u00e1 adaptarlos a los alumnos y empresa en que se realizar\u00e1n las pr\u00e1cticas. Se desplegar\u00e1n al pinchar en el link en negrita. El programa formativo adaptado a los alumnos y empresa representa un acuerdo entre la empresa yLeer&hellip;","post_mailing_queue_ids":[],"_links":{"self":[{"href":"https:\/\/site.educa.madrid.org\/ies.claradelrey.madrid\/index.php\/wp-json\/wp\/v2\/pages\/794","targetHints":{"allow":["GET"]}}],"collection":[{"href":"https:\/\/site.educa.madrid.org\/ies.claradelrey.madrid\/index.php\/wp-json\/wp\/v2\/pages"}],"about":[{"href":"https:\/\/site.educa.madrid.org\/ies.claradelrey.madrid\/index.php\/wp-json\/wp\/v2\/types\/page"}],"author":[{"embeddable":true,"href":"https:\/\/site.educa.madrid.org\/ies.claradelrey.madrid\/index.php\/wp-json\/wp\/v2\/users\/3"}],"replies":[{"embeddable":true,"href":"https:\/\/site.educa.madrid.org\/ies.claradelrey.madrid\/index.php\/wp-json\/wp\/v2\/comments?post=794"}],"version-history":[{"count":2,"href":"https:\/\/site.educa.madrid.org\/ies.claradelrey.madrid\/index.php\/wp-json\/wp\/v2\/pages\/794\/revisions"}],"predecessor-version":[{"id":796,"href":"https:\/\/site.educa.madrid.org\/ies.claradelrey.madrid\/index.php\/wp-json\/wp\/v2\/pages\/794\/revisions\/796"}],"wp:attachment":[{"href":"https:\/\/site.educa.madrid.org\/ies.claradelrey.madrid\/index.php\/wp-json\/wp\/v2\/media?parent=794"}],"wp:term":[{"taxonomy":"folder","embeddable":true,"href":"https:\/\/site.educa.madrid.org\/ies.claradelrey.madrid\/index.php\/wp-json\/wp\/v2\/folder?post=794"}],"curies":[{"name":"wp","href":"https:\/\/api.w.org\/{rel}","templated":true}]}}