{"id":982,"date":"2025-08-01T19:14:45","date_gmt":"2025-08-01T17:14:45","guid":{"rendered":"https:\/\/site.educa.madrid.org\/ies.claradelrey.madrid\/?page_id=982"},"modified":"2025-08-25T17:13:09","modified_gmt":"2025-08-25T15:13:09","slug":"compensacion-del-gasto-de-transporte","status":"publish","type":"page","link":"https:\/\/site.educa.madrid.org\/ies.claradelrey.madrid\/index.php\/compensacion-del-gasto-de-transporte\/","title":{"rendered":"Compensaci\u00f3n del gasto de transporte"},"content":{"rendered":"\n<p>Los alumnos que realicen las pr\u00e1cticas FCT fuera de Madrid Capital tienen derecho a una compensaci\u00f3n del gasto de transporte para la realizaci\u00f3n de dichas pr\u00e1cticas.<\/p>\n\n\n\n<p>La compensaci\u00f3n m\u00e1xima est\u00e1 limitada por el precio del abono transporte de la zona que corresponda al domicilio de realizaci\u00f3n de las pr\u00e1cticas. Ten en cuenta que cuando corresponde el abono de tipo joven el m\u00e1ximo son 20 \u20ac\/mes.<\/p>\n\n\n\n<p>No se tiene derecho al cobro cuando las pr\u00e1cticas se realizan en la localidad de residencia del alumno. Tampoco cuando la localidad de realizaci\u00f3n de las pr\u00e1cticas ha sido elegida por conveniencia del propio alumno.<\/p>\n\n\n\n<p>Es necesario justificar el gasto adjuntando los tickets de compra del abono o bien con facturas de combustible al nombre del alumno.<\/p>\n\n\n\n<p><a href=\"https:\/\/site.educa.madrid.org\/ies.claradelrey.madrid\/index.php\/fct-solicitud-de-compensacion-de-transporte\/\"><mark style=\"background-color:rgba(0, 0, 0, 0)\" class=\"has-inline-color has-vivid-cyan-blue-color\">FCT Solicitud de compensaci\u00f3n de transporte<\/mark><\/a><\/p>\n\n\n\n<p><\/p>\n","protected":false},"excerpt":{"rendered":"<p>Los alumnos que realicen las pr\u00e1cticas FCT fuera de Madrid Capital tienen derecho a una compensaci\u00f3n del gasto de transporte para la realizaci\u00f3n de dichas pr\u00e1cticas. La compensaci\u00f3n m\u00e1xima est\u00e1 limitada por el precio del abono transporte de la zona que corresponda al domicilio de realizaci\u00f3n de las pr\u00e1cticas. Ten en cuenta que cuando corresponde<\/p><\/div>\n<div class=\"blog-btn\"><a href=\"https:\/\/site.educa.madrid.org\/ies.claradelrey.madrid\/index.php\/compensacion-del-gasto-de-transporte\/\" class=\"home-blog-btn\">Leer m\u00e1s<\/a><\/p>\n","protected":false},"author":3,"featured_media":0,"parent":0,"menu_order":0,"comment_status":"closed","ping_status":"closed","template":"","meta":{"footnotes":""},"folder":[],"class_list":["post-982","page","type-page","status-publish","hentry"],"rttpg_featured_image_url":null,"rttpg_author":{"display_name":"ies.claradelrey.madrid","author_link":"https:\/\/site.educa.madrid.org\/ies.claradelrey.madrid\/index.php\/author\/cuenta_ies-claradelrey-madrid\/"},"rttpg_comment":0,"rttpg_category":false,"rttpg_excerpt":"Los alumnos que realicen las pr\u00e1cticas FCT fuera de Madrid Capital tienen derecho a una compensaci\u00f3n del gasto de transporte para la realizaci\u00f3n de dichas pr\u00e1cticas. La compensaci\u00f3n m\u00e1xima est\u00e1 limitada por el precio del abono transporte de la zona que corresponda al domicilio de realizaci\u00f3n de las pr\u00e1cticas. Ten en cuenta que cuando correspondeLeer&hellip;","post_mailing_queue_ids":[],"_links":{"self":[{"href":"https:\/\/site.educa.madrid.org\/ies.claradelrey.madrid\/index.php\/wp-json\/wp\/v2\/pages\/982","targetHints":{"allow":["GET"]}}],"collection":[{"href":"https:\/\/site.educa.madrid.org\/ies.claradelrey.madrid\/index.php\/wp-json\/wp\/v2\/pages"}],"about":[{"href":"https:\/\/site.educa.madrid.org\/ies.claradelrey.madrid\/index.php\/wp-json\/wp\/v2\/types\/page"}],"author":[{"embeddable":true,"href":"https:\/\/site.educa.madrid.org\/ies.claradelrey.madrid\/index.php\/wp-json\/wp\/v2\/users\/3"}],"replies":[{"embeddable":true,"href":"https:\/\/site.educa.madrid.org\/ies.claradelrey.madrid\/index.php\/wp-json\/wp\/v2\/comments?post=982"}],"version-history":[{"count":2,"href":"https:\/\/site.educa.madrid.org\/ies.claradelrey.madrid\/index.php\/wp-json\/wp\/v2\/pages\/982\/revisions"}],"predecessor-version":[{"id":1010,"href":"https:\/\/site.educa.madrid.org\/ies.claradelrey.madrid\/index.php\/wp-json\/wp\/v2\/pages\/982\/revisions\/1010"}],"wp:attachment":[{"href":"https:\/\/site.educa.madrid.org\/ies.claradelrey.madrid\/index.php\/wp-json\/wp\/v2\/media?parent=982"}],"wp:term":[{"taxonomy":"folder","embeddable":true,"href":"https:\/\/site.educa.madrid.org\/ies.claradelrey.madrid\/index.php\/wp-json\/wp\/v2\/folder?post=982"}],"curies":[{"name":"wp","href":"https:\/\/api.w.org\/{rel}","templated":true}]}}