{"id":2084,"date":"2024-01-31T18:16:58","date_gmt":"2024-01-31T17:16:58","guid":{"rendered":"https:\/\/site.educa.madrid.org\/ies.elespinillo.madrid\/?page_id=2084"},"modified":"2026-05-04T11:14:42","modified_gmt":"2026-05-04T09:14:42","slug":"programa-refuerza","status":"publish","type":"page","link":"https:\/\/site.educa.madrid.org\/ies.elespinillo.madrid\/index.php\/proyectos\/actividades-complementarias\/programa-refuerza\/","title":{"rendered":"Programa Refuerza"},"content":{"rendered":"<div class=\"wp-block-image\">\n<figure class=\"aligncenter size-large\"><img loading=\"lazy\" decoding=\"async\" width=\"1024\" height=\"160\" src=\"https:\/\/site.educa.madrid.org\/ies.elespinillo.madrid\/\/wp-content\/uploads\/ies.elespinillo.madrid\/2024\/04\/LOGO-PROGRAMA-REFUERZA2.fw_-1024x160.png\" alt=\"\" class=\"wp-image-2521\" srcset=\"https:\/\/site.educa.madrid.org\/ies.elespinillo.madrid\/\/wp-content\/uploads\/ies.elespinillo.madrid\/2024\/04\/LOGO-PROGRAMA-REFUERZA2.fw_-1024x160.png 1024w, https:\/\/site.educa.madrid.org\/ies.elespinillo.madrid\/\/wp-content\/uploads\/ies.elespinillo.madrid\/2024\/04\/LOGO-PROGRAMA-REFUERZA2.fw_-300x47.png 300w, https:\/\/site.educa.madrid.org\/ies.elespinillo.madrid\/\/wp-content\/uploads\/ies.elespinillo.madrid\/2024\/04\/LOGO-PROGRAMA-REFUERZA2.fw_-768x120.png 768w, https:\/\/site.educa.madrid.org\/ies.elespinillo.madrid\/\/wp-content\/uploads\/ies.elespinillo.madrid\/2024\/04\/LOGO-PROGRAMA-REFUERZA2.fw_-1536x240.png 1536w, https:\/\/site.educa.madrid.org\/ies.elespinillo.madrid\/\/wp-content\/uploads\/ies.elespinillo.madrid\/2024\/04\/LOGO-PROGRAMA-REFUERZA2.fw_.png 1920w\" sizes=\"auto, (max-width: 1024px) 100vw, 1024px\" \/><\/figure>\n<\/div>\n\n\n<p><strong>El Programa Educativo \u201cRefuerza\u201d <\/strong>es una actividad complementaria que se desarrolla fuera del horario lectivo por la Vicepresidencia, Consejer\u00eda de Educaci\u00f3n y Universidades en los centros docentes p\u00fablicos. Dirigido principalmente a los alumnos con dificultades de aprendizaje tiene las principales finalidades:<\/p>\n\n\n\n<ul class=\"wp-block-list\">\n<li>Propiciar el \u00e9xito escolar de todos los alumnos.<\/li>\n\n\n\n<li>Mejorar los resultados acad\u00e9micos<\/li>\n\n\n\n<li>Alcanzar un buen clima de convivencia en los centros escolares<\/li>\n\n\n\n<li>Fomentar el sentido de responsabilidad, el trabajo en equipo y el af\u00e1n de superaci\u00f3n<\/li>\n\n\n\n<li>Facilitar la conciliaci\u00f3n de la vida laboral y familiar<\/li>\n<\/ul>\n","protected":false},"excerpt":{"rendered":"<p>El Programa Educativo \u201cRefuerza\u201d es una actividad complementaria que se desarrolla fuera del horario lectivo por la Vicepresidencia, Consejer\u00eda de Educaci\u00f3n y Universidades en los centros docentes p\u00fablicos. Dirigido principalmente &#8230;<\/p>\n","protected":false},"author":2,"featured_media":0,"parent":2082,"menu_order":73,"comment_status":"closed","ping_status":"closed","template":"","meta":{"footnotes":""},"folder":[],"class_list":["post-2084","page","type-page","status-publish","hentry"],"rttpg_featured_image_url":null,"rttpg_author":{"display_name":"tic.ies.elespinillo.madrid","author_link":"https:\/\/site.educa.madrid.org\/ies.elespinillo.madrid\/index.php\/author\/cuenta_tic-ies-elespinillo-madrid\/"},"rttpg_comment":0,"rttpg_category":false,"rttpg_excerpt":"El Programa Educativo \u201cRefuerza\u201d es una actividad complementaria que se desarrolla fuera del horario lectivo por la Vicepresidencia, Consejer\u00eda de Educaci\u00f3n y Universidades en los centros docentes p\u00fablicos. Dirigido principalmente ...","post_mailing_queue_ids":[],"_links":{"self":[{"href":"https:\/\/site.educa.madrid.org\/ies.elespinillo.madrid\/index.php\/wp-json\/wp\/v2\/pages\/2084","targetHints":{"allow":["GET"]}}],"collection":[{"href":"https:\/\/site.educa.madrid.org\/ies.elespinillo.madrid\/index.php\/wp-json\/wp\/v2\/pages"}],"about":[{"href":"https:\/\/site.educa.madrid.org\/ies.elespinillo.madrid\/index.php\/wp-json\/wp\/v2\/types\/page"}],"author":[{"embeddable":true,"href":"https:\/\/site.educa.madrid.org\/ies.elespinillo.madrid\/index.php\/wp-json\/wp\/v2\/users\/2"}],"replies":[{"embeddable":true,"href":"https:\/\/site.educa.madrid.org\/ies.elespinillo.madrid\/index.php\/wp-json\/wp\/v2\/comments?post=2084"}],"version-history":[{"count":2,"href":"https:\/\/site.educa.madrid.org\/ies.elespinillo.madrid\/index.php\/wp-json\/wp\/v2\/pages\/2084\/revisions"}],"predecessor-version":[{"id":2522,"href":"https:\/\/site.educa.madrid.org\/ies.elespinillo.madrid\/index.php\/wp-json\/wp\/v2\/pages\/2084\/revisions\/2522"}],"up":[{"embeddable":true,"href":"https:\/\/site.educa.madrid.org\/ies.elespinillo.madrid\/index.php\/wp-json\/wp\/v2\/pages\/2082"}],"wp:attachment":[{"href":"https:\/\/site.educa.madrid.org\/ies.elespinillo.madrid\/index.php\/wp-json\/wp\/v2\/media?parent=2084"}],"wp:term":[{"taxonomy":"folder","embeddable":true,"href":"https:\/\/site.educa.madrid.org\/ies.elespinillo.madrid\/index.php\/wp-json\/wp\/v2\/folder?post=2084"}],"curies":[{"name":"wp","href":"https:\/\/api.w.org\/{rel}","templated":true}]}}